{"id":4253,"date":"2021-10-28T10:43:21","date_gmt":"2021-10-28T09:43:21","guid":{"rendered":"http:\/\/www.univ-oeb.dz\/vrlex\/?page_id=4253"},"modified":"2023-03-07T12:06:44","modified_gmt":"2023-03-07T11:06:44","slug":"annonces","status":"publish","type":"page","link":"https:\/\/www.univ-oeb.dz\/vrlex\/annonces\/","title":{"rendered":"Annonces"},"content":{"rendered":"\n<table id=\"tablepress-21\" class=\"tablepress tablepress-id-21\">\n<tbody class=\"row-striping row-hover\">\n<tr class=\"row-1\">\n\t<td class=\"column-1\"><a href=\"https:\/\/www.univ-oeb.dz\/vrlex\/2024\/10558\/\" rel=\"noopener\" target=\"_blank\"> The acoustics course<\/a><\/td>\n<\/tr>\n<tr class=\"row-2\">\n\t<td class=\"column-1\"><a href=\"http:\/\/www.univ-oeb.dz\/vrlex\/2024\/9638\/\" rel=\"noopener\" target=\"_blank\">Lecture Series on Developing and Improving Research Skills <\/a><\/td>\n<\/tr>\n<tr class=\"row-3\">\n\t<td class=\"column-1\"><a href=\"http:\/\/www.univ-oeb.dz\/vrlex\/2024\/9620\/\" rel=\"noopener\" target=\"_blank\">Appel \u00e0 candidature: Troisi\u00e8me \u00e9dition du Prix international UNESCO-Russie Mendele\u00efev en sciences fondamentales<\/a><\/td>\n<\/tr>\n<tr class=\"row-4\">\n\t<td class=\"column-1\"><a href=\"http:\/\/www.univ-oeb.dz\/vrlex\/2024\/9507\/\" rel=\"noopener\" target=\"_blank\"> \u201d Business Development \u201d<\/a><\/td>\n<\/tr>\n<tr class=\"row-5\">\n\t<td class=\"column-1\"><a href=\"http:\/\/www.univ-oeb.dz\/vrlex\/2024\/9467\/\" rel=\"noopener\" target=\"_blank\">5\u00e8me Congr\u00e8s Europ\u00e9en de Horticulture \u00e0 Bucarest<\/a><\/td>\n<\/tr>\n<tr class=\"row-6\">\n\t<td class=\"column-1\"><a href=\"http:\/\/www.univ-oeb.dz\/vrlex\/2024\/9410\/\" rel=\"noopener\" target=\"_blank\"> Intellectual Property<\/a><\/td>\n<\/tr>\n<tr class=\"row-7\">\n\t<td class=\"column-1\"><a href=\"http:\/\/www.univ-oeb.dz\/vrlex\/2023\/9172\/\" rel=\"noopener\" target=\"_blank\">\u201cWriting for research proposals\u201c<\/a><\/td>\n<\/tr>\n<tr class=\"row-8\">\n\t<td class=\"column-1\"><a href=\"http:\/\/www.univ-oeb.dz\/vrlex\/2023\/9140\/\" rel=\"noopener\" target=\"_blank\">Embedded Software, what\u2019s it all about<\/a><\/td>\n<\/tr>\n<tr class=\"row-9\">\n\t<td class=\"column-1\"><a href=\"http:\/\/www.univ-oeb.dz\/vrlex\/2023\/9088\/\" rel=\"noopener\" target=\"_blank\">\u201cWriting for publication: The scientific review process \u201c<\/a><\/td>\n<\/tr>\n<tr class=\"row-10\">\n\t<td class=\"column-1\"><a href=\"http:\/\/www.univ-oeb.dz\/vrlex\/2023\/8854\/\" rel=\"noopener\" target=\"_blank\">Appel \u00e0 candidatures pour les postes au sein de la Commission de l\u2019Union Africaine<\/a><\/td>\n<\/tr>\n<tr class=\"row-11\">\n\t<td class=\"column-1\"><a href=\"http:\/\/www.univ-oeb.dz\/vrlex\/2023\/8660\/\" rel=\"noopener\" target=\"_blank\">Appel \u00e0 candidatures 2023 pour le Prix international UNESCO-Guin\u00e9e \u00e9quatoriale pour la recherche en sciences de la vie<\/a><\/td>\n<\/tr>\n<tr class=\"row-12\">\n\t<td class=\"column-1\"><a href=\"http:\/\/www.univ-oeb.dz\/vrlex\/2022\/6260\/\" rel=\"noopener\" target=\"_blank\">Appel \u00e0 candidature pour les postes vacants au sein de l\u2019Union Africaine<\/a><\/td>\n<\/tr>\n<tr class=\"row-13\">\n\t<td class=\"column-1\"><a href=\"http:\/\/www.univ-oeb.dz\/vrlex\/2022\/6351\/\" rel=\"noopener\" target=\"_blank\"> 2appel \u00e0 candidature pour les postes vacants au sein de l\u2019Union Africaine<\/a><\/td>\n<\/tr>\n<tr class=\"row-14\">\n\t<td class=\"column-1\"><a href=\"http:\/\/www.univ-oeb.dz\/vrlex\/2022\/5884\/\" rel=\"noopener\" target=\"_blank\">Concours International d\u2019essai pour la jeunesse 2022<\/a><\/td>\n<\/tr>\n<tr class=\"row-15\">\n\t<td class=\"column-1\"><a href=\"http:\/\/www.univ-oeb.dz\/vrlex\/2022\/5648\/\" rel=\"noopener\" target=\"_blank\">QUATRIEMME EDITION DU CONCOURS IBTIKAR UP By BOMARE<\/a><\/td>\n<\/tr>\n<tr class=\"row-16\">\n\t<td class=\"column-1\"><a href=\"http:\/\/www.univ-oeb.dz\/vrlex\/2022\/5622\/\" rel=\"noopener\" target=\"_blank\">Appel \u00e0 propositions OTAN<\/a><\/td>\n<\/tr>\n<tr class=\"row-17\">\n\t<td class=\"column-1\"><a href=\"http:\/\/www.univ-oeb.dz\/vrlex\/2022\/5494\/\" rel=\"noopener\" target=\"_blank\">Salon de l\u2019Enseignement Sup\u00e9rieur et de la Recherche Scientifique<\/a><\/td>\n<\/tr>\n<tr class=\"row-18\">\n\t<td class=\"column-1\"><a href=\"http:\/\/www.univ-oeb.dz\/vrlex\/2022\/4740\/\" rel=\"noopener\" target=\"_blank\">Programme de bourse d\u2019\u00e9tude de la FAO<\/a><\/td>\n<\/tr>\n<tr class=\"row-19\">\n\t<td class=\"column-1\"><a href=\"http:\/\/www.univ-oeb.dz\/vrlex\/2022\/4649\/\" rel=\"noopener\" target=\"_blank\">Prix F\u00e9lix Houphou\u00ebt-Bolgny-UNESCO pour la recherche de la paix<\/a><\/td>\n<\/tr>\n<tr class=\"row-20\">\n\t<td class=\"column-1\"><a href=\"http:\/\/www.univ-oeb.dz\/vrlex\/2021\/4203\/\" rel=\"noopener\" target=\"_blank\">Appel \u00e0 candidature pour le recrutement du Coordinateur National du Bureau Erasmus+<\/a><\/td>\n<\/tr>\n<tr class=\"row-21\">\n\t<td class=\"column-1\"><a href=\"http:\/\/www.univ-oeb.dz\/vrlex\/2021\/4159\/\" rel=\"noopener\" target=\"_blank\">Avis de consultation<\/a><\/td>\n<\/tr>\n<tr class=\"row-22\">\n\t<td class=\"column-1\"><a href=\"http:\/\/www.univ-oeb.dz\/vrlex\/2021\/4055\/\" rel=\"noopener\" target=\"_blank\">concours national du meilleur projet de recherche dans les ressources en eau sous Ie theme \" la recherche scientifique au service de I'eau \"<\/a><\/td>\n<\/tr>\n<tr class=\"row-23\">\n\t<td class=\"column-1\"><a href=\"http:\/\/www.univ-oeb.dz\/vrlex\/2021\/4031\/\" rel=\"noopener\" target=\"_blank\">Appel \u00e0 candidature pour le poste de Charg\u00e9 de projet \u00e0 la fondation PRIMA<\/a><\/td>\n<\/tr>\n<\/tbody>\n<\/table>\n\n","protected":false},"excerpt":{"rendered":"","protected":false},"author":2,"featured_media":0,"parent":0,"menu_order":0,"comment_status":"closed","ping_status":"closed","template":"","meta":{"_monsterinsights_skip_tracking":false,"_monsterinsights_sitenote_active":false,"_monsterinsights_sitenote_note":"","_monsterinsights_sitenote_category":0,"footnotes":""},"class_list":["post-4253","page","type-page","status-publish","hentry"],"amp_enabled":true,"_links":{"self":[{"href":"https:\/\/www.univ-oeb.dz\/vrlex\/wp-json\/wp\/v2\/pages\/4253","targetHints":{"allow":["GET"]}}],"collection":[{"href":"https:\/\/www.univ-oeb.dz\/vrlex\/wp-json\/wp\/v2\/pages"}],"about":[{"href":"https:\/\/www.univ-oeb.dz\/vrlex\/wp-json\/wp\/v2\/types\/page"}],"author":[{"embeddable":true,"href":"https:\/\/www.univ-oeb.dz\/vrlex\/wp-json\/wp\/v2\/users\/2"}],"replies":[{"embeddable":true,"href":"https:\/\/www.univ-oeb.dz\/vrlex\/wp-json\/wp\/v2\/comments?post=4253"}],"version-history":[{"count":2,"href":"https:\/\/www.univ-oeb.dz\/vrlex\/wp-json\/wp\/v2\/pages\/4253\/revisions"}],"predecessor-version":[{"id":7170,"href":"https:\/\/www.univ-oeb.dz\/vrlex\/wp-json\/wp\/v2\/pages\/4253\/revisions\/7170"}],"wp:attachment":[{"href":"https:\/\/www.univ-oeb.dz\/vrlex\/wp-json\/wp\/v2\/media?parent=4253"}],"curies":[{"name":"wp","href":"https:\/\/api.w.org\/{rel}","templated":true}]}}