{"id":2451,"date":"2020-09-14T15:41:59","date_gmt":"2020-09-14T14:41:59","guid":{"rendered":"http:\/\/www.univ-oeb.dz\/vrlex\/?page_id=2451"},"modified":"2020-09-14T16:28:29","modified_gmt":"2020-09-14T15:28:29","slug":"bourse-degypte","status":"publish","type":"page","link":"https:\/\/www.univ-oeb.dz\/vrlex\/bourse-degypte\/","title":{"rendered":"Bourse d\u2019\u00c9gypte"},"content":{"rendered":"\t\t<div data-elementor-type=\"wp-post\" data-elementor-id=\"2451\" class=\"elementor elementor-2451\">\n\t\t\t\t\t\t<section class=\"elementor-section elementor-top-section elementor-element elementor-element-dc50df5 elementor-section-boxed elementor-section-height-default elementor-section-height-default\" data-id=\"dc50df5\" data-element_type=\"section\">\n\t\t\t\t\t\t<div class=\"elementor-container elementor-column-gap-default\">\n\t\t\t\t\t<div class=\"elementor-column elementor-col-100 elementor-top-column elementor-element elementor-element-1733e5e\" data-id=\"1733e5e\" data-element_type=\"column\">\n\t\t\t<div class=\"elementor-widget-wrap elementor-element-populated\">\n\t\t\t\t\t\t<div class=\"elementor-element elementor-element-829b6b7 elementor-widget elementor-widget-heading\" data-id=\"829b6b7\" data-element_type=\"widget\" data-widget_type=\"heading.default\">\n\t\t\t\t<div class=\"elementor-widget-container\">\n\t\t\t<h2 class=\"elementor-heading-title elementor-size-default\">Bourses de la R\u00e9publique Arabe d\u2019\u00c9gypte Offerte par <br>                          AL AZHAR AL SHARIF \n<br>Et <br>Le Minist\u00e8re \u00c9gyptien de l'Enseignement Sup\u00e9rieur  <\/h2>\t\t<\/div>\n\t\t\t\t<\/div>\n\t\t\t\t\t<\/div>\n\t\t<\/div>\n\t\t\t\t\t<\/div>\n\t\t<\/section>\n\t\t\t\t<section class=\"elementor-section elementor-top-section elementor-element elementor-element-9221955 elementor-section-boxed elementor-section-height-default elementor-section-height-default\" data-id=\"9221955\" data-element_type=\"section\">\n\t\t\t\t\t\t<div class=\"elementor-container elementor-column-gap-default\">\n\t\t\t\t\t<div class=\"elementor-column elementor-col-100 elementor-top-column elementor-element elementor-element-5cb8560\" data-id=\"5cb8560\" data-element_type=\"column\">\n\t\t\t<div class=\"elementor-widget-wrap elementor-element-populated\">\n\t\t\t\t\t\t\t<\/div>\n\t\t<\/div>\n\t\t\t\t\t<\/div>\n\t\t<\/section>\n\t\t\t\t<section class=\"elementor-section elementor-top-section elementor-element elementor-element-c3acca3 elementor-section-boxed elementor-section-height-default elementor-section-height-default\" data-id=\"c3acca3\" data-element_type=\"section\">\n\t\t\t\t\t\t<div class=\"elementor-container elementor-column-gap-default\">\n\t\t\t\t\t<div class=\"elementor-column elementor-col-100 elementor-top-column elementor-element elementor-element-4aa2d2e\" data-id=\"4aa2d2e\" data-element_type=\"column\">\n\t\t\t<div class=\"elementor-widget-wrap elementor-element-populated\">\n\t\t\t\t\t\t<div class=\"elementor-element elementor-element-ed137d0 elementor-widget elementor-widget-text-editor\" data-id=\"ed137d0\" data-element_type=\"widget\" data-widget_type=\"text-editor.default\">\n\t\t\t\t<div class=\"elementor-widget-container\">\n\t\t\t\t\t\t\t<p style=\"text-align: center;\"><strong><span style=\"color: #000000;\">La date limite de r\u00e9ception des dossiers au niveau du vice rectorat des Relations Ext\u00e9rieures est fix\u00e9e au <span style=\"color: #ff0000;\">Mercredi 23 Septembre 2020 <\/span><\/span><\/strong><\/p>\t\t\t\t\t\t<\/div>\n\t\t\t\t<\/div>\n\t\t\t\t\t<\/div>\n\t\t<\/div>\n\t\t\t\t\t<\/div>\n\t\t<\/section>\n\t\t\t\t<section class=\"elementor-section elementor-top-section elementor-element elementor-element-41bbe19 elementor-section-boxed elementor-section-height-default elementor-section-height-default\" data-id=\"41bbe19\" data-element_type=\"section\">\n\t\t\t\t\t\t<div class=\"elementor-container elementor-column-gap-default\">\n\t\t\t\t\t<div class=\"elementor-column elementor-col-100 elementor-top-column elementor-element elementor-element-1c6b21d\" data-id=\"1c6b21d\" data-element_type=\"column\">\n\t\t\t<div class=\"elementor-widget-wrap elementor-element-populated\">\n\t\t\t\t\t\t<div class=\"elementor-element elementor-element-cf28bf4 elementor-widget__width-inherit elementor-view-default elementor-position-top elementor-mobile-position-top elementor-widget elementor-widget-icon-box\" data-id=\"cf28bf4\" data-element_type=\"widget\" data-widget_type=\"icon-box.default\">\n\t\t\t\t<div class=\"elementor-widget-container\">\n\t\t\t\t\t<div class=\"elementor-icon-box-wrapper\">\n\n\t\t\t\t\t\t<div class=\"elementor-icon-box-icon\">\n\t\t\t\t<a href=\"https:\/\/www.univ-oeb.dz\/vrlex\/wp-content\/uploads\/2020\/09\/Bourses-d\u00e9tudes-AL-AZHAR-AL-SHARIF-FR-Affiche.jpg\" class=\"elementor-icon elementor-animation-pop\" tabindex=\"-1\">\n\t\t\t\t<i aria-hidden=\"true\" class=\"fas fa-download\"><\/i>\t\t\t\t<\/a>\n\t\t\t<\/div>\n\t\t\t\n\t\t\t\t\t\t<div class=\"elementor-icon-box-content\">\n\n\t\t\t\t\t\t\t\t\t<h1 class=\"elementor-icon-box-title\">\n\t\t\t\t\t\t<a href=\"https:\/\/www.univ-oeb.dz\/vrlex\/wp-content\/uploads\/2020\/09\/Bourses-d\u00e9tudes-AL-AZHAR-AL-SHARIF-FR-Affiche.jpg\" >\n\t\t\t\t\t\t\tA t\u00e9l\u00e9charger\t\t\t\t\t\t<\/a>\n\t\t\t\t\t<\/h1>\n\t\t\t\t\n\t\t\t\t\t\t\t\t\t<p class=\"elementor-icon-box-description\">\n\t\t\t\t\t\t<\/b><u><b> <a href=\"https:\/\/www.univ-oeb.dz\/vrlex\/wp-content\/uploads\/2020\/09\/\u0627\u0633\u062a\u0645\u0627\u0631\u0629-\u0645\u0639\u0644\u0648\u0645\u0627\u062a.pdf\" style=\"color:brown;\">* Formulaire  <\/a>\n<\/b><\/u>\n<br>\n\n<\/b><u><b> <a href=\"https:\/\/www.univ-oeb.dz\/vrlex\/wp-content\/uploads\/2020\/09\/\u0625\u0642\u0631\u0627\u0631.pdf\" style=\"color:brown;\">* Adoption  <\/a>\n<\/b><\/u>\n<br>\n<\/b><u><b> <a href=\"https:\/\/www.univ-oeb.dz\/vrlex\/wp-content\/uploads\/2020\/09\/\u0645\u0646\u062d-\u0627\u0644\u0627\u0632\u0647\u0631-\u0627\u0644\u0634\u0631\u064a\u0641-12-09-20201.pdf\" style=\"color:brown;\">* Bourses AL AZHAR AL SHARIF  <\/a>\n<\/b><\/u>\t\t\t\t\t<\/p>\n\t\t\t\t\n\t\t\t<\/div>\n\t\t\t\n\t\t<\/div>\n\t\t\t\t<\/div>\n\t\t\t\t<\/div>\n\t\t\t\t\t<\/div>\n\t\t<\/div>\n\t\t\t\t\t<\/div>\n\t\t<\/section>\n\t\t\t\t<\/div>\n\t\t","protected":false},"excerpt":{"rendered":"<p>Bourses de la R\u00e9publique Arabe d\u2019\u00c9gypte Offerte par AL AZHAR AL SHARIF Et Le Minist\u00e8re \u00c9gyptien de l&#8217;Enseignement Sup\u00e9rieur La date limite de r\u00e9ception des dossiers au niveau du vice rectorat des Relations Ext\u00e9rieures est fix\u00e9e au Mercredi 23 Septembre 2020 A t\u00e9l\u00e9charger * Formulaire * Adoption * Bourses AL AZHAR AL SHARIF<\/p>\n","protected":false},"author":2,"featured_media":0,"parent":0,"menu_order":0,"comment_status":"closed","ping_status":"closed","template":"","meta":{"_monsterinsights_skip_tracking":false,"_monsterinsights_sitenote_active":false,"_monsterinsights_sitenote_note":"","_monsterinsights_sitenote_category":0,"footnotes":""},"class_list":["post-2451","page","type-page","status-publish","hentry"],"amp_enabled":true,"_links":{"self":[{"href":"https:\/\/www.univ-oeb.dz\/vrlex\/wp-json\/wp\/v2\/pages\/2451","targetHints":{"allow":["GET"]}}],"collection":[{"href":"https:\/\/www.univ-oeb.dz\/vrlex\/wp-json\/wp\/v2\/pages"}],"about":[{"href":"https:\/\/www.univ-oeb.dz\/vrlex\/wp-json\/wp\/v2\/types\/page"}],"author":[{"embeddable":true,"href":"https:\/\/www.univ-oeb.dz\/vrlex\/wp-json\/wp\/v2\/users\/2"}],"replies":[{"embeddable":true,"href":"https:\/\/www.univ-oeb.dz\/vrlex\/wp-json\/wp\/v2\/comments?post=2451"}],"version-history":[{"count":6,"href":"https:\/\/www.univ-oeb.dz\/vrlex\/wp-json\/wp\/v2\/pages\/2451\/revisions"}],"predecessor-version":[{"id":2472,"href":"https:\/\/www.univ-oeb.dz\/vrlex\/wp-json\/wp\/v2\/pages\/2451\/revisions\/2472"}],"wp:attachment":[{"href":"https:\/\/www.univ-oeb.dz\/vrlex\/wp-json\/wp\/v2\/media?parent=2451"}],"curies":[{"name":"wp","href":"https:\/\/api.w.org\/{rel}","templated":true}]}}