{"id":2163,"date":"2023-06-12T11:50:45","date_gmt":"2023-06-12T08:50:45","guid":{"rendered":"http:\/\/www.univ-oeb.dz\/vrfg\/?page_id=2163"},"modified":"2023-06-13T10:33:04","modified_gmt":"2023-06-13T07:33:04","slug":"certificats-et-equivalences","status":"publish","type":"page","link":"https:\/\/www.univ-oeb.dz\/vrfg\/fr\/certificats-et-equivalences\/","title":{"rendered":"Certificats et \u00e9quivalences"},"content":{"rendered":"\n<p>1- L\u2019instruction n\u00b0458-2021 du 09 mai 2021 d\u00e9livr\u00e9e par la Direction G\u00e9n\u00e9rale de l\u2019Education et de la Formation comprend l\u2019attestation des documents p\u00e9dagogiques <a href=\"http:\/\/www.univ-oeb.dz\/vrfg\/wp-content\/uploads\/2023\/01\/\u062a\u0639\u0644\u064a\u0645\u0629-\u0631\u0642\u0645-458-2021-\u0645\u0624\u0631\u062e\u0629-\u0641\u064a-09-\u0645\u0627\u064a-2021-\u0627\u0644\u0635\u0627\u062f\u0631\u0629-\u0639\u0646-\u0627\u0644\u0645\u062f\u064a\u0631\u064a\u0629-\u0627\u0644\u0639\u0627\u0645\u0629-\u0644\u0644\u062a\u0639\u0644\u064a\u0645-\u0648\u0627\u0644\u062a\u0643\u0648\u064a\u0646-\u062a\u062a\u0636\u0645\u0646-\u062a\u0635\u062f\u064a\u0642-\u0627\u0644\u0648\u062b\u0627\u0626\u0642-\u0627\u0644\u0628\u064a\u062f\u0627\u063a\u0648\u062c\u064a\u0629.pdf\">T\u00e9l\u00e9charger \u00e0 partir d\u2019ici<\/a><\/p>\n\n\n\n<p>2- D\u00e9cret n\u00b0451 du 09 d\u00e9cembre 2012 pr\u00e9cisant les caract\u00e9ristiques li\u00e9es au certificat temporaire de r\u00e9ussite aux stages de formation pour l\u2019obtention du bachelor et du master <a href=\"http:\/\/www.univ-oeb.dz\/vrfg\/wp-content\/uploads\/2023\/01\/\u0642\u0631\u0627\u0631-\u0631\u0642\u0645-451-\u0645\u0624\u0631\u062e-\u0641\u064a-09-\u062f\u064a\u0633\u0645\u0628\u0631-2012-\u064a\u062a\u0636\u0645\u0646-\u062a\u062d\u062f\u064a\u062f-\u0627\u0644\u062e\u0635\u0627\u0626\u0635-\u0627\u0644\u0645\u062a\u0639\u0644\u0642\u0629-\u0628\u0634\u0647\u0627\u062f\u0629-\u0627\u0644\u0646\u062c\u0627\u062d-\u0627\u0644\u0645\u0624\u0642\u062a\u0629-\u0641\u064a-\u0637\u0648\u0631\u064a-\u0627\u0644\u062a\u0643\u0648\u064a\u0646-\u0644\u0646\u064a\u0644-\u0634\u0647\u0627\u062f\u0629-\u0627\u0644\u0644\u064a\u0633\u0627\u0646\u0633-\u0648\u0634\u0647\u0627\u062f\u0629-\u0627\u0644\u0645\u0627\u0633\u062a\u0631.pdf\">T\u00e9l\u00e9charger \u00e0 partir d\u2019ici<\/a><\/p>\n\n\n\n<p>3- D\u00e9cret n\u00b0 452 du 09 d\u00e9cembre 2012 d\u00e9finissant les caract\u00e9ristiques li\u00e9es \u00e0 la divulgation des points dans les deux \u00e9tapes des \u00e9tudes pour obtenir un baccalaur\u00e9at et un master <a href=\"http:\/\/www.univ-oeb.dz\/vrfg\/wp-content\/uploads\/2023\/01\/\u0642\u0631\u0627\u0631-\u0631\u0642\u0645-452-\u0645\u0624\u0631\u062e-\u0641\u064a-09-\u062f\u064a\u0633\u0645\u0628\u0631-2012-\u064a\u062a\u0636\u0645\u0646-\u062a\u062d\u062f\u064a\u062f-\u0627\u0644\u062e\u0635\u0627\u0626\u0635-\u0627\u0644\u0645\u062a\u0639\u0644\u0642\u0629-\u0628\u0643\u0634\u0641-\u0627\u0644\u0646\u0642\u0627\u0637-\u0641\u064a-\u0637\u0648\u0631\u064a-\u0627\u0644\u062f\u0631\u0627\u0633\u0627\u062a-\u0644\u0646\u064a\u0644-\u0634\u0647\u0627\u062f\u0629-\u0627\u0644\u0644\u064a\u0633\u0627\u0646\u0633-\u0648\u0634\u0647\u0627\u062f\u0629-\u0627\u0644\u0645\u0627\u0633\u062a\u0631.pdf\">T\u00e9l\u00e9charger \u00e0 partir d\u2019ici<\/a><\/p>\n\n\n\n<p>4- D\u00e9cret n\u00b0 453 du 09 d\u00e9cembre 2012 pr\u00e9cisant les caract\u00e9ristiques li\u00e9es au document descriptif ci-joint pour le baccalaur\u00e9at et le master <a href=\"http:\/\/www.univ-oeb.dz\/vrfg\/wp-content\/uploads\/2023\/01\/\u0642\u0631\u0627\u0631-\u0631\u0642\u0645-453-\u0645\u0624\u0631\u062e-\u0641\u064a-09-\u062f\u064a\u0633\u0645\u0628\u0631-2012-\u064a\u062a\u0636\u0645\u0646-\u062a\u062d\u062f\u064a\u062f-\u0627\u0644\u062e\u0635\u0627\u0626\u0635-\u0627\u0644\u0645\u062a\u0639\u0644\u0642\u0629-\u0628\u0627\u0644\u0648\u062b\u064a\u0642\u0629-\u0627\u0644\u0648\u0635\u0641\u064a\u0629-\u0627\u0644\u0645\u0631\u0641\u0642\u0629-\u0644\u0634\u0647\u0627\u062f\u0629-\u0627\u0644\u0644\u064a\u0633\u0627\u0646\u0633-\u0648\u0634\u0647\u0627\u062f\u0629-\u0627\u0644\u0645\u0627\u0633\u062a\u0631.pdf\">T\u00e9l\u00e9charger \u00e0 partir d\u2019ici<\/a><\/p>\n\n\n\n<p>5- D\u00e9cret n\u00b0 686 du 01 ao\u00fbt 2018 autorisant les directeurs d\u2019\u00e9tablissements d\u2019enseignement sup\u00e9rieur \u00e0 signer des certificats d\u2019enseignement sup\u00e9rieur <a href=\"http:\/\/www.univ-oeb.dz\/vrfg\/wp-content\/uploads\/2023\/01\/\u0642\u0631\u0627\u0631-\u0631\u0642\u0645-686-\u0645\u0624\u0631\u062e-\u0641\u064a-01-\u0623\u0648\u062a-2018-\u064a\u062a\u0636\u0645\u0646-\u062a\u0641\u0648\u064a\u0636-\u0645\u062f\u064a\u0631\u064a-\u0627\u0644\u0645\u0624\u0633\u0633\u0627\u062a-\u0627\u0644\u062a\u0639\u0644\u064a\u0645-\u0627\u0644\u0639\u0627\u0644\u064a-\u0625\u0645\u0636\u0627\u0621-\u0634\u0647\u0627\u062f\u0627\u062a-\u0627\u0644\u062a\u0639\u0644\u064a\u0645-\u0627\u0644\u0639\u0627\u0644\u064a.pdf\">T\u00e9l\u00e9charger \u00e0 partir d\u2019ici<\/a><\/p>\n\n\n\n<p>6- D\u00e9cret ex\u00e9cutif n\u00b018-95 du Rajab 1439 correspondant au 19 mars 2018, fixant les conditions et modalit\u00e9s de reconnaissance des dipl\u00f4mes \u00e9trangers de l\u2019enseignement sup\u00e9rieur <a href=\"http:\/\/www.univ-oeb.dz\/vrfg\/wp-content\/uploads\/2023\/01\/\u0645\u0631\u0633\u0648\u0645-\u062a\u0646\u0641\u064a\u0630\u064a-\u0631\u0642\u0645-18-95-\u0645\u0624\u0631\u062e-\u0641\u064a-\u0623\u0648\u0644-\u0631\u062c\u0628-\u0639\u0627\u0645-1439-\u0627\u0644\u0645\u0648\u0627\u0641\u0642-19-\u0645\u0627\u0631\u0633-\u0633\u0646\u0629-2018\u060c-\u064a\u062d\u062f\u062f-\u0634\u0631\u0648\u0637-\u0648\u0643\u064a\u0641\u064a\u0627\u062a-\u0627\u0644\u0627\u0639\u062a\u0631\u0627\u0641-\u0628\u0634\u0647\u0627\u062f\u0627\u062a-\u0627\u0644\u062a\u0639\u0644\u064a\u0645-\u0627\u0644\u0639\u0627\u0644\u064a-\u0627\u0644\u0623\u062c\u0646\u0628\u064a\u0629.pdf\">T\u00e9l\u00e9charger ici<\/a><\/p>\n","protected":false},"excerpt":{"rendered":"<p>1- L\u2019instruction n\u00b0458-2021 du 09 mai 2021 d\u00e9livr\u00e9e par la Direction G\u00e9n\u00e9rale de l\u2019Education et de la Formation comprend l\u2019attestation des documents p\u00e9dagogiques T\u00e9l\u00e9charger \u00e0 partir d\u2019ici 2- D\u00e9cret n\u00b0451 du 09 d\u00e9cembre 2012 pr\u00e9cisant les caract\u00e9ristiques li\u00e9es au certificat temporaire de r\u00e9ussite aux stages de formation pour l\u2019obtention du bachelor et du master T\u00e9l\u00e9charger &hellip;<\/p>\n","protected":false},"author":1,"featured_media":0,"parent":0,"menu_order":0,"comment_status":"closed","ping_status":"closed","template":"","meta":{"footnotes":""},"class_list":["post-2163","page","type-page","status-publish","hentry"],"_links":{"self":[{"href":"https:\/\/www.univ-oeb.dz\/vrfg\/wp-json\/wp\/v2\/pages\/2163","targetHints":{"allow":["GET"]}}],"collection":[{"href":"https:\/\/www.univ-oeb.dz\/vrfg\/wp-json\/wp\/v2\/pages"}],"about":[{"href":"https:\/\/www.univ-oeb.dz\/vrfg\/wp-json\/wp\/v2\/types\/page"}],"author":[{"embeddable":true,"href":"https:\/\/www.univ-oeb.dz\/vrfg\/wp-json\/wp\/v2\/users\/1"}],"replies":[{"embeddable":true,"href":"https:\/\/www.univ-oeb.dz\/vrfg\/wp-json\/wp\/v2\/comments?post=2163"}],"version-history":[{"count":2,"href":"https:\/\/www.univ-oeb.dz\/vrfg\/wp-json\/wp\/v2\/pages\/2163\/revisions"}],"predecessor-version":[{"id":2215,"href":"https:\/\/www.univ-oeb.dz\/vrfg\/wp-json\/wp\/v2\/pages\/2163\/revisions\/2215"}],"wp:attachment":[{"href":"https:\/\/www.univ-oeb.dz\/vrfg\/wp-json\/wp\/v2\/media?parent=2163"}],"curies":[{"name":"wp","href":"https:\/\/api.w.org\/{rel}","templated":true}]}}

Certificats et équivalences

<p>1- L’instruction n°458-2021 du 09 mai 2021 délivrée par la Direction Générale de l’Education et de la Formation comprend l’attestation des documents pédagogiques <a href="http://www.univ-oeb.dz/vrfg/wp-content/uploads/2023/01/تعليمة-رقم-458-2021-مؤرخة-في-09-ماي-2021-الصادرة-عن-المديرية-العامة-للتعليم-والتكوين-تتضمن-تصديق-الوثائق-البيداغوجية.pdf">Télécharger à partir d’ici</a></p>



<p>2- Décret n°451 du 09 décembre 2012 précisant les caractéristiques liées au certificat temporaire de réussite aux stages de formation pour l’obtention du bachelor et du master <a href="http://www.univ-oeb.dz/vrfg/wp-content/uploads/2023/01/قرار-رقم-451-مؤرخ-في-09-ديسمبر-2012-يتضمن-تحديد-الخصائص-المتعلقة-بشهادة-النجاح-المؤقتة-في-طوري-التكوين-لنيل-شهادة-الليسانس-وشهادة-الماستر.pdf">Télécharger à partir d’ici</a></p>



<p>3- Décret n° 452 du 09 décembre 2012 définissant les caractéristiques liées à la divulgation des points dans les deux étapes des études pour obtenir un baccalauréat et un master <a href="http://www.univ-oeb.dz/vrfg/wp-content/uploads/2023/01/قرار-رقم-452-مؤرخ-في-09-ديسمبر-2012-يتضمن-تحديد-الخصائص-المتعلقة-بكشف-النقاط-في-طوري-الدراسات-لنيل-شهادة-الليسانس-وشهادة-الماستر.pdf">Télécharger à partir d’ici</a></p>



<p>4- Décret n° 453 du 09 décembre 2012 précisant les caractéristiques liées au document descriptif ci-joint pour le baccalauréat et le master <a href="http://www.univ-oeb.dz/vrfg/wp-content/uploads/2023/01/قرار-رقم-453-مؤرخ-في-09-ديسمبر-2012-يتضمن-تحديد-الخصائص-المتعلقة-بالوثيقة-الوصفية-المرفقة-لشهادة-الليسانس-وشهادة-الماستر.pdf">Télécharger à partir d’ici</a></p>



<p>5- Décret n° 686 du 01 août 2018 autorisant les directeurs d’établissements d’enseignement supérieur à signer des certificats d’enseignement supérieur <a href="http://www.univ-oeb.dz/vrfg/wp-content/uploads/2023/01/قرار-رقم-686-مؤرخ-في-01-أوت-2018-يتضمن-تفويض-مديري-المؤسسات-التعليم-العالي-إمضاء-شهادات-التعليم-العالي.pdf">Télécharger à partir d’ici</a></p>



<p>6- Décret exécutif n°18-95 du Rajab 1439 correspondant au 19 mars 2018, fixant les conditions et modalités de reconnaissance des diplômes étrangers de l’enseignement supérieur <a href="http://www.univ-oeb.dz/vrfg/wp-content/uploads/2023/01/مرسوم-تنفيذي-رقم-18-95-مؤرخ-في-أول-رجب-عام-1439-الموافق-19-مارس-سنة-2018،-يحدد-شروط-وكيفيات-الاعتراف-بشهادات-التعليم-العالي-الأجنبية.pdf">Télécharger ici</a></p>

<p>1- L’instruction n°458-2021 du 09 mai 2021 délivrée par la Direction Générale de l’Education et de la Formation comprend l’attestation des documents pédagogiques Télécharger à partir d’ici 2- Décret n°451 du 09 décembre 2012 précisant les caractéristiques liées au certificat temporaire de réussite aux stages de formation pour l’obtention du bachelor et du master Télécharger &hellip;</p>
