{"id":1386,"date":"2018-11-22T08:22:41","date_gmt":"2018-11-22T07:22:41","guid":{"rendered":"http:\/\/www.univ-oeb.dz\/vrdp\/?page_id=1386"},"modified":"2019-09-18T11:19:36","modified_gmt":"2019-09-18T10:19:36","slug":"%d8%a7%d8%b4%d8%b9%d8%a7%d8%b1%d8%a7%d8%aa-%d8%a7%d9%84%d8%a7%d8%b3%d8%aa%d8%af%d9%84%d8%a7%d9%84","status":"publish","type":"page","link":"https:\/\/www.univ-oeb.dz\/vrdp\/%d8%a7%d8%b4%d8%b9%d8%a7%d8%b1%d8%a7%d8%aa-%d8%a7%d9%84%d8%a7%d8%b3%d8%aa%d8%af%d9%84%d8%a7%d9%84\/","title":{"rendered":"\u0627\u0634\u0639\u0627\u0631\u0627\u062a \u0639\u062f\u0645 \u0627\u0644\u062c\u062f\u0648\u0649"},"content":{"rendered":"\t\t<div data-elementor-type=\"wp-post\" data-elementor-id=\"1386\" class=\"elementor elementor-1386 elementor-bc-flex-widget\">\n\t\t\t\t\t\t<section class=\"elementor-section elementor-top-section elementor-element elementor-element-3fca94dc elementor-section-boxed elementor-section-height-default elementor-section-height-default\" data-id=\"3fca94dc\" data-element_type=\"section\">\n\t\t\t\t\t\t<div class=\"elementor-container elementor-column-gap-default\">\n\t\t\t\t\t<div class=\"elementor-column elementor-col-100 elementor-top-column elementor-element elementor-element-603de814\" data-id=\"603de814\" data-element_type=\"column\">\n\t\t\t<div class=\"elementor-widget-wrap elementor-element-populated\">\n\t\t\t\t\t\t<div class=\"elementor-element elementor-element-eab2586 elementor-widget elementor-widget-heading\" data-id=\"eab2586\" data-element_type=\"widget\" data-widget_type=\"heading.default\">\n\t\t\t\t<div class=\"elementor-widget-container\">\n\t\t\t<h1 class=\"elementor-heading-title elementor-size-large\">Avis d\u2019infructuosit\u00e9\n<\/h1>\t\t<\/div>\n\t\t\t\t<\/div>\n\t\t\t\t<div class=\"elementor-element elementor-element-668191b6 elementor-widget elementor-widget-text-editor\" data-id=\"668191b6\" data-element_type=\"widget\" data-widget_type=\"text-editor.default\">\n\t\t\t\t<div class=\"elementor-widget-container\">\n\t\t\t\t\t\t\t<ul>\r\n \t<li style=\"list-style-type: none;\">\r\n<ul>\r\n \t<li>Avis d\u2019infructuosit\u00e9 relatif R\u00e9alisation de Cinq (05) Laboratoires de Recherches\u00a0\u00bb Lot\u00a0: r\u00e9alisation et installation du chauffage central, du raccordement \u00e0 la chaudi\u00e8re et alimentation en gaz naturel des cinq (05) laboratoires \/ Budget du Fond National de la Recherche (FNR).<\/li>\r\n<\/ul>\r\n<\/li>\r\n<\/ul>\r\n<h4><a href=\"http:\/\/www.univ-oeb.dz\/vrdp\/wp-content\/uploads\/2018\/12\/avis-dinfructuosit\u00e9-fr-01-2018-chauffage-labos-de-recherche-3.doc\">Avis-d&#8217;infructuosit\u00e9 Fr<\/a><\/h4>\r\n<h4><a href=\"http:\/\/www.univ-oeb.dz\/vrdp\/wp-content\/uploads\/2018\/12\/Avis-dinfructueusit\u00e9-01-2018-chauffage-labos-de-recherche-Arabe-1.docx\">Avis-d&#8217;infructuosit\u00e9 Ar<\/a><\/h4>\r\n\r\n<hr \/>\r\n\r\n<ul>\r\n \t<li style=\"list-style-type: none;\">\r\n<ul>\r\n \t<li>Avis d\u2019infructuosit\u00e9 relatif a l\u2019op\u00e9ration r\u00e9alisation de cinq laboratoires de recherches,<\/li>\r\n<\/ul>\r\n<\/li>\r\n<\/ul>\r\n<h4><a  data-e-Disable-Page-Transition=\"true\" class=\"download-link\" title=\"\" href=\"http:\/\/www.univ-oeb.dz\/vrdp\/download\/460\/?tmstv=1776512528\" rel=\"nofollow\" id=\"download-link-460\" data-redirect=\"false\" >\n\tPlus de d\u00e9tails1\u2026<\/a>\n<\/h4>\r\n<h4><a  data-e-Disable-Page-Transition=\"true\" class=\"download-link\" title=\"\" href=\"http:\/\/www.univ-oeb.dz\/vrdp\/download\/463\/?tmstv=1776512528\" rel=\"nofollow\" id=\"download-link-463\" data-redirect=\"false\" >\n\tPlus de d\u00e9tails2&#8230;<\/a>\n<\/h4>\r\n\r\n<hr \/>\r\n\r\n<ul>\r\n \t<li style=\"list-style-type: none;\"><\/li>\r\n<\/ul>\t\t\t\t\t\t<\/div>\n\t\t\t\t<\/div>\n\t\t\t\t\t<\/div>\n\t\t<\/div>\n\t\t\t\t\t<\/div>\n\t\t<\/section>\n\t\t\t\t<\/div>\n\t\t","protected":false},"excerpt":{"rendered":"","protected":false},"author":1,"featured_media":0,"parent":0,"menu_order":0,"comment_status":"closed","ping_status":"closed","template":"","meta":{"pgc_meta":"","footnotes":""},"class_list":["post-1386","page","type-page","status-publish","hentry"],"pgc_meta":"","yoast_head":"<!-- This site is optimized with the Yoast SEO plugin v24.0 - https:\/\/yoast.com\/wordpress\/plugins\/seo\/ -->\n<title>\u0627\u0634\u0639\u0627\u0631\u0627\u062a \u0639\u062f\u0645 \u0627\u0644\u062c\u062f\u0648\u0649 - vice rectorat du d\u00e9veloppemnt ,la prospective et de l&#039;orientation<\/title>\n<meta name=\"robots\" content=\"index, follow, max-snippet:-1, max-image-preview:large, max-video-preview:-1\" \/>\n<link rel=\"canonical\" href=\"https:\/\/www.univ-oeb.dz\/vrdp\/\u0627\u0634\u0639\u0627\u0631\u0627\u062a-\u0627\u0644\u0627\u0633\u062a\u062f\u0644\u0627\u0644\/\" \/>\n<meta property=\"og:locale\" content=\"ar_AR\" \/>\n<meta property=\"og:type\" content=\"article\" \/>\n<meta property=\"og:title\" content=\"\u0627\u0634\u0639\u0627\u0631\u0627\u062a \u0639\u062f\u0645 \u0627\u0644\u062c\u062f\u0648\u0649 - vice rectorat du d\u00e9veloppemnt ,la prospective et de l&#039;orientation\" \/>\n<meta property=\"og:url\" content=\"https:\/\/www.univ-oeb.dz\/vrdp\/\u0627\u0634\u0639\u0627\u0631\u0627\u062a-\u0627\u0644\u0627\u0633\u062a\u062f\u0644\u0627\u0644\/\" \/>\n<meta property=\"og:site_name\" content=\"vice rectorat du d\u00e9veloppemnt ,la prospective et de l&#039;orientation\" \/>\n<meta property=\"article:modified_time\" content=\"2019-09-18T10:19:36+00:00\" \/>\n<meta name=\"twitter:card\" content=\"summary_large_image\" \/>\n<script type=\"application\/ld+json\" class=\"yoast-schema-graph\">{\"@context\":\"https:\/\/schema.org\",\"@graph\":[{\"@type\":\"WebPage\",\"@id\":\"https:\/\/www.univ-oeb.dz\/vrdp\/%d8%a7%d8%b4%d8%b9%d8%a7%d8%b1%d8%a7%d8%aa-%d8%a7%d9%84%d8%a7%d8%b3%d8%aa%d8%af%d9%84%d8%a7%d9%84\/\",\"url\":\"https:\/\/www.univ-oeb.dz\/vrdp\/%d8%a7%d8%b4%d8%b9%d8%a7%d8%b1%d8%a7%d8%aa-%d8%a7%d9%84%d8%a7%d8%b3%d8%aa%d8%af%d9%84%d8%a7%d9%84\/\",\"name\":\"\u0627\u0634\u0639\u0627\u0631\u0627\u062a \u0639\u062f\u0645 \u0627\u0644\u062c\u062f\u0648\u0649 - vice rectorat du d\u00e9veloppemnt ,la prospective et de l&#039;orientation\",\"isPartOf\":{\"@id\":\"https:\/\/www.univ-oeb.dz\/vrdp\/#website\"},\"datePublished\":\"2018-11-22T07:22:41+00:00\",\"dateModified\":\"2019-09-18T10:19:36+00:00\",\"breadcrumb\":{\"@id\":\"https:\/\/www.univ-oeb.dz\/vrdp\/%d8%a7%d8%b4%d8%b9%d8%a7%d8%b1%d8%a7%d8%aa-%d8%a7%d9%84%d8%a7%d8%b3%d8%aa%d8%af%d9%84%d8%a7%d9%84\/#breadcrumb\"},\"inLanguage\":\"ar\",\"potentialAction\":[{\"@type\":\"ReadAction\",\"target\":[\"https:\/\/www.univ-oeb.dz\/vrdp\/%d8%a7%d8%b4%d8%b9%d8%a7%d8%b1%d8%a7%d8%aa-%d8%a7%d9%84%d8%a7%d8%b3%d8%aa%d8%af%d9%84%d8%a7%d9%84\/\"]}]},{\"@type\":\"BreadcrumbList\",\"@id\":\"https:\/\/www.univ-oeb.dz\/vrdp\/%d8%a7%d8%b4%d8%b9%d8%a7%d8%b1%d8%a7%d8%aa-%d8%a7%d9%84%d8%a7%d8%b3%d8%aa%d8%af%d9%84%d8%a7%d9%84\/#breadcrumb\",\"itemListElement\":[{\"@type\":\"ListItem\",\"position\":1,\"name\":\"Home\",\"item\":\"https:\/\/www.univ-oeb.dz\/vrdp\/\"},{\"@type\":\"ListItem\",\"position\":2,\"name\":\"\u0627\u0634\u0639\u0627\u0631\u0627\u062a \u0639\u062f\u0645 \u0627\u0644\u062c\u062f\u0648\u0649\"}]},{\"@type\":\"WebSite\",\"@id\":\"https:\/\/www.univ-oeb.dz\/vrdp\/#website\",\"url\":\"https:\/\/www.univ-oeb.dz\/vrdp\/\",\"name\":\"vice rectorat du d\u00e9veloppemnt ,la prospective et de l&#039;orientation\",\"description\":\"universit\u00e9 l&#039;arbi ben m&#039;hidi oum el bouaghi\",\"potentialAction\":[{\"@type\":\"SearchAction\",\"target\":{\"@type\":\"EntryPoint\",\"urlTemplate\":\"https:\/\/www.univ-oeb.dz\/vrdp\/?s={search_term_string}\"},\"query-input\":{\"@type\":\"PropertyValueSpecification\",\"valueRequired\":true,\"valueName\":\"search_term_string\"}}],\"inLanguage\":\"ar\"}]}<\/script>\n<!-- \/ Yoast SEO plugin. -->","yoast_head_json":{"title":"\u0627\u0634\u0639\u0627\u0631\u0627\u062a \u0639\u062f\u0645 \u0627\u0644\u062c\u062f\u0648\u0649 - vice rectorat du d\u00e9veloppemnt ,la prospective et de l&#039;orientation","robots":{"index":"index","follow":"follow","max-snippet":"max-snippet:-1","max-image-preview":"max-image-preview:large","max-video-preview":"max-video-preview:-1"},"canonical":"https:\/\/www.univ-oeb.dz\/vrdp\/\u0627\u0634\u0639\u0627\u0631\u0627\u062a-\u0627\u0644\u0627\u0633\u062a\u062f\u0644\u0627\u0644\/","og_locale":"ar_AR","og_type":"article","og_title":"\u0627\u0634\u0639\u0627\u0631\u0627\u062a \u0639\u062f\u0645 \u0627\u0644\u062c\u062f\u0648\u0649 - vice rectorat du d\u00e9veloppemnt ,la prospective et de l&#039;orientation","og_url":"https:\/\/www.univ-oeb.dz\/vrdp\/\u0627\u0634\u0639\u0627\u0631\u0627\u062a-\u0627\u0644\u0627\u0633\u062a\u062f\u0644\u0627\u0644\/","og_site_name":"vice rectorat du d\u00e9veloppemnt ,la prospective et de l&#039;orientation","article_modified_time":"2019-09-18T10:19:36+00:00","twitter_card":"summary_large_image","schema":{"@context":"https:\/\/schema.org","@graph":[{"@type":"WebPage","@id":"https:\/\/www.univ-oeb.dz\/vrdp\/%d8%a7%d8%b4%d8%b9%d8%a7%d8%b1%d8%a7%d8%aa-%d8%a7%d9%84%d8%a7%d8%b3%d8%aa%d8%af%d9%84%d8%a7%d9%84\/","url":"https:\/\/www.univ-oeb.dz\/vrdp\/%d8%a7%d8%b4%d8%b9%d8%a7%d8%b1%d8%a7%d8%aa-%d8%a7%d9%84%d8%a7%d8%b3%d8%aa%d8%af%d9%84%d8%a7%d9%84\/","name":"\u0627\u0634\u0639\u0627\u0631\u0627\u062a \u0639\u062f\u0645 \u0627\u0644\u062c\u062f\u0648\u0649 - vice rectorat du d\u00e9veloppemnt ,la prospective et de l&#039;orientation","isPartOf":{"@id":"https:\/\/www.univ-oeb.dz\/vrdp\/#website"},"datePublished":"2018-11-22T07:22:41+00:00","dateModified":"2019-09-18T10:19:36+00:00","breadcrumb":{"@id":"https:\/\/www.univ-oeb.dz\/vrdp\/%d8%a7%d8%b4%d8%b9%d8%a7%d8%b1%d8%a7%d8%aa-%d8%a7%d9%84%d8%a7%d8%b3%d8%aa%d8%af%d9%84%d8%a7%d9%84\/#breadcrumb"},"inLanguage":"ar","potentialAction":[{"@type":"ReadAction","target":["https:\/\/www.univ-oeb.dz\/vrdp\/%d8%a7%d8%b4%d8%b9%d8%a7%d8%b1%d8%a7%d8%aa-%d8%a7%d9%84%d8%a7%d8%b3%d8%aa%d8%af%d9%84%d8%a7%d9%84\/"]}]},{"@type":"BreadcrumbList","@id":"https:\/\/www.univ-oeb.dz\/vrdp\/%d8%a7%d8%b4%d8%b9%d8%a7%d8%b1%d8%a7%d8%aa-%d8%a7%d9%84%d8%a7%d8%b3%d8%aa%d8%af%d9%84%d8%a7%d9%84\/#breadcrumb","itemListElement":[{"@type":"ListItem","position":1,"name":"Home","item":"https:\/\/www.univ-oeb.dz\/vrdp\/"},{"@type":"ListItem","position":2,"name":"\u0627\u0634\u0639\u0627\u0631\u0627\u062a \u0639\u062f\u0645 \u0627\u0644\u062c\u062f\u0648\u0649"}]},{"@type":"WebSite","@id":"https:\/\/www.univ-oeb.dz\/vrdp\/#website","url":"https:\/\/www.univ-oeb.dz\/vrdp\/","name":"vice rectorat du d\u00e9veloppemnt ,la prospective et de l&#039;orientation","description":"universit\u00e9 l&#039;arbi ben m&#039;hidi oum el bouaghi","potentialAction":[{"@type":"SearchAction","target":{"@type":"EntryPoint","urlTemplate":"https:\/\/www.univ-oeb.dz\/vrdp\/?s={search_term_string}"},"query-input":{"@type":"PropertyValueSpecification","valueRequired":true,"valueName":"search_term_string"}}],"inLanguage":"ar"}]}},"_links":{"self":[{"href":"https:\/\/www.univ-oeb.dz\/vrdp\/wp-json\/wp\/v2\/pages\/1386","targetHints":{"allow":["GET"]}}],"collection":[{"href":"https:\/\/www.univ-oeb.dz\/vrdp\/wp-json\/wp\/v2\/pages"}],"about":[{"href":"https:\/\/www.univ-oeb.dz\/vrdp\/wp-json\/wp\/v2\/types\/page"}],"author":[{"embeddable":true,"href":"https:\/\/www.univ-oeb.dz\/vrdp\/wp-json\/wp\/v2\/users\/1"}],"replies":[{"embeddable":true,"href":"https:\/\/www.univ-oeb.dz\/vrdp\/wp-json\/wp\/v2\/comments?post=1386"}],"version-history":[{"count":4,"href":"https:\/\/www.univ-oeb.dz\/vrdp\/wp-json\/wp\/v2\/pages\/1386\/revisions"}],"predecessor-version":[{"id":1472,"href":"https:\/\/www.univ-oeb.dz\/vrdp\/wp-json\/wp\/v2\/pages\/1386\/revisions\/1472"}],"wp:attachment":[{"href":"https:\/\/www.univ-oeb.dz\/vrdp\/wp-json\/wp\/v2\/media?parent=1386"}],"curies":[{"name":"wp","href":"https:\/\/api.w.org\/{rel}","templated":true}]}}