{"id":7449,"date":"2023-05-20T21:47:12","date_gmt":"2023-05-20T20:47:12","guid":{"rendered":"http:\/\/www.univ-oeb.dz\/staps\/?page_id=7449"},"modified":"2023-05-20T22:46:53","modified_gmt":"2023-05-20T21:46:53","slug":"national-2","status":"publish","type":"page","link":"https:\/\/www.univ-oeb.dz\/staps\/?page_id=7449&lang=fr","title":{"rendered":"National"},"content":{"rendered":"\n<figure class=\"wp-block-table is-style-stripes\"><table><thead><tr><th class=\"has-text-align-center\" data-align=\"center\">Manifestations<\/th><th class=\"has-text-align-center\" data-align=\"center\">TITRE<\/th><th class=\"has-text-align-center\" data-align=\"center\">DATE<\/th><th class=\"has-text-align-center\" data-align=\"center\">PLUS<\/th><\/tr><tr><td class=\"has-text-align-center\" data-align=\"center\">La premi\u00e8re conf\u00e9rence virtuelle nationale<\/td><td class=\"has-text-align-center\" data-align=\"center\"><a rel=\"noreferrer noopener\" href=\"http:\/\/www.univ-oeb.dz\/vrlex\/2021\/4295\/\" target=\"_blank\">Contribution \u00e0 l\u2019adaptation des curricula et des programmes d\u2019activit\u00e9s physiques et sportives \u00e0 la lumi\u00e8re des exigences de l\u2019\u00e9poque et selon les origines de la pratique sportive et les principes et fondements de l\u2019entrainement sportif moderne<\/a><\/td><td class=\"has-text-align-center\" data-align=\"center\">11\/12 December 2021<\/td><td class=\"has-text-align-center\" data-align=\"center\">Cliquez ici<\/td><\/tr><tr><td class=\"has-text-align-center\" data-align=\"center\">La deuxi\u00e8me conf\u00e9rence virtuelle nationale<\/td><td class=\"has-text-align-center\" data-align=\"center\"><a rel=\"noreferrer noopener\" href=\"http:\/\/www.univ-oeb.dz\/vrlex\/2022\/5132\/\" target=\"_blank\">Sciences des sports Entre r\u00e9alit\u00e9 et challenges<\/a><\/td><td class=\"has-text-align-center\" data-align=\"center\">28\/29 May 2022<\/td><td class=\"has-text-align-center\" data-align=\"center\">Cliquez ici<\/td><\/tr><tr><td class=\"has-text-align-center\" data-align=\"center\">\ufeff<\/td><td class=\"has-text-align-center\" data-align=\"center\"><\/td><td class=\"has-text-align-center\" data-align=\"center\">\ufeff<\/td><td class=\"has-text-align-center\" data-align=\"center\">\ufeff<\/td><\/tr><\/thead><\/table><\/figure>\n","protected":false},"excerpt":{"rendered":"<p>ManifestationsTITREDATEPLUSLa premi\u00e8re conf\u00e9rence virtuelle nationaleContribution \u00e0 l\u2019adaptation des curricula et des programmes d\u2019activit\u00e9s physiques et sportives \u00e0 la lumi\u00e8re des exigences de l\u2019\u00e9poque et selon les origines de la pratique sportive et les principes et fondements de l\u2019entrainement sportif moderne11\/12 December 2021Cliquez iciLa deuxi\u00e8me conf\u00e9rence virtuelle nationaleSciences des sports Entre r\u00e9alit\u00e9 et challenges28\/29 May 2022Cliquez ici\ufeff\ufeff\ufeff<\/p>\n","protected":false},"author":1,"featured_media":0,"parent":0,"menu_order":0,"comment_status":"closed","ping_status":"closed","template":"","meta":{"footnotes":""},"_links":{"self":[{"href":"https:\/\/www.univ-oeb.dz\/staps\/index.php?rest_route=\/wp\/v2\/pages\/7449"}],"collection":[{"href":"https:\/\/www.univ-oeb.dz\/staps\/index.php?rest_route=\/wp\/v2\/pages"}],"about":[{"href":"https:\/\/www.univ-oeb.dz\/staps\/index.php?rest_route=\/wp\/v2\/types\/page"}],"author":[{"embeddable":true,"href":"https:\/\/www.univ-oeb.dz\/staps\/index.php?rest_route=\/wp\/v2\/users\/1"}],"replies":[{"embeddable":true,"href":"https:\/\/www.univ-oeb.dz\/staps\/index.php?rest_route=%2Fwp%2Fv2%2Fcomments&post=7449"}],"version-history":[{"count":2,"href":"https:\/\/www.univ-oeb.dz\/staps\/index.php?rest_route=\/wp\/v2\/pages\/7449\/revisions"}],"predecessor-version":[{"id":7487,"href":"https:\/\/www.univ-oeb.dz\/staps\/index.php?rest_route=\/wp\/v2\/pages\/7449\/revisions\/7487"}],"wp:attachment":[{"href":"https:\/\/www.univ-oeb.dz\/staps\/index.php?rest_route=%2Fwp%2Fv2%2Fmedia&parent=7449"}],"curies":[{"name":"wp","href":"https:\/\/api.w.org\/{rel}","templated":true}]}}