{"id":6756,"date":"2023-03-25T01:15:02","date_gmt":"2023-03-25T00:15:02","guid":{"rendered":"http:\/\/www.univ-oeb.dz\/staps\/?page_id=6756"},"modified":"2023-05-08T00:52:29","modified_gmt":"2023-05-07T23:52:29","slug":"2eme-annee-master-preparation-physique-et-sportive-2","status":"publish","type":"page","link":"https:\/\/www.univ-oeb.dz\/staps\/?page_id=6756&lang=fr","title":{"rendered":"2eme ann\u00e9e Master Pr\u00e9paration Physique et Sportive"},"content":{"rendered":"\n<p style=\"font-style:normal;font-weight:700\">Universit\u00e9 Oum El Bouaghi<br>Institut: Sciences et Techniques des Activit\u00e9s Physiques et Sportives<br>Deuxi\u00e8me ann\u00e9e Master: <\/p>\n\n\n\n<p class=\"has-text-align-center has-vivid-cyan-blue-color has-text-color\" style=\"font-style:normal;font-weight:700\"><a href=\"http:\/\/www.univ-oeb.dz\/staps\/wp-content\/uploads\/2023\/03\/2eme-annee-Master-Preparation-Physique-et-Sportive.pdf\" data-type=\"URL\" data-id=\"http:\/\/www.univ-oeb.dz\/staps\/wp-content\/uploads\/2023\/03\/2eme-annee-Master-Preparation-Physique-et-Sportive.pdf\" target=\"_blank\" rel=\"noreferrer noopener\">Pr\u00e9paration Physique et Sportive<\/a><\/p>\n\n\n[table id=48 \/]\n\n\n\n<div style=\"height:100px\" aria-hidden=\"true\" class=\"wp-block-spacer\"><\/div>\n","protected":false},"excerpt":{"rendered":"<p>Universit\u00e9 Oum El BouaghiInstitut: Sciences et Techniques des Activit\u00e9s Physiques et SportivesDeuxi\u00e8me ann\u00e9e Master: Pr\u00e9paration Physique et Sportive [table id=48 \/]<\/p>\n","protected":false},"author":1,"featured_media":0,"parent":0,"menu_order":0,"comment_status":"closed","ping_status":"closed","template":"","meta":{"footnotes":""},"_links":{"self":[{"href":"https:\/\/www.univ-oeb.dz\/staps\/index.php?rest_route=\/wp\/v2\/pages\/6756"}],"collection":[{"href":"https:\/\/www.univ-oeb.dz\/staps\/index.php?rest_route=\/wp\/v2\/pages"}],"about":[{"href":"https:\/\/www.univ-oeb.dz\/staps\/index.php?rest_route=\/wp\/v2\/types\/page"}],"author":[{"embeddable":true,"href":"https:\/\/www.univ-oeb.dz\/staps\/index.php?rest_route=\/wp\/v2\/users\/1"}],"replies":[{"embeddable":true,"href":"https:\/\/www.univ-oeb.dz\/staps\/index.php?rest_route=%2Fwp%2Fv2%2Fcomments&post=6756"}],"version-history":[{"count":3,"href":"https:\/\/www.univ-oeb.dz\/staps\/index.php?rest_route=\/wp\/v2\/pages\/6756\/revisions"}],"predecessor-version":[{"id":7057,"href":"https:\/\/www.univ-oeb.dz\/staps\/index.php?rest_route=\/wp\/v2\/pages\/6756\/revisions\/7057"}],"wp:attachment":[{"href":"https:\/\/www.univ-oeb.dz\/staps\/index.php?rest_route=%2Fwp%2Fv2%2Fmedia&parent=6756"}],"curies":[{"name":"wp","href":"https:\/\/api.w.org\/{rel}","templated":true}]}}