{"id":2058,"date":"2019-01-07T11:49:58","date_gmt":"2019-01-07T10:49:58","guid":{"rendered":"http:\/\/www.univ-oeb.dz\/staps\/?page_id=2058"},"modified":"2019-01-07T11:47:21","modified_gmt":"2019-01-07T10:47:21","slug":"les-cours","status":"publish","type":"page","link":"https:\/\/www.univ-oeb.dz\/staps\/?page_id=2058&lang=fr","title":{"rendered":"les cours"},"content":{"rendered":"<h3><\/h3>\n<table style=\"width: 100%;\">\n<tbody>\n<tr>\n<td class=\"auto-style1\" style=\"text-align: center;\">\n<h3>Nom et P.nom de l&#8217;enseignant<\/h3>\n<\/td>\n<td class=\"auto-style1\" style=\"text-align: center;\">\n<h2>\u00a0Cours<\/h2>\n<\/td>\n<\/tr>\n<tr>\n<td style=\"text-align: center;\">Bechir Houssam<\/td>\n<td style=\"text-align: center;\">\u00a0<a href=\"http:\/\/www.univ-oeb.dz\/staps\/wp-content\/uploads\/2018\/06\/\u062f\u0631\u0648\u0633-\u0627\u0644\u062a\u0634\u0631\u064a\u0639-\u0627\u0644\u0631\u064a\u0627\u0636\u064a.docx\">\u062f\u0631\u0648\u0633 \u0627\u0644\u062a\u0634\u0631\u064a\u0639 \u0627\u0644\u0631\u064a\u0627\u0636\u064a<\/a><\/td>\n<\/tr>\n<tr>\n<td style=\"text-align: center;\">Merabet Messaoud<\/td>\n<td style=\"text-align: center;\">\u00a0<a href=\"http:\/\/www.univ-oeb.dz\/staps\/wp-content\/uploads\/2018\/10\/\u0645\u0637\u0628\u0648\u0639\u0629-\u0627\u0633\u0627\u0644\u064a\u0628-\u0627\u0644\u062a\u062f\u0631\u064a\u0633-\u0645\u0631\u0627\u0628\u0637.pdf\">\u0645\u0637\u0628\u0648\u0639\u0629 \u0627\u0633\u0627\u0644\u064a\u0628 \u0627\u0644\u062a\u062f\u0631\u064a\u0633 \u0645\u0631\u0627\u0628\u0637<\/a><\/td>\n<\/tr>\n<tr>\n<td style=\"text-align: center;\">Malek Redha<\/td>\n<td style=\"text-align: center;\">\u00a0<a href=\"http:\/\/www.univ-oeb.dz\/staps\/wp-content\/uploads\/2018\/06\/\u0645\u062d\u0627\u0636\u0631\u0627\u062a-\u0645\u0642\u064a\u0627\u0633-\u0627\u0644\u0633\u0628\u0627\u062d\u0629-\u0627\u0644\u0627\u0633\u062a\u0627\u0630-\u0645\u0627\u0644\u0643-\u0631\u0636\u0627.pdf\">\u0627\u0644\u0633\u0628\u0627\u062d\u0629 <\/a>&#8211; <a href=\"http:\/\/www.univ-oeb.dz\/staps\/wp-content\/uploads\/2018\/06\/\u0645\u062d\u0627\u0636\u0631\u0627\u062a-\u0645\u0642\u064a\u0627\u0633-\u0643\u0631\u0629-\u0627\u0644\u064a\u062f-\u0627\u0644\u0627\u0633\u062a\u0627\u0630-\u0645\u0627\u0644\u0643-\u0631\u0636\u0627.pdf\">\u0643\u0631\u0629 \u0627\u0644\u064a\u062f<\/a><\/td>\n<\/tr>\n<tr>\n<td style=\"text-align: center;\">Ghennam Noureddine<\/td>\n<td style=\"text-align: center;\"><a href=\"http:\/\/www.univ-oeb.dz\/staps\/wp-content\/uploads\/2018\/06\/Activit\u00e9-musculaire-et-d\u00e9pense-1.docx\">cour1<\/a>&#8211;<a href=\"http:\/\/www.univ-oeb.dz\/staps\/wp-content\/uploads\/2018\/06\/physiologie-doctorat.docx\"> cour2<\/a> &#8211; <a href=\"http:\/\/www.univ-oeb.dz\/staps\/wp-content\/uploads\/2018\/06\/pr\u00e9paration-physique-athl\u00e9tique-et-int\u00e9gr\u00e9e.doc\">cour3<\/a> &#8211;<a href=\"http:\/\/www.univ-oeb.dz\/staps\/wp-content\/uploads\/2018\/06\/TME-2-Semestre-2-2eme-version.docx\">cour4<\/a> &#8211; <a href=\"http:\/\/www.univ-oeb.dz\/staps\/wp-content\/uploads\/2018\/06\/Planification-2017.docx\">cour5<\/a><\/td>\n<\/tr>\n<tr>\n<td><\/td>\n<td><\/td>\n<\/tr>\n<tr>\n<td style=\"text-align: center;\">Abache Ayoub<\/td>\n<td style=\"text-align: center;\">\u00a0<a href=\"http:\/\/www.univ-oeb.dz\/staps\/wp-content\/uploads\/2018\/10\/\u0645\u0637\u0628\u0648\u0639\u0629-\u0645\u0642\u064a\u0627\u0633-\u0627\u0644\u0643\u064a\u0645\u064a\u0627\u0621-\u0627\u0644\u062d\u064a\u0648\u064a\u0629-\u0627\u0644\u0623\u0633\u062a\u0627\u0630-\u0639\u0628\u0627\u0634-\u0623\u064a\u0648\u0628.pdf\">\u0627\u0644\u0643\u064a\u0645\u064a\u0627\u0621 \u0627\u0644\u062d\u064a\u0648\u064a\u0629<\/a>\u00a0\u2013\u00a0<a href=\"http:\/\/www.univ-oeb.dz\/staps\/wp-content\/uploads\/2018\/10\/\u0645\u0637\u0628\u0648\u0639\u0629-\u0645\u0642\u064a\u0627\u0633-\u0645\u0646\u0647\u062c\u064a\u0629-\u0627\u0644\u0628\u062d\u062b-\u0627\u0644\u0639\u0644\u0645\u064a-\u0627\u0644\u0623\u0633\u062a\u0627\u0630-\u0639\u0628\u0627\u0634-\u0623\u064a\u0648\u0628.pdf\">\u0645\u0646\u0647\u062c\u064a\u0629 \u0627\u0644\u0628\u062d\u062b \u0627\u0644\u0639\u0644\u0645\u064a<\/a>\u00a0\u2013\u00a0<a href=\"http:\/\/www.univ-oeb.dz\/staps\/wp-content\/uploads\/2018\/10\/\u0645\u0637\u0628\u0648\u0639\u0629-\u0645\u0642\u064a\u0627\u0633-\u0645\u0634\u0631\u0648\u0639-\u0645\u0630\u0643\u0631\u0629-\u0627\u0644\u0623\u0633\u062a\u0627\u0630-\u0639\u0628\u0627\u0634-\u0623\u064a\u0648\u0628.pdf\">\u0645\u0634\u0631\u0648\u0639 \u0645\u0630\u0643\u0631\u0629<\/a><\/td>\n<\/tr>\n<tr>\n<td style=\"text-align: center;\">Hebir Said<\/td>\n<td style=\"text-align: center;\">\u00a0\u0645\u062d\u0627\u0636\u0631\u0627\u062a \u0639\u0644\u0645 \u0627\u0644\u0646\u0641\u0633 \u0627\u0644\u0631\u064a\u0627\u0636\u064a(\u00a0<a href=\"http:\/\/www.univ-oeb.dz\/staps\/wp-content\/uploads\/2018\/06\/\u0627\u0644\u0645\u062d\u0627\u0636\u0631\u0629-\u0627\u0627\u0644\u0627\u0648\u0644\u0649.pdf\">1<\/a>\u00a0\u2013\u00a0<a href=\"http:\/\/www.univ-oeb.dz\/staps\/wp-content\/uploads\/2018\/06\/\u0627\u0644\u0645\u062d\u0627\u0636\u0631\u0629-\u0627\u0644\u062b\u0627\u0646\u064a\u0629..pdf\">2<\/a>\u00a0\u2013\u00a0<a href=\"http:\/\/www.univ-oeb.dz\/staps\/wp-content\/uploads\/2018\/06\/\u0627\u0644\u0645\u062d\u0627\u0636\u0631\u0629-\u0627\u0644\u062b\u0627\u0644\u062b\u0629.pdf\">3<\/a>\u00a0\u2013<a href=\"http:\/\/www.univ-oeb.dz\/staps\/wp-content\/uploads\/2018\/06\/\u0627\u0644\u0645\u062d\u0627\u0636\u0631\u0629-\u0627\u0644\u0631\u0627\u0628\u0639\u0629.pdf\">4<\/a>\u00a0\u2013<a href=\"http:\/\/www.univ-oeb.dz\/staps\/wp-content\/uploads\/2018\/06\/\u0627\u0644\u0645\u062d\u0627\u0636\u0631\u0629-\u0627\u0644\u062e\u0627\u0645\u0633\u0629.pdf\">\u00a05<\/a>\u00a0\u2013\u00a0<a href=\"http:\/\/www.univ-oeb.dz\/staps\/wp-content\/uploads\/2018\/06\/\u0627\u0644\u0645\u062d\u0627\u0636\u0631\u0629-\u0627\u0644\u0633\u0627\u062f\u0633\u0629.pdf\">6<\/a>\u00a0\u2013\u00a0<a href=\"http:\/\/www.univ-oeb.dz\/staps\/wp-content\/uploads\/2018\/06\/\u0627\u0644\u0645\u062d\u0627\u0636\u0631\u0629-\u0627\u0644\u0633\u0627\u0628\u0639\u0629.pdf\">7<\/a>\u00a0\u2013\u00a0<a href=\"http:\/\/www.univ-oeb.dz\/staps\/wp-content\/uploads\/2018\/06\/\u0627\u0644\u0645\u062d\u0627\u0636\u0631\u0629-\u0627\u0644\u062b\u0627\u0645\u0646\u0629.pdf\">8<\/a>\u00a0\u2013\u00a0<a href=\"http:\/\/www.univ-oeb.dz\/staps\/wp-content\/uploads\/2018\/06\/\u0627\u0644\u0645\u062d\u0627\u0636\u0631\u0629-\u0627\u0644\u062a\u0627\u0633\u0639\u0629.pdf\">9<\/a>\u00a0) \u0645\u062d\u0627\u0636\u0631\u0627\u062a \u0645\u0646\u0647\u062c\u064a\u0629 \u0627\u0644\u0628\u062d\u062b \u0627\u0644\u0639\u0644\u0645\u064a(\u00a0<a href=\"http:\/\/www.univ-oeb.dz\/staps\/wp-content\/uploads\/2018\/06\/\u0645\u0641\u0647\u0648\u0645\u0627\u0644\u0628\u062d\u062b-\u0627\u0644\u0639\u0644\u0645\u064a.pdf\">1<\/a>\u00a0\u2013\u00a0<a href=\"http:\/\/www.univ-oeb.dz\/staps\/wp-content\/uploads\/2018\/06\/\u0627\u062f\u0648\u0627\u062a-\u0627\u0644\u0628\u062d\u062b-\u0627\u0644\u0639\u0644\u0645\u064a.pdf\">2\u00a0<\/a>\u2013\u00a0<a href=\"http:\/\/www.univ-oeb.dz\/staps\/wp-content\/uploads\/2018\/06\/\u0627\u0644\u0627\u0633\u062a\u0628\u064a\u0627\u0646.pdf\">3<\/a>\u00a0\u2013\u00a0<a href=\"http:\/\/www.univ-oeb.dz\/staps\/wp-content\/uploads\/2018\/06\/\u0627\u0644\u0639\u0644\u0645-\u0648\u0627\u0644\u0645\u0639\u0631\u0641\u0629.pdf\">4\u00a0<\/a>\u2013<a href=\"http:\/\/www.univ-oeb.dz\/staps\/wp-content\/uploads\/2018\/06\/\u0627\u0644\u0641\u0631\u0636\u064a\u0627\u062a.pdf\">5<\/a>\u00a0\u2013<a href=\"http:\/\/www.univ-oeb.dz\/staps\/wp-content\/uploads\/2018\/06\/\u0627\u0644\u0645\u0646\u0647\u062c-\u0627\u0644\u062a\u062c\u0631\u064a\u0628\u064a.pdf\">6<\/a>\u00a0\u2013\u00a0<a href=\"http:\/\/www.univ-oeb.dz\/staps\/wp-content\/uploads\/2018\/06\/\u0627\u0644\u0645\u0646\u0647\u062c-\u0627\u0644\u0648\u0635\u0641\u064a.pdf\">7<\/a>)<\/td>\n<\/tr>\n<tr>\n<td style=\"text-align: center;\">Manssouri Abdalla<\/td>\n<td style=\"text-align: center;\">\u00a0<a href=\"http:\/\/www.univ-oeb.dz\/staps\/wp-content\/uploads\/2018\/10\/\u0645\u062d\u0627\u0636\u0631\u0627\u062a-\u0627\u0644\u062b\u0642\u0627\u0641\u0629-\u0627\u0644\u0628\u062f\u0646\u064a\u0629-\u0627\u0644\u0623\u0633\u062a\u0627\u0630-\u0645\u0646\u0635\u0648\u0631\u064a.pdf\">\u0627\u0644\u062b\u0642\u0627\u0641\u0629 \u0627\u0644\u0628\u062f\u0646\u064a\u0629<\/a><\/td>\n<\/tr>\n<tr>\n<td style=\"text-align: center;\">Amezian Oussama<\/td>\n<td style=\"text-align: center;\">\u00a0<a href=\"http:\/\/www.univ-oeb.dz\/staps\/wp-content\/uploads\/2018\/06\/\u0627\u0644\u0627\u0635\u0627\u0628\u0627\u062a-\u0627\u0644\u0631\u064a\u0627\u0636\u064a\u0629-\u0648\u0625\u0639\u0627\u062f\u0629-\u0627\u0644\u062a\u0623\u0647\u064a\u0644.pdf\">\u0627\u0644\u0627\u0635\u0627\u0628\u0627\u062a \u0627\u0644\u0631\u064a\u0627\u0636\u064a\u0629 \u0648\u0625\u0639\u0627\u062f\u0629 \u0627\u0644\u062a\u0623\u0647\u064a\u0644<\/a>\u00a0\u00a0\u00a0<a href=\"http:\/\/www.univ-oeb.dz\/staps\/wp-content\/uploads\/2018\/06\/\u0627\u0644\u0637\u0628-\u0627\u0644\u0631\u064a\u0627\u0636\u064a-\u0648\u0627\u0644\u0627\u0633\u0639\u0627\u0641\u0627\u062a-\u0627\u0644\u0627\u0648\u0644\u064a\u0629.pdf\">\u0627\u0644\u0637\u0628 \u0627\u0644\u0631\u064a\u0627\u0636\u064a \u0648\u0627\u0644\u0627\u0633\u0639\u0627\u0641\u0627\u062a \u0627\u0644\u0627\u0648\u0644\u064a\u0629<\/a><\/td>\n<\/tr>\n<tr>\n<td style=\"text-align: center;\">Ben youcef Walid<\/td>\n<td style=\"text-align: center;\">\u00a0<a href=\"http:\/\/www.univ-oeb.dz\/staps\/wp-content\/uploads\/2018\/10\/\u0645\u062d\u0627\u0636\u0631\u0627\u062a-\u0623\u0644\u0639\u0627\u0628-\u0627\u0644\u0642\u0648\u0649.pdf\">\u0645\u062d\u0627\u0636\u0631\u0627\u062a \u0623\u0644\u0639\u0627\u0628 \u0627\u0644\u0642\u0648\u0649<\/a><\/td>\n<\/tr>\n<tr>\n<td style=\"text-align: center;\">Latrach zoubir<\/td>\n<td style=\"text-align: center;\"><a href=\"http:\/\/www.univ-oeb.dz\/staps\/wp-content\/uploads\/2018\/06\/\u062f\u0631\u0648\u0633-\u0645\u0642\u064a\u0627\u0633-\u0627\u0644\u0643\u0631\u0629-\u0627\u0644\u0637\u0627\u0626\u0631\u0629-\u0644\u0644\u0623\u0633\u062a\u0627\u0630-\u0627\u0644\u0623\u0637\u0631\u0634-\u0632\u0648\u0628\u064a\u0631.pdf\">\u062f\u0631\u0648\u0633 \u0645\u0642\u064a\u0627\u0633 \u0627\u0644\u0643\u0631\u0629 \u0627\u0644\u0637\u0627\u0626\u0631\u0629 \u0644\u0644\u0623\u0633\u062a\u0627\u0630 \u0627\u0644\u0623\u0637\u0631\u0634 \u0632\u0648\u0628\u064a\u0631<\/a><\/td>\n<\/tr>\n<tr>\n<td style=\"text-align: center;\">Cheriet Adel<\/td>\n<td style=\"text-align: center;\">\u00a0\u0645\u062d\u0627\u0636\u0631\u0627\u062a(\u00a0<a href=\"http:\/\/www.univ-oeb.dz\/staps\/wp-content\/uploads\/2018\/06\/\u0627\u0644\u0645\u062d\u0627\u0636\u0631\u0629-1-\u0627\u0644\u0627\u062e\u062a\u0628\u0627\u0631-\u0645\u0642\u064a\u0627\u0633-\u0628\u0637\u0627\u0631\u064a\u0629-\u0627\u0644\u0627\u062e\u062a\u0628\u0627\u0631\u0627\u062a-\u0627\u0644\u0631\u064a\u0627\u0636\u064a\u0629-\u0627\u0644\u0633\u062f\u0627\u0633\u064a-5-Copie.docx\">1<\/a>\u00a0\u2013\u00a0<a href=\"http:\/\/www.univ-oeb.dz\/staps\/wp-content\/uploads\/2018\/06\/\u0627\u0644\u0645\u062d\u0627\u0636\u0631\u0629-2-\u062a\u0635\u0645\u064a\u0645-\u0627\u0644\u0627\u062e\u062a\u0628\u0627\u0631-\u0645\u0642\u064a\u0627\u0633-\u0628\u0637\u0627\u0631\u064a\u0629-\u0627\u0644\u0627\u062e\u062a\u0628\u0627\u0631\u0627\u062a-\u0627\u0644\u0631\u064a\u0627\u0636\u064a\u0629-\u0627\u0644\u0633\u062f\u0627\u0633\u064a-5.docx\">2<\/a>\u00a0\u2013\u00a0<a href=\"http:\/\/www.univ-oeb.dz\/staps\/wp-content\/uploads\/2018\/06\/\u0627\u0644\u0645\u062d\u0627\u0636\u0631\u0629-3-\u062a\u0635\u0645\u064a\u0645-\u0648\u0628\u0646\u0627\u0621-\u0627\u0644\u0627\u062e\u062a\u0628\u0627\u0631-\u0645\u0642\u064a\u0627\u0633-\u0628\u0637\u0627\u0631\u064a\u0629-\u0627\u0644\u0627\u062e\u062a\u0628\u0627\u0631\u0627\u062a-\u0627\u0644\u0631\u064a\u0627\u0636\u064a\u0629-\u0627\u0644\u0633\u062f\u0627\u0633\u064a-5.docx\">3<\/a>\u00a0\u2013\u00a0<a href=\"http:\/\/www.univ-oeb.dz\/staps\/wp-content\/uploads\/2018\/06\/\u0627\u0644\u0645\u062d\u0627\u0636\u0631\u0629-4-\u0627\u0644\u0634\u0631\u0648\u0637-\u0627\u0644\u0639\u0644\u0645\u064a\u0629-\u0644\u0644\u0627\u062e\u062a\u0628\u0627\u0631\u0627\u062a-\u0629\u0627\u0644\u0642\u064a\u0627\u0633-\u0645\u0642\u064a\u0627\u0633-\u0628\u0637\u0627\u0631\u064a\u0629-\u0627\u0644\u0627\u062e\u062a\u0628\u0627\u0631\u0627\u062a-\u0648\u0627\u0644\u0642\u064a\u0627\u0633-\u0627\u0644\u0633\u062f\u0627\u0633\u064a-5.docx\">4<\/a>\u00a0\u2013\u00a0<a href=\"http:\/\/www.univ-oeb.dz\/staps\/wp-content\/uploads\/2018\/06\/\u0627\u0644\u0645\u062d\u0627\u0636\u0631\u0629-5-\u0645\u0643\u0648\u0646\u0627\u062a-\u0627\u0644\u0623\u062f\u0627\u0621-\u0627\u0644\u0628\u062f\u0646\u064a.docx\">5<\/a>\u00a0\u2013\u00a0<a href=\"http:\/\/www.univ-oeb.dz\/staps\/wp-content\/uploads\/2018\/06\/\u0627\u0644\u0645\u062d\u0627\u0636\u0631\u0629-6-\u0625\u062e\u062a\u0628\u0627\u0631\u0627\u062a-\u0627\u0644\u0642\u0648\u0629-\u0627\u0644\u0639\u0636\u0644\u064a\u0629.docx\">6<\/a>\u00a0\u2013\u00a0<a href=\"http:\/\/www.univ-oeb.dz\/staps\/wp-content\/uploads\/2018\/06\/\u0627\u0644\u0645\u062d\u0627\u0636\u0631\u0629-7-\u0625\u062e\u062a\u0628\u0627\u0631\u0627\u062a-\u0627\u0644\u062c\u0644\u062f-\u0627\u0644\u0639\u0636\u0644\u064a-\u0648\u0627\u0644\u062c\u0644\u062f-\u0627\u0644\u062f\u0648\u0631\u064a-\u0627\u0644\u062a\u0646\u0641\u0633\u064a.docx\">7<\/a>\u00a0\u2013<a href=\"http:\/\/www.univ-oeb.dz\/staps\/wp-content\/uploads\/2018\/06\/\u0627\u0644\u0645\u062d\u0627\u0636\u0631\u0629-8-\u0625\u062e\u062a\u0628\u0627\u0631\u0627\u062a-\u0627\u0644\u0645\u0631\u0648\u0646\u0629.docx\">\u00a08\u00a0<\/a>\u2013\u00a0<a href=\"http:\/\/www.univ-oeb.dz\/staps\/wp-content\/uploads\/2018\/06\/\u0627\u0644\u0645\u062d\u0627\u0636\u0631\u0629-9-\u0625\u062e\u062a\u0628\u0627\u0631\u0627\u062a-\u0627\u0644\u0631\u0634\u0627\u0642\u0629.docx\">9<\/a>\u00a0\u2013\u00a0<a href=\"http:\/\/www.univ-oeb.dz\/staps\/wp-content\/uploads\/2018\/06\/\u0627\u0644\u0645\u062d\u0627\u0636\u0631\u0629-10-\u0625\u062e\u062a\u0628\u0627\u0631\u0627\u062a-\u0627\u0644\u0633\u0631\u0639\u0629-\u0648\u0627\u0644\u0642\u062f\u0631\u0629-\u0627\u0644\u0639\u0636\u0644\u064a\u0629.docx\">10<\/a>\u00a0\u2013\u00a0<a href=\"http:\/\/www.univ-oeb.dz\/staps\/wp-content\/uploads\/2018\/06\/\u0627\u0644\u0645\u062d\u0627\u0636\u0631\u0629-11-\u0625\u062e\u062a\u0628\u0627\u0631\u0627\u062a-\u0627\u0644\u062a\u0648\u0627\u0641\u0642-\u0648\u0627\u0644\u062a\u0648\u0627\u0632\u0646.docx\">1 1<\/a>\u00a0\u2013\u00a0<a href=\"http:\/\/www.univ-oeb.dz\/staps\/wp-content\/uploads\/2018\/06\/\u0627\u0644\u0645\u062d\u0627\u0636\u0631\u0629-12-\u0625\u062e\u062a\u0628\u0627\u0631\u0627\u062a-\u0627\u0644\u062f\u0642\u0629.docx\">12<\/a>\u00a0\u2013\u00a0<a href=\"http:\/\/www.univ-oeb.dz\/staps\/wp-content\/uploads\/2018\/06\/\u0627\u0644\u0645\u062d\u0627\u0636\u0631\u0629-13-\u0625\u062e\u062a\u0628\u0627\u0631\u0627\u062a-\u0631\u062f-\u0627\u0644\u0641\u0639\u0644.docx\">13<\/a>\u00a0)<\/td>\n<\/tr>\n<tr>\n<td style=\"text-align: center;\">Guelati Yazid<\/td>\n<td><\/td>\n<\/tr>\n<tr>\n<td style=\"text-align: center;\">Derouich<\/td>\n<td style=\"text-align: center;\">\u00a0\u0645\u0642\u064a\u0627\u0633 \u0641\u064a\u0632\u064a\u0648\u0644\u0648\u062c\u064a\u0627 \u0627\u0644\u062c\u0647\u062f( <a href=\"http:\/\/www.univ-oeb.dz\/staps\/wp-content\/uploads\/2018\/06\/\u0627\u0644\u0627\u062e\u062a\u0628\u0627\u0631\u0627\u062a-\u0627\u0644\u0628\u062f\u0646\u064a\u0629.docx\">1<\/a> &#8211; <a href=\"http:\/\/www.univ-oeb.dz\/staps\/wp-content\/uploads\/2018\/06\/\u062a\u0643\u064a\u0641\u0627\u062a-\u0627\u0644\u062a\u062f\u0631\u064a\u0628-\u0627\u0644\u0631\u064a\u0627\u0636\u064a-\u0641\u064a-\u0627\u0644\u0645\u0631\u062a\u0641\u0639\u0627\u062a.docx\">2<\/a> &#8211; <a href=\"http:\/\/www.univ-oeb.dz\/staps\/wp-content\/uploads\/2018\/06\/\u062a\u0643\u064a\u0641\u0627\u062a-\u0627\u0644\u062c\u0647\u0627\u0632-\u0627\u0644\u0639\u0636\u0644\u064a-\u0644\u0644\u062c\u0647\u062f-\u0627\u0644\u0628\u062f\u0646\u064a.docx\">3 <\/a>&#8211; <a href=\"http:\/\/www.univ-oeb.dz\/staps\/wp-content\/uploads\/2018\/06\/\u062a\u0643\u064a\u0641\u0627\u062a-\u0627\u0644\u062c\u0647\u0627\u0632-\u0627\u0644\u0642\u0644\u0628\u064a-\u0627\u0644\u0648\u0639\u0627\u0626\u064a.docx\">4<\/a> &#8211; <a href=\"http:\/\/www.univ-oeb.dz\/staps\/wp-content\/uploads\/2018\/06\/\u0642\u0627\u0626\u0645\u0629-\u0645\u0631\u0627\u062c\u0639-\u0645\u0642\u064a\u0627\u0633-\u0627\u0644\u0641\u0632\u064a\u0648\u0644\u0648\u062c\u064a\u0627.docx\">5<\/a>); \u0645\u0642\u064a\u0627\u0633 \u0643\u0631\u0629 \u0627\u0644\u064a\u062f (<a href=\"http:\/\/www.univ-oeb.dz\/staps\/wp-content\/uploads\/2018\/06\/\u0627\u0644\u062a\u062d\u0635\u064a\u0631-\u0627\u0644\u0628\u062f\u0646\u064a-\u0644\u062f\u0649-\u0623\u0635\u0627\u063a\u0631-\u0643\u0631\u0629-\u0627\u0644\u064a\u062f.docx\">1<\/a> &#8211; <a href=\"http:\/\/www.univ-oeb.dz\/staps\/wp-content\/uploads\/2018\/06\/\u0627\u0644\u062a\u062d\u0636\u064a\u0631-\u0627\u0644\u062a\u0642\u0646\u064a-\u0648-\u0627\u0644\u062a\u0627\u0643\u062a\u064a\u0643\u064a-\u0644\u062f\u0649-\u0644\u0627\u0639\u0628\u064a-\u0643\u0631\u0629-\u0627\u0644\u064a\u062f.docx\">2<\/a> &#8211; <a href=\"http:\/\/www.univ-oeb.dz\/staps\/wp-content\/uploads\/2018\/06\/\u0627\u0644\u0645\u0628\u0627\u062f\u0626-\u0627\u0644\u062a\u0646\u0638\u064a\u0645\u064a\u0629-\u0641\u064a-\u0643\u0631\u0629-\u0627\u0644\u064a\u062f-2.docx\">3<\/a> &#8211; <a href=\"http:\/\/www.univ-oeb.dz\/staps\/wp-content\/uploads\/2018\/06\/\u0627\u0644\u0647\u062c\u0648\u0645-\u0627\u0644\u0645\u0639\u0627\u0643\u0633.docx\">4<\/a> &#8211; <a href=\"http:\/\/www.univ-oeb.dz\/staps\/wp-content\/uploads\/2018\/06\/\u0642\u0627\u0626\u0645\u0629-\u0627\u0644\u0645\u0631\u0627\u062c\u0639-\u0645\u0642\u064a\u0627\u0633-\u0643\u0631\u0629-\u0627\u0644\u064a\u062f-\u0625\u062e\u062a\u0635\u0627\u0635.docx\">5<\/a> &#8211; <a href=\"http:\/\/www.univ-oeb.dz\/staps\/wp-content\/uploads\/2018\/06\/\u0645\u062a\u0637\u0644\u0628\u0627\u062a-\u0627\u0644\u0645\u0646\u0627\u0641\u0633\u0629-\u0641\u064a-\u0643\u0631\u0629-\u0627\u0644\u064a\u062f.docx\">6<\/a> &#8211; <a href=\"http:\/\/www.univ-oeb.dz\/staps\/wp-content\/uploads\/2018\/06\/\u0645\u0624\u0634\u0631\u0627\u062a-\u0627\u0644\u0645\u0646\u0627\u0641\u0633\u0629.docx\">7<\/a> )<\/td>\n<\/tr>\n<tr>\n<td style=\"text-align: center;\">Gheribi Hichem<\/td>\n<td style=\"text-align: center;\"><\/td>\n<\/tr>\n<tr>\n<td style=\"text-align: center;\">Chelihi omar<\/td>\n<td style=\"text-align: center;\"><a href=\"http:\/\/www.univ-oeb.dz\/staps\/wp-content\/uploads\/2018\/06\/cours-complet.pdf\">cours complet<\/a>\u00a0<a href=\"http:\/\/www.univ-oeb.dz\/staps\/wp-content\/uploads\/2018\/06\/cours-judo.pdf\">cours judo<\/a><\/td>\n<\/tr>\n<tr>\n<td style=\"text-align: center;\">Bilel Boudina<\/td>\n<td style=\"text-align: center;\"><a href=\"http:\/\/www.univ-oeb.dz\/staps\/wp-content\/uploads\/2018\/06\/\u0645\u0642\u064a\u0627\u0633-\u0623\u062e\u0644\u0627\u0642\u064a\u0627\u062a-\u0627\u0644\u0645\u0647\u0646\u0629-\u0648\u0627\u0644\u0641\u0633\u0627\u062f-.docx\">\u0645\u0642\u064a\u0627\u0633 \u0623\u062e\u0644\u0627\u0642\u064a\u0627\u062a \u0627\u0644\u0645\u0647\u0646\u0629 \u0648\u0627\u0644\u0641\u0633\u0627\u062f<\/a><\/td>\n<\/tr>\n<tr>\n<td style=\"text-align: center;\">Fares Abdelghani<\/td>\n<td style=\"text-align: center;\">\u00a0<a href=\"http:\/\/www.univ-oeb.dz\/staps\/wp-content\/uploads\/2018\/06\/\u062f\u0631\u0648\u0633-\u0627\u0644\u062c\u0645\u0628\u0627\u0632-\u0623\u0648\u0644\u0649-\u0644\u064a\u0633\u0627\u0646\u0633-\u06331-1.pdf\">\u062f\u0631\u0648\u0633 \u0627\u0644\u062c\u0645\u0628\u0627\u0632 \u0623\u0648\u0644\u0649 \u0644\u064a\u0633\u0627\u0646\u0633 \u06331<\/a><\/td>\n<\/tr>\n<tr>\n<td style=\"text-align: center;\">Rouam Moussa<\/td>\n<td style=\"text-align: center;\"><a href=\"http:\/\/www.univ-oeb.dz\/staps\/wp-content\/uploads\/2018\/06\/1_.pdf\">1<\/a> &#8211; <a href=\"http:\/\/www.univ-oeb.dz\/staps\/wp-content\/uploads\/2018\/06\/02-1.pdf\">2<\/a> &#8211; <a href=\"http:\/\/www.univ-oeb.dz\/staps\/wp-content\/uploads\/2018\/06\/a3.pdf\">3<\/a> &#8211; <a href=\"http:\/\/www.univ-oeb.dz\/staps\/wp-content\/uploads\/2018\/06\/a4-1.pdf\">4<\/a> &#8211; <a href=\"http:\/\/www.univ-oeb.dz\/staps\/wp-content\/uploads\/2018\/06\/a5.pdf\">5<\/a><\/td>\n<\/tr>\n<tr>\n<td><\/td>\n<td><\/td>\n<\/tr>\n<tr>\n<td><\/td>\n<td><\/td>\n<\/tr>\n<tr>\n<td><\/td>\n<td><\/td>\n<\/tr>\n<tr>\n<td><\/td>\n<td><\/td>\n<\/tr>\n<tr>\n<td><\/td>\n<td><\/td>\n<\/tr>\n<\/tbody>\n<\/table>\n","protected":false},"excerpt":{"rendered":"<p>Nom et P.nom de l&#8217;enseignant \u00a0Cours Bechir Houssam \u00a0\u062f\u0631\u0648\u0633 \u0627\u0644\u062a\u0634\u0631\u064a\u0639 \u0627\u0644\u0631\u064a\u0627\u0636\u064a Merabet Messaoud \u00a0\u0645\u0637\u0628\u0648\u0639\u0629 \u0627\u0633\u0627\u0644\u064a\u0628 \u0627\u0644\u062a\u062f\u0631\u064a\u0633 \u0645\u0631\u0627\u0628\u0637 Malek Redha \u00a0\u0627\u0644\u0633\u0628\u0627\u062d\u0629 &#8211; \u0643\u0631\u0629 \u0627\u0644\u064a\u062f Ghennam Noureddine cour1&#8211; cour2 &#8211; cour3 &#8211;cour4 &#8211; cour5 Abache Ayoub \u00a0\u0627\u0644\u0643\u064a\u0645\u064a\u0627\u0621 \u0627\u0644\u062d\u064a\u0648\u064a\u0629\u00a0\u2013\u00a0\u0645\u0646\u0647\u062c\u064a\u0629 \u0627\u0644\u0628\u062d\u062b \u0627\u0644\u0639\u0644\u0645\u064a\u00a0\u2013\u00a0\u0645\u0634\u0631\u0648\u0639 \u0645\u0630\u0643\u0631\u0629 Hebir Said \u00a0\u0645\u062d\u0627\u0636\u0631\u0627\u062a \u0639\u0644\u0645 \u0627\u0644\u0646\u0641\u0633 \u0627\u0644\u0631\u064a\u0627\u0636\u064a(\u00a01\u00a0\u2013\u00a02\u00a0\u2013\u00a03\u00a0\u20134\u00a0\u2013\u00a05\u00a0\u2013\u00a06\u00a0\u2013\u00a07\u00a0\u2013\u00a08\u00a0\u2013\u00a09\u00a0) \u0645\u062d\u0627\u0636\u0631\u0627\u062a \u0645\u0646\u0647\u062c\u064a\u0629 \u0627\u0644\u0628\u062d\u062b \u0627\u0644\u0639\u0644\u0645\u064a(\u00a01\u00a0\u2013\u00a02\u00a0\u2013\u00a03\u00a0\u2013\u00a04\u00a0\u20135\u00a0\u20136\u00a0\u2013\u00a07) Manssouri Abdalla \u00a0\u0627\u0644\u062b\u0642\u0627\u0641\u0629 \u0627\u0644\u0628\u062f\u0646\u064a\u0629 Amezian Oussama \u00a0\u0627\u0644\u0627\u0635\u0627\u0628\u0627\u062a \u0627\u0644\u0631\u064a\u0627\u0636\u064a\u0629 \u0648\u0625\u0639\u0627\u062f\u0629 \u0627\u0644\u062a\u0623\u0647\u064a\u0644\u00a0\u00a0\u00a0\u0627\u0644\u0637\u0628 \u0627\u0644\u0631\u064a\u0627\u0636\u064a \u0648\u0627\u0644\u0627\u0633\u0639\u0627\u0641\u0627\u062a \u0627\u0644\u0627\u0648\u0644\u064a\u0629 Ben youcef Walid \u00a0\u0645\u062d\u0627\u0636\u0631\u0627\u062a \u0623\u0644\u0639\u0627\u0628 \u0627\u0644\u0642\u0648\u0649 Latrach zoubir \u062f\u0631\u0648\u0633 \u0645\u0642\u064a\u0627\u0633 \u0627\u0644\u0643\u0631\u0629 \u0627\u0644\u0637\u0627\u0626\u0631\u0629 \u0644\u0644\u0623\u0633\u062a\u0627\u0630 \u0627\u0644\u0623\u0637\u0631\u0634 \u0632\u0648\u0628\u064a\u0631 Cheriet Adel \u00a0\u0645\u062d\u0627\u0636\u0631\u0627\u062a(\u00a01\u00a0\u2013\u00a02\u00a0\u2013\u00a03\u00a0\u2013\u00a04\u00a0\u2013\u00a05\u00a0\u2013\u00a06\u00a0\u2013\u00a07\u00a0\u2013\u00a08\u00a0\u2013\u00a09\u00a0\u2013\u00a010\u00a0\u2013\u00a01 1\u00a0\u2013\u00a012\u00a0\u2013\u00a013\u00a0) Guelati Yazid Derouich \u00a0\u0645\u0642\u064a\u0627\u0633 \u0641\u064a\u0632\u064a\u0648\u0644\u0648\u062c\u064a\u0627 \u0627\u0644\u062c\u0647\u062f( 1 &#8211; 2 &#8211; 3 &#8211; 4 &#8211; 5); \u0645\u0642\u064a\u0627\u0633 \u0643\u0631\u0629 \u0627\u0644\u064a\u062f (1 &#8211; 2 &#8211; 3 &#8211; 4 &#8211; 5 &#8211; 6 &#8211; 7 ) Gheribi Hichem Chelihi omar cours complet\u00a0cours judo Bilel Boudina \u0645\u0642\u064a\u0627\u0633 \u0623\u062e\u0644\u0627\u0642\u064a\u0627\u062a \u0627\u0644\u0645\u0647\u0646\u0629 \u0648\u0627\u0644\u0641\u0633\u0627\u062f Fares Abdelghani \u00a0\u062f\u0631\u0648\u0633 \u0627\u0644\u062c\u0645\u0628\u0627\u0632 \u0623\u0648\u0644\u0649 \u0644\u064a\u0633\u0627\u0646\u0633 \u06331 Rouam Moussa 1 &#8211; 2 &#8211; 3 &#8211; 4 &#8211; 5<\/p>\n","protected":false},"author":1,"featured_media":0,"parent":0,"menu_order":0,"comment_status":"closed","ping_status":"closed","template":"","meta":{"footnotes":""},"_links":{"self":[{"href":"https:\/\/www.univ-oeb.dz\/staps\/index.php?rest_route=\/wp\/v2\/pages\/2058"}],"collection":[{"href":"https:\/\/www.univ-oeb.dz\/staps\/index.php?rest_route=\/wp\/v2\/pages"}],"about":[{"href":"https:\/\/www.univ-oeb.dz\/staps\/index.php?rest_route=\/wp\/v2\/types\/page"}],"author":[{"embeddable":true,"href":"https:\/\/www.univ-oeb.dz\/staps\/index.php?rest_route=\/wp\/v2\/users\/1"}],"replies":[{"embeddable":true,"href":"https:\/\/www.univ-oeb.dz\/staps\/index.php?rest_route=%2Fwp%2Fv2%2Fcomments&post=2058"}],"version-history":[{"count":1,"href":"https:\/\/www.univ-oeb.dz\/staps\/index.php?rest_route=\/wp\/v2\/pages\/2058\/revisions"}],"predecessor-version":[{"id":2059,"href":"https:\/\/www.univ-oeb.dz\/staps\/index.php?rest_route=\/wp\/v2\/pages\/2058\/revisions\/2059"}],"wp:attachment":[{"href":"https:\/\/www.univ-oeb.dz\/staps\/index.php?rest_route=%2Fwp%2Fv2%2Fmedia&parent=2058"}],"curies":[{"name":"wp","href":"https:\/\/api.w.org\/{rel}","templated":true}]}}