{"id":2703,"date":"2024-02-04T10:38:20","date_gmt":"2024-02-04T10:38:20","guid":{"rendered":"http:\/\/www.univ-oeb.dz\/ista\/?page_id=2703"},"modified":"2024-02-13T08:56:36","modified_gmt":"2024-02-13T08:56:36","slug":"notes-et-corriges-types-genie-biologique","status":"publish","type":"page","link":"https:\/\/www.univ-oeb.dz\/ista\/fr\/notes-et-corriges-types-genie-biologique\/","title":{"rendered":"Notes et corrig\u00e9s types &#8211; G\u00e9nie biologique"},"content":{"rendered":"\n<h3 class=\"wp-block-heading\">Notes et corrig\u00e9s types &#8211; G\u00e9nie biologique<\/h3>\n\n\n\n<figure class=\"wp-block-table\"><table><tbody><tr><td><strong>Modules<\/strong><\/td><td><strong>Note<\/strong><\/td><td><strong>Corrig\u00e9s type<\/strong><\/td><\/tr><tr><td><strong>Premi\u00e8re Ann\u00e9e<\/strong><\/td><td><\/td><td><\/td><\/tr><tr><td>Bases en math\u00e9matiques<\/td><td><\/td><td><a href=\"https:\/\/www.univ-oeb.dz\/ista\/wp-content\/uploads\/2024\/02\/bases-de-math-L1.pdf\">T\u00e9l\u00e9charger<\/a><\/td><\/tr><tr><td>Bases de la physique<\/td><td><\/td><td><a href=\"https:\/\/www.univ-oeb.dz\/ista\/wp-content\/uploads\/2024\/02\/bases-de-phy-L1.pdf\">T\u00e9l\u00e9charger<\/a><\/td><\/tr><tr><td>Bases de la chimie g\u00e9n\u00e9rale<\/td><td><\/td><td>T\u00e9l\u00e9charger<\/td><\/tr><tr><td>Biochimie structurale<\/td><td><\/td><td><a href=\"https:\/\/www.univ-oeb.dz\/ista\/wp-content\/uploads\/2024\/02\/Biochimie-structurale_Aouar.pdf\">T\u00e9l\u00e9charger<\/a><\/td><\/tr><tr><td>Biologie g\u00e9n\u00e9rale et physiologie<\/td><td><\/td><td>T\u00e9l\u00e9charger<\/td><\/tr><tr><td>Biologie cellulaire et physiologie<\/td><td><\/td><td>T\u00e9l\u00e9charger<\/td><\/tr><tr><td>Base de microbiologie g\u00e9n\u00e9rale<\/td><td><\/td><td><a href=\"https:\/\/www.univ-oeb.dz\/ista\/wp-content\/uploads\/2024\/02\/Basics-of-general-microbiolgy_Aouar.pdf\">T\u00e9l\u00e9charger<\/a><\/td><\/tr><tr><td><strong>Deuxi\u00e8me Ann\u00e9e<\/strong><\/td><td><\/td><td><\/td><\/tr><tr><td>physique industrielle<\/td><td><\/td><td><a href=\"https:\/\/www.univ-oeb.dz\/ista\/wp-content\/uploads\/2024\/02\/corrige-type-phy-ind-L2.pdf\">T\u00e9l\u00e9charger<\/a><\/td><\/tr><tr><td>Microbiologie Industrielle<\/td><td><\/td><td><a href=\"https:\/\/www.univ-oeb.dz\/ista\/wp-content\/uploads\/2024\/02\/microbio-ind-L2.pdf\">T\u00e9l\u00e9charger<\/a><\/td><\/tr><tr><td>Biochimie et physicochimie alimentaire<\/td><td><\/td><td><a href=\"https:\/\/www.univ-oeb.dz\/ista\/wp-content\/uploads\/2024\/02\/bioch-alim-L2.pdf\">T\u00e9l\u00e9charger<\/a><\/td><\/tr><tr><td>Microbiologie alimentaire<\/td><td><\/td><td><a href=\"https:\/\/www.univ-oeb.dz\/ista\/wp-content\/uploads\/2024\/02\/microbiol-alim-L2.pdf\">T\u00e9l\u00e9charger<\/a><\/td><\/tr><tr><td>M\u00e9thodes d\u2019analyses biochimiques et physicochimiques<\/td><td><\/td><td>T\u00e9l\u00e9charger<\/td><\/tr><tr><td>Qualit\u00e9 hygi\u00e9nique et s\u00e9curit\u00e9 alimentaire<\/td><td><\/td><td><a href=\"https:\/\/www.univ-oeb.dz\/ista\/wp-content\/uploads\/2024\/02\/Corrige-type-QHSA-2024.pdf\">T\u00e9l\u00e9charger<\/a><\/td><\/tr><tr><td>Op\u00e9rations unitaires<\/td><td><\/td><td><a href=\"https:\/\/www.univ-oeb.dz\/ista\/wp-content\/uploads\/2024\/02\/oper-unt-1-L2.pdf\">T\u00e9l\u00e9charger<\/a><\/td><\/tr><tr><td><strong>Troisi\u00e8me Ann\u00e9e<\/strong><\/td><td><\/td><td><\/td><\/tr><tr><td>Lait et d\u00e9riv\u00e9s<\/td><td><\/td><td><a href=\"https:\/\/www.univ-oeb.dz\/ista\/wp-content\/uploads\/2024\/02\/Corrige-type-Lait-et-derives-2024.pdf\">T\u00e9l\u00e9charger<\/a><\/td><\/tr><tr><td>Technologie de mise en conserve<\/td><td><\/td><td><a href=\"https:\/\/www.univ-oeb.dz\/ista\/wp-content\/uploads\/2024\/02\/tech-de-cons-L3.pdf\">T\u00e9l\u00e9charger<\/a><\/td><\/tr><tr><td>Introduction \u00e0 l\u2019analyse sensorielle<\/td><td><\/td><td>T\u00e9l\u00e9charger<\/td><\/tr><tr><td>Technologie des conserves<\/td><td><\/td><td><a href=\"https:\/\/www.univ-oeb.dz\/ista\/wp-content\/uploads\/2024\/02\/corrige-type-conserve-2024.pdf\">T\u00e9l\u00e9charger<\/a><\/td><\/tr><tr><td><strong>M2<\/strong><\/td><td><\/td><td><\/td><\/tr><tr><td>Evaluation et gestion des risques<\/td><td><a href=\"https:\/\/www.univ-oeb.dz\/ista\/wp-content\/uploads\/2024\/02\/Evaluation-et-gestion-des-risques.xlsx\">EXAM<\/a><\/td><td><a href=\"https:\/\/www.univ-oeb.dz\/ista\/wp-content\/uploads\/2024\/02\/eval-de-risq-M2.pdf\">T\u00e9l\u00e9charger<\/a><\/td><\/tr><tr><td>PROA<\/td><td><\/td><td><a href=\"https:\/\/www.univ-oeb.dz\/ista\/wp-content\/uploads\/2024\/02\/corrige-type-PROA-2004.pdf\">T\u00e9l\u00e9charger<\/a><\/td><\/tr><tr><td>Analyse de la Valeur et Qualit\u00e9<\/td><td><a href=\"https:\/\/www.univ-oeb.dz\/ista\/wp-content\/uploads\/2024\/02\/Analyse-de-la-Valeur-et-Qualite.xlsx\">EXAM<\/a><\/td><td><\/td><\/tr><tr><td>Technologie de transformation des aliments<\/td><td><a href=\"https:\/\/www.univ-oeb.dz\/ista\/wp-content\/uploads\/2024\/02\/Technologie-de-transformation-des-aliments.xlsx\">EXAM<\/a><\/td><td><\/td><\/tr><tr><td>Propri\u00e9t\u00e9s rh\u00e9ologique<\/td><td><a href=\"https:\/\/www.univ-oeb.dz\/ista\/wp-content\/uploads\/2024\/02\/Proprietes-rheologique.xlsx\">EXAM<\/a><\/td><td><\/td><\/tr><tr><td><\/td><td><\/td><td><\/td><\/tr><\/tbody><\/table><\/figure>\n","protected":false},"excerpt":{"rendered":"<p>Notes et corrig\u00e9s types &#8211; G\u00e9nie biologique ModulesNoteCorrig\u00e9s typePremi\u00e8re Ann\u00e9eBases en math\u00e9matiquesT\u00e9l\u00e9chargerBases de la physiqueT\u00e9l\u00e9chargerBases de la chimie g\u00e9n\u00e9raleT\u00e9l\u00e9chargerBiochimie structuraleT\u00e9l\u00e9chargerBiologie g\u00e9n\u00e9rale et physiologieT\u00e9l\u00e9chargerBiologie cellulaire et physiologieT\u00e9l\u00e9chargerBase de microbiologie g\u00e9n\u00e9raleT\u00e9l\u00e9chargerDeuxi\u00e8me Ann\u00e9ephysique industrielleT\u00e9l\u00e9chargerMicrobiologie IndustrielleT\u00e9l\u00e9chargerBiochimie et physicochimie alimentaireT\u00e9l\u00e9chargerMicrobiologie alimentaireT\u00e9l\u00e9chargerM\u00e9thodes d\u2019analyses biochimiques et physicochimiquesT\u00e9l\u00e9chargerQualit\u00e9 hygi\u00e9nique et s\u00e9curit\u00e9 alimentaireT\u00e9l\u00e9chargerOp\u00e9rations unitairesT\u00e9l\u00e9chargerTroisi\u00e8me Ann\u00e9eLait et d\u00e9riv\u00e9sT\u00e9l\u00e9chargerTechnologie de mise en conserveT\u00e9l\u00e9chargerIntroduction \u00e0 l\u2019analyse sensorielleT\u00e9l\u00e9chargerTechnologie des conservesT\u00e9l\u00e9chargerM2Evaluation et gestion des risquesEXAMT\u00e9l\u00e9chargerPROAT\u00e9l\u00e9chargerAnalyse de la Valeur et Qualit\u00e9EXAMTechnologie de transformation des alimentsEXAMPropri\u00e9t\u00e9s rh\u00e9ologiqueEXAM<\/p>\n","protected":false},"author":1,"featured_media":0,"parent":0,"menu_order":0,"comment_status":"closed","ping_status":"closed","template":"","meta":{"footnotes":""},"class_list":["post-2703","page","type-page","status-publish","hentry"],"_links":{"self":[{"href":"https:\/\/www.univ-oeb.dz\/ista\/wp-json\/wp\/v2\/pages\/2703"}],"collection":[{"href":"https:\/\/www.univ-oeb.dz\/ista\/wp-json\/wp\/v2\/pages"}],"about":[{"href":"https:\/\/www.univ-oeb.dz\/ista\/wp-json\/wp\/v2\/types\/page"}],"author":[{"embeddable":true,"href":"https:\/\/www.univ-oeb.dz\/ista\/wp-json\/wp\/v2\/users\/1"}],"replies":[{"embeddable":true,"href":"https:\/\/www.univ-oeb.dz\/ista\/wp-json\/wp\/v2\/comments?post=2703"}],"version-history":[{"count":1,"href":"https:\/\/www.univ-oeb.dz\/ista\/wp-json\/wp\/v2\/pages\/2703\/revisions"}],"predecessor-version":[{"id":2704,"href":"https:\/\/www.univ-oeb.dz\/ista\/wp-json\/wp\/v2\/pages\/2703\/revisions\/2704"}],"wp:attachment":[{"href":"https:\/\/www.univ-oeb.dz\/ista\/wp-json\/wp\/v2\/media?parent=2703"}],"curies":[{"name":"wp","href":"https:\/\/api.w.org\/{rel}","templated":true}]}}