{"id":1261,"date":"2023-08-31T09:52:05","date_gmt":"2023-08-31T09:52:05","guid":{"rendered":"http:\/\/www.univ-oeb.dz\/ista\/?page_id=1261"},"modified":"2026-02-08T09:59:35","modified_gmt":"2026-02-08T09:59:35","slug":"emploi-du-temps","status":"publish","type":"page","link":"https:\/\/www.univ-oeb.dz\/ista\/fr\/emploi-du-temps\/","title":{"rendered":"Emploi du temps"},"content":{"rendered":"\n<h2 class=\"wp-block-heading has-text-align-center\">2025-2026<\/h2>\n\n\n\n<h3 class=\"wp-block-heading\">Emploi du temps du deuxi\u00e8me semestre <\/h3>\n\n\n\n<h4 class=\"wp-block-heading\"><a href=\"https:\/\/www.univ-oeb.dz\/ista\/wp-content\/uploads\/2026\/01\/Emploi-S2-RT.pdf\">R\u00e9seaux et T\u00e9l\u00e9communications<\/a><\/h4>\n\n\n\n<h4 class=\"wp-block-heading\"><a href=\"https:\/\/www.univ-oeb.dz\/ista\/wp-content\/uploads\/2026\/02\/PROGRAMME-Final-GEA-S2s4.xlsx\">Gestion des entreprises et des administrations<\/a><\/h4>\n\n\n\n<h4 class=\"wp-block-heading\">Sciences alimentaires<\/h4>\n\n\n\n<ul class=\"wp-block-list\">\n<li><a href=\"https:\/\/www.univ-oeb.dz\/ista\/wp-content\/uploads\/2026\/02\/emploi-GB-L1-S2-modifie.pdf\"><strong>Premi\u00e8re ann\u00e9e<\/strong><\/a><\/li>\n\n\n\n<li><a href=\"https:\/\/www.univ-oeb.dz\/ista\/wp-content\/uploads\/2026\/02\/emploi-GB-L2-S4-new.pdf\"><strong>Deuxi\u00e8me ann\u00e9e<\/strong><\/a><\/li>\n\n\n\n<li><a href=\"https:\/\/www.univ-oeb.dz\/ista\/wp-content\/uploads\/2026\/02\/emploi-GB-M1-S2-new.pdf\"><strong>Premi\u00e8re ann\u00e9e Master<\/strong><\/a><\/li>\n<\/ul>\n\n\n\n<h4 class=\"wp-block-heading\"><strong>Mesures Physiques<\/strong><\/h4>\n\n\n\n<ul class=\"wp-block-list\">\n<li><a href=\"https:\/\/www.univ-oeb.dz\/ista\/wp-content\/uploads\/2026\/02\/Emploi-du-temps_Mph_S2S4.pdf\"><strong>Premi\u00e8re et deuxi\u00e8me ann\u00e9e<\/strong><\/a><\/li>\n\n\n\n<li><a href=\"https:\/\/www.univ-oeb.dz\/ista\/wp-content\/uploads\/2026\/02\/Emploi-MPH-S2-M1.pdf\"><strong>Premi\u00e8re ann\u00e9e Master<\/strong><\/a><\/li>\n\n\n\n<li><a href=\"https:\/\/www.univ-oeb.dz\/ista\/wp-content\/uploads\/2026\/02\/Emploi-Mup-S2S4.pdf\"><strong>G\u00e9nie Industriel<\/strong><\/a><\/li>\n<\/ul>\n\n\n\n<p><\/p>\n\n\n\n<!--nextpage-->\n\n\n\n<p><strong>Emplois du Temps du premier semestre 2025-2026<\/strong><\/p>\n\n\n\n<ul id=\"block-51c12df9-7225-42e4-9f7e-3eba8fbf8456\" class=\"wp-block-list\">\n<li><strong><a href=\"https:\/\/www.univ-oeb.dz\/ista\/wp-content\/uploads\/2025\/10\/Emploi-RT-Modifie.pdf\">R\u00e9seaux et T\u00e9l\u00e9communications &#8211; Modifi\u00e9<\/a><\/strong><\/li>\n<\/ul>\n\n\n\n<ul class=\"wp-block-list\">\n<li><strong>Mesures Physiques<\/strong>\n<ul class=\"wp-block-list\">\n<li><strong><a href=\"https:\/\/www.univ-oeb.dz\/ista\/wp-content\/uploads\/2025\/10\/Planning-Mesure-Phy.pdf\">Mesures Physiques &#8211; Modifi\u00e9<\/a><\/strong><\/li>\n\n\n\n<li><a href=\"https:\/\/www.univ-oeb.dz\/ista\/wp-content\/uploads\/2025\/10\/Planning-Mesure-Phy-Master.pdf\"><strong>Premi\u00e8re ann\u00e9e Master<\/strong> <strong>&#8211; Mesures Physiques<\/strong><\/a><\/li>\n\n\n\n<li><strong><a href=\"https:\/\/www.univ-oeb.dz\/ista\/wp-content\/uploads\/2025\/10\/Planning-MUP.pdf\">G\u00e9nie industriel &#8211; Modifi\u00e9<\/a><\/strong><\/li>\n<\/ul>\n<\/li>\n<\/ul>\n\n\n\n<ul class=\"wp-block-list\">\n<li><strong><a href=\"https:\/\/www.univ-oeb.dz\/ista\/wp-content\/uploads\/2025\/10\/Emploi-GEA-Modifie.xlsx\">Gestion des entreprises et des administrations &#8211; Modifi\u00e9<\/a><\/strong><\/li>\n<\/ul>\n\n\n\n<ul class=\"wp-block-list\">\n<li><strong>G\u00e9nie Biologique<\/strong>\n<ul class=\"wp-block-list\">\n<li><a href=\"https:\/\/www.univ-oeb.dz\/ista\/wp-content\/uploads\/2025\/09\/emploi-GB-L1.pdf\"><strong>Premi\u00e8re ann\u00e9e<\/strong> <strong>&#8211; Modifi\u00e9<\/strong><\/a><\/li>\n\n\n\n<li><a href=\"https:\/\/www.univ-oeb.dz\/ista\/wp-content\/uploads\/2025\/09\/emploi-GB-L2.pdf\"><strong>Deuxi\u00e8me ann\u00e9e<\/strong> <strong>&#8211; Modifi\u00e9<\/strong><\/a><\/li>\n\n\n\n<li><a href=\"https:\/\/www.univ-oeb.dz\/ista\/wp-content\/uploads\/2025\/09\/emploi-GB-L3.pdf\"><strong>Troisi\u00e8me ann\u00e9e<\/strong> <strong>&#8211; Modifi\u00e9<\/strong><\/a><\/li>\n\n\n\n<li><a href=\"https:\/\/www.univ-oeb.dz\/ista\/wp-content\/uploads\/2025\/09\/emploi-GB-M1.pdf\"><strong>Premi\u00e8re ann\u00e9e Master<\/strong> <strong>&#8211; Modifi\u00e9<\/strong><\/a><\/li>\n\n\n\n<li><a href=\"https:\/\/www.univ-oeb.dz\/ista\/wp-content\/uploads\/2025\/09\/emploi-GB-M2.pdf\"><strong>Deuxi\u00e8me ann\u00e9e Master<\/strong> <strong>&#8211; Modifi\u00e9<\/strong><\/a><\/li>\n<\/ul>\n<\/li>\n<\/ul>\n\n\n\n<p><\/p>\n\n\n\n<!--nextpage-->\n\n\n\n<h3 class=\"wp-block-heading\">Emploi du temps du deuxi\u00e8me semestre 2024-2025<\/h3>\n\n\n\n<h4 class=\"wp-block-heading\"><strong>R\u00e9seaux et T\u00e9l\u00e9communications<\/strong><\/h4>\n\n\n\n<ul class=\"wp-block-list\">\n<li><a href=\"https:\/\/www.univ-oeb.dz\/ista\/wp-content\/uploads\/2025\/01\/PLANNING-S2-RT-L1.pdf\">Premi\u00e8re ann\u00e9e<\/a><\/li>\n\n\n\n<li><a href=\"https:\/\/www.univ-oeb.dz\/ista\/wp-content\/uploads\/2025\/01\/PLANNING-S2-RT-L2.pdf\">Deuxi\u00e8me ann\u00e9e<\/a><\/li>\n\n\n\n<li><a href=\"https:\/\/www.univ-oeb.dz\/ista\/wp-content\/uploads\/2025\/01\/PLANNING-S2-RT-M1.pdf\">Premi\u00e8re ann\u00e9e Master<\/a><\/li>\n<\/ul>\n\n\n\n<h4 class=\"wp-block-heading\"><strong>Mesures Physiques<\/strong><\/h4>\n\n\n\n<ul class=\"wp-block-list\">\n<li><a href=\"https:\/\/www.univ-oeb.dz\/ista\/wp-content\/uploads\/2025\/02\/Emploi-du-temps_Mph_S2_24-2025.pdf\">Mesures Physiques<\/a><\/li>\n\n\n\n<li><a href=\"https:\/\/www.univ-oeb.dz\/ista\/wp-content\/uploads\/2025\/02\/Emploi_MUP_S2_25.pdf\">Gestion des unit\u00e9s de production<\/a><\/li>\n<\/ul>\n\n\n\n<h4 class=\"wp-block-heading\"><strong>G\u00e9nie Biologique<\/strong><\/h4>\n\n\n\n<ul class=\"wp-block-list\">\n<li><a href=\"https:\/\/www.univ-oeb.dz\/ista\/wp-content\/uploads\/2025\/01\/emploi-GB-L1-S2-24-25-1.pdf\">Premi\u00e8re ann\u00e9e<\/a><\/li>\n\n\n\n<li><a href=\"https:\/\/www.univ-oeb.dz\/ista\/wp-content\/uploads\/2025\/01\/emploi-GB-L2-S4-24-25-1.pdf\">Deuxi\u00e8me ann\u00e9e<\/a><\/li>\n\n\n\n<li><a href=\"https:\/\/www.univ-oeb.dz\/ista\/wp-content\/uploads\/2025\/01\/emploi-GB-M1-S2-S4-24-25-1.pdf\">Premi\u00e8re ann\u00e9e Master<\/a><\/li>\n<\/ul>\n\n\n\n<h4 class=\"wp-block-heading\"><strong>Gestion des entreprises et des administrations<\/strong><\/h4>\n\n\n\n<ul class=\"wp-block-list\">\n<li><a href=\"https:\/\/www.univ-oeb.dz\/ista\/wp-content\/uploads\/2025\/01\/emploi-gea-S2-S4.pdf\">Premi\u00e8re et deuxi\u00e8me ann\u00e9e<\/a><\/li>\n<\/ul>\n\n\n\n<!--nextpage-->\n\n\n\n<h3 class=\"wp-block-heading\"><strong>Emplois du Temps du premier semestre de l&rsquo;ann\u00e9e universitaire 2024-2025<\/strong><\/h3>\n\n\n\n<p><strong>R\u00e9seaux et T\u00e9l\u00e9communications<\/strong><\/p>\n\n\n\n<ul id=\"block-9d60d60d-221c-4e68-9ee9-38a09f112dd0\" class=\"wp-block-list\">\n<li><strong><a href=\"https:\/\/www.univ-oeb.dz\/ista\/wp-content\/uploads\/2024\/09\/emploi-L1-fr-24-25.pdf\">Premi\u00e8re ann\u00e9e<\/a><\/strong><\/li>\n\n\n\n<li><strong><a href=\"https:\/\/www.univ-oeb.dz\/ista\/wp-content\/uploads\/2024\/09\/emploi-L2-fr-24-25.pdf\">Deuxi\u00e8me ann\u00e9e<\/a><\/strong><\/li>\n\n\n\n<li><strong><a href=\"https:\/\/www.univ-oeb.dz\/ista\/wp-content\/uploads\/2024\/09\/emploi-L3-fr-24-25.pdf\">Troisi\u00e8me ann\u00e9e<\/a><\/strong><\/li>\n\n\n\n<li><strong><a href=\"https:\/\/www.univ-oeb.dz\/ista\/wp-content\/uploads\/2024\/09\/emploi-M1-fr-24-25.pdf\">Premi\u00e8re ann\u00e9e Master<\/a><\/strong><\/li>\n\n\n\n<li><strong><a href=\"https:\/\/www.univ-oeb.dz\/ista\/wp-content\/uploads\/2024\/09\/emploi-M2-fr-24-25.pdf\">Deuxi\u00e8me ann\u00e9e Master<\/a><\/strong><\/li>\n<\/ul>\n\n\n\n<p><strong><a href=\"https:\/\/www.univ-oeb.dz\/ista\/wp-content\/uploads\/2024\/09\/emploi-GEA-fr.xlsx\">Gestion des entreprises et des administrations<\/a><\/strong><\/p>\n\n\n\n<ul class=\"wp-block-list\">\n<li><strong>G\u00e9nie Biologique<\/strong>\n<ul class=\"wp-block-list\">\n<li><strong><strong><a href=\"https:\/\/www.univ-oeb.dz\/ista\/wp-content\/uploads\/2024\/09\/emploi-GB-L1-FR.pdf\">Premi\u00e8re ann\u00e9e<\/a><\/strong><\/strong><\/li>\n\n\n\n<li><strong><a href=\"https:\/\/www.univ-oeb.dz\/ista\/wp-content\/uploads\/2024\/09\/emploi-L2-GB-FR.pdf\">Deuxi\u00e8me ann\u00e9e<\/a><\/strong><\/li>\n\n\n\n<li><strong><a href=\"https:\/\/www.univ-oeb.dz\/ista\/wp-content\/uploads\/2024\/09\/emploi-L3-GB-FR.pdf\">Troisi\u00e8me ann\u00e9e<\/a><\/strong><\/li>\n<\/ul>\n<\/li>\n<\/ul>\n\n\n\n<ul class=\"wp-block-list\">\n<li><strong><a href=\"https:\/\/www.univ-oeb.dz\/ista\/wp-content\/uploads\/2024\/09\/Emploi-MP-S1-S3-S5-En.pdf\">Mesures Physiques<\/a><\/strong><\/li>\n<\/ul>\n\n\n\n<ul class=\"wp-block-list\">\n<li><strong><a href=\"https:\/\/www.univ-oeb.dz\/ista\/wp-content\/uploads\/2024\/09\/Emploi_MUP-En.pdf\">Gestion des unit\u00e9s de production<\/a><\/strong><\/li>\n<\/ul>\n\n\n\n<hr class=\"wp-block-separator has-alpha-channel-opacity\"\/>\n\n\n\n<!--nextpage-->\n\n\n\n<h3 class=\"wp-block-heading\">Emploi du temps du deuxi\u00e8me semestre 2023\/2024<\/h3>\n\n\n\n<p><strong><a href=\"https:\/\/www.univ-oeb.dz\/ista\/wp-content\/uploads\/2024\/01\/Emploi-du-temps_Mph_S2-S4_23-2024.pdf\">Mesures Physiques<\/a><\/strong><\/p>\n\n\n\n<p><strong>G\u00e9nie Biologique<\/strong><\/p>\n\n\n\n<ul class=\"wp-block-list\">\n<li><a href=\"https:\/\/www.univ-oeb.dz\/ista\/wp-content\/uploads\/2024\/01\/emploi-du-temps-L1-S2-GB.pdf\"><strong>Premi\u00e8re ann\u00e9e<\/strong><\/a><\/li>\n\n\n\n<li><strong><a href=\"https:\/\/www.univ-oeb.dz\/ista\/wp-content\/uploads\/2024\/01\/emploi-du-temps-L2-S4-AGRO.pdf\">Deuxi\u00e8me ann\u00e9e<\/a><\/strong><\/li>\n<\/ul>\n\n\n\n<p><strong>R\u00e9seaux et T\u00e9l\u00e9communications<\/strong><\/p>\n\n\n\n<ul class=\"wp-block-list\">\n<li><strong><a href=\"https:\/\/www.univ-oeb.dz\/ista\/wp-content\/uploads\/2024\/01\/Emploi-RT-L1.pdf\">Premi\u00e8re ann\u00e9e<\/a><\/strong><\/li>\n\n\n\n<li><strong><a href=\"https:\/\/www.univ-oeb.dz\/ista\/wp-content\/uploads\/2024\/01\/Emploi-RT-L2.pdf\">Deuxi\u00e8me ann\u00e9e<\/a><\/strong><\/li>\n\n\n\n<li><strong><a href=\"https:\/\/www.univ-oeb.dz\/ista\/wp-content\/uploads\/2024\/01\/Emploi-RT-M1.pdf\">Premi\u00e8re ann\u00e9e Master<\/a><\/strong><\/li>\n<\/ul>\n\n\n\n<p>&#8212;&#8212;&#8212;&#8212;&#8212;&#8212;&#8212;&#8212;&#8212;&#8212;&#8212;&#8212;&#8212;&#8212;&#8212;&#8212;&#8211;<\/p>\n\n\n\n<h3 class=\"wp-block-heading\">Emplois du Temps du premier semestre de l&rsquo;ann\u00e9e universitaire 2023-2024<\/h3>\n\n\n\n<ul class=\"wp-block-list\">\n<li><strong>Gestion des entreprises et des administrations<\/strong>: <strong><a href=\"https:\/\/www.univ-oeb.dz\/ista\/wp-content\/uploads\/2023\/09\/Emploi-GEA-AN.pdf\">Anglais <\/a>&#8211; <a href=\"https:\/\/www.univ-oeb.dz\/ista\/wp-content\/uploads\/2023\/09\/Emploi-GEA-FR.pdf\">Fran\u00e7ais<\/a><\/strong><\/li>\n<\/ul>\n\n\n\n<ul class=\"wp-block-list\">\n<li><strong><a href=\"https:\/\/www.univ-oeb.dz\/ista\/wp-content\/uploads\/2023\/09\/Emploi-MPH-23-24-S1-S3-S5-mod.pdf\">Mesures Physiques<\/a><\/strong><\/li>\n\n\n\n<li><strong>G\u00e9nie Biologique<\/strong>\n<ul class=\"wp-block-list\">\n<li><strong><a href=\"https:\/\/www.univ-oeb.dz\/ista\/wp-content\/uploads\/2023\/10\/emploi-du-temps-23-24-L1-S1-GB.pdf\">Premi\u00e8re ann\u00e9e<\/a><\/strong><\/li>\n\n\n\n<li><strong><a href=\"https:\/\/www.univ-oeb.dz\/ista\/wp-content\/uploads\/2023\/10\/emploi-du-temps-23-24-L2-S3-GB.pdf\">Deuxi\u00e8me ann\u00e9e<\/a><\/strong><\/li>\n\n\n\n<li><strong><a href=\"https:\/\/www.univ-oeb.dz\/ista\/wp-content\/uploads\/2023\/10\/emploi-du-temps-23-24-L3-S5-GB.pdf\">Troisi\u00e8me ann\u00e9e<\/a><\/strong><\/li>\n\n\n\n<li><strong><strong><a href=\"https:\/\/www.univ-oeb.dz\/ista\/wp-content\/uploads\/2023\/10\/emploi-du-temps-23-24-M2.S3-GB.pdf\">Deuxi\u00e8me ann\u00e9e Master<\/a><\/strong><\/strong><\/li>\n\n\n\n<li><\/li>\n<\/ul>\n<\/li>\n\n\n\n<li><strong>R\u00e9seaux et T\u00e9l\u00e9communications<\/strong>\n<ul class=\"wp-block-list\">\n<li><strong><a href=\"https:\/\/www.univ-oeb.dz\/ista\/wp-content\/uploads\/2023\/09\/Emploi-RT-L1-1.pdf\">Premi\u00e8re ann\u00e9e<\/a><\/strong><\/li>\n\n\n\n<li><strong><a href=\"https:\/\/www.univ-oeb.dz\/ista\/wp-content\/uploads\/2023\/09\/Emploi-RT-L2-1.pdf\">Deuxi\u00e8me ann\u00e9e<\/a><\/strong><\/li>\n\n\n\n<li><strong><a href=\"https:\/\/www.univ-oeb.dz\/ista\/wp-content\/uploads\/2023\/09\/Emploi-RT-L3-1.pdf\">Troisi\u00e8me ann\u00e9e<\/a><\/strong><\/li>\n\n\n\n<li><strong><a href=\"https:\/\/www.univ-oeb.dz\/ista\/wp-content\/uploads\/2023\/09\/Emploi-RT-M1-1.pdf\">Premi\u00e8re ann\u00e9e Master<\/a><\/strong><\/li>\n\n\n\n<li><strong><a href=\"https:\/\/www.univ-oeb.dz\/ista\/wp-content\/uploads\/2023\/09\/Emploi-RT-M2-1.pdf\">Deuxi\u00e8me ann\u00e9e Master<\/a><\/strong><\/li>\n<\/ul>\n<\/li>\n<\/ul>\n\n\n\n<hr class=\"wp-block-separator has-alpha-channel-opacity\"\/>\n\n\n\n<p><\/p>\n","protected":false},"excerpt":{"rendered":"<p>2025-2026 Emploi du temps du deuxi\u00e8me semestre R\u00e9seaux et T\u00e9l\u00e9communications Gestion des entreprises et des administrations Sciences alimentaires Premi\u00e8re ann\u00e9e Deuxi\u00e8me ann\u00e9e Premi\u00e8re ann\u00e9e Master Mesures Physiques Premi\u00e8re et deuxi\u00e8me ann\u00e9e Premi\u00e8re ann\u00e9e Master G\u00e9nie Industriel Emplois du Temps du premier semestre 2025-2026 R\u00e9seaux et T\u00e9l\u00e9communications &#8211; Modifi\u00e9 Mesures Physiques Mesures Physiques &#8211; Modifi\u00e9 Premi\u00e8re ann\u00e9e Master &#8211; Mesures Physiques G\u00e9nie industriel &#8211; Modifi\u00e9 Gestion des entreprises et des administrations &#8211; Modifi\u00e9 G\u00e9nie Biologique Premi\u00e8re ann\u00e9e &#8211; Modifi\u00e9 Deuxi\u00e8me ann\u00e9e &#8211; Modifi\u00e9 Troisi\u00e8me ann\u00e9e &#8211; Modifi\u00e9 Premi\u00e8re ann\u00e9e Master &#8211; Modifi\u00e9 Deuxi\u00e8me ann\u00e9e Master &#8211; Modifi\u00e9 Emploi du temps du deuxi\u00e8me semestre 2024-2025 R\u00e9seaux et T\u00e9l\u00e9communications Premi\u00e8re ann\u00e9e Deuxi\u00e8me ann\u00e9e Premi\u00e8re ann\u00e9e Master Mesures Physiques Mesures Physiques Gestion des unit\u00e9s de production G\u00e9nie Biologique Premi\u00e8re ann\u00e9e Deuxi\u00e8me ann\u00e9e Premi\u00e8re ann\u00e9e Master Gestion des entreprises et des administrations Premi\u00e8re et deuxi\u00e8me ann\u00e9e Emplois du Temps du premier semestre de l&rsquo;ann\u00e9e universitaire 2024-2025 R\u00e9seaux et T\u00e9l\u00e9communications Premi\u00e8re ann\u00e9e Deuxi\u00e8me ann\u00e9e Troisi\u00e8me ann\u00e9e Premi\u00e8re ann\u00e9e Master Deuxi\u00e8me ann\u00e9e Master Gestion des entreprises et des administrations G\u00e9nie Biologique Premi\u00e8re ann\u00e9e Deuxi\u00e8me ann\u00e9e Troisi\u00e8me ann\u00e9e Mesures Physiques Gestion des unit\u00e9s de production Emploi du temps du deuxi\u00e8me semestre 2023\/2024 Mesures Physiques G\u00e9nie Biologique Premi\u00e8re ann\u00e9e Deuxi\u00e8me ann\u00e9e R\u00e9seaux et T\u00e9l\u00e9communications Premi\u00e8re ann\u00e9e Deuxi\u00e8me ann\u00e9e Premi\u00e8re ann\u00e9e Master &#8212;&#8212;&#8212;&#8212;&#8212;&#8212;&#8212;&#8212;&#8212;&#8212;&#8212;&#8212;&#8212;&#8212;&#8212;&#8212;&#8211; Emplois du Temps du premier semestre de l&rsquo;ann\u00e9e universitaire 2023-2024 Gestion des entreprises et des administrations: Anglais &#8211; Fran\u00e7ais Mesures Physiques G\u00e9nie Biologique Premi\u00e8re ann\u00e9e Deuxi\u00e8me ann\u00e9e Troisi\u00e8me ann\u00e9e Deuxi\u00e8me ann\u00e9e Master R\u00e9seaux et T\u00e9l\u00e9communications Premi\u00e8re ann\u00e9e Deuxi\u00e8me ann\u00e9e Troisi\u00e8me ann\u00e9e Premi\u00e8re ann\u00e9e Master Deuxi\u00e8me ann\u00e9e Master<\/p>\n","protected":false},"author":1,"featured_media":0,"parent":0,"menu_order":0,"comment_status":"closed","ping_status":"closed","template":"","meta":{"footnotes":""},"class_list":["post-1261","page","type-page","status-publish","hentry"],"_links":{"self":[{"href":"https:\/\/www.univ-oeb.dz\/ista\/wp-json\/wp\/v2\/pages\/1261"}],"collection":[{"href":"https:\/\/www.univ-oeb.dz\/ista\/wp-json\/wp\/v2\/pages"}],"about":[{"href":"https:\/\/www.univ-oeb.dz\/ista\/wp-json\/wp\/v2\/types\/page"}],"author":[{"embeddable":true,"href":"https:\/\/www.univ-oeb.dz\/ista\/wp-json\/wp\/v2\/users\/1"}],"replies":[{"embeddable":true,"href":"https:\/\/www.univ-oeb.dz\/ista\/wp-json\/wp\/v2\/comments?post=1261"}],"version-history":[{"count":24,"href":"https:\/\/www.univ-oeb.dz\/ista\/wp-json\/wp\/v2\/pages\/1261\/revisions"}],"predecessor-version":[{"id":6298,"href":"https:\/\/www.univ-oeb.dz\/ista\/wp-json\/wp\/v2\/pages\/1261\/revisions\/6298"}],"wp:attachment":[{"href":"https:\/\/www.univ-oeb.dz\/ista\/wp-json\/wp\/v2\/media?parent=1261"}],"curies":[{"name":"wp","href":"https:\/\/api.w.org\/{rel}","templated":true}]}}