{"id":1170,"date":"2023-09-03T13:06:06","date_gmt":"2023-09-03T13:06:06","guid":{"rendered":"http:\/\/www.univ-oeb.dz\/ista\/?page_id=1170"},"modified":"2023-09-03T13:06:08","modified_gmt":"2023-09-03T13:06:08","slug":"%d9%84%d8%b9%d9%88%d8%b1-%d8%b5%d8%a7%d9%84%d8%ad","status":"publish","type":"page","link":"https:\/\/www.univ-oeb.dz\/ista\/%d9%84%d8%b9%d9%88%d8%b1-%d8%b5%d8%a7%d9%84%d8%ad\/","title":{"rendered":"\u0644\u0639\u0648\u0631 \u0635\u0627\u0644\u062d"},"content":{"rendered":"\n<p class=\"has-text-align-right\"><strong>\u0644\u0639\u0648\u0631 \u0635\u0627\u0644\u062d<\/strong><\/p>\n\n\n\n<p class=\"has-text-align-right\"><strong><a href=\"https:\/\/www.univ-oeb.dz\/ista\/wp-content\/uploads\/2023\/09\/Short-CV-Laouar.pdf\" target=\"_blank\" rel=\"noreferrer noopener\">\u0627\u0644\u0633\u064a\u0631\u0629 \u0627\u0644\u0630\u0627\u062a\u064a\u0629<\/a><\/strong><\/p>\n\n\n\n<p class=\"has-text-align-right\"><strong>Grade&nbsp;<\/strong>: Prof<\/p>\n\n\n\n<p class=\"has-text-align-right\"><strong>Email<\/strong>&nbsp;:&nbsp;<a href=\"mailto:laouar.salah@univ-oeb.dz\">laouar.salah@univ-oeb.dz<\/a><\/p>\n\n\n\n<blockquote class=\"wp-block-quote is-layout-flow wp-block-quote-is-layout-flow\">\n<h3 class=\"has-text-align-right wp-block-heading\"><strong>\u0627\u0644\u0645\u0646\u0634\u0648\u0631\u0627\u062a:<\/strong><\/h3>\n<\/blockquote>\n\n\n\n<p class=\"has-text-align-right\"><strong>:\u0622\u062e\u0631 \u0627\u0644\u0645\u0642\u0627\u0644\u0627\u062a&nbsp;<\/strong><\/p>\n\n\n\n<ul class=\"wp-block-list\">\n<li>Abdelghani Laouer, El Hacene Mezaache,&nbsp;<strong><u>Salah Laouar&nbsp;<\/u><\/strong>, \u201dInfluence of surface mass transfer on the stability of forced convection flow over an horizontal flat plate\u201d, Computational Thermal Sciences: An International Journal, DOI: 10.1615\/ComputThermalScien.2016016415;<\/li>\n\n\n\n<li>Abdelghani Laouer, El Hacene Mezaache,&nbsp;<strong><u>Salah Laouar&nbsp;<\/u><\/strong>, \u201d Study of the Effect of Parietal Suction and Blowing on the Stability of Laminar External Flow\u201d, International Journal of Heat and Technology, Vol. 34 No. 2, pp. 302-310, 2016, ISSN: 0392-8764;<\/li>\n\n\n\n<li><strong><u>Salah Laouar<\/u><\/strong>,&nbsp;Lamia Abada, El Hacene Mezaache, \u201dEtude de la convection naturelle dans un mod\u00e8le d\u2019habitat chauff\u00e9 p\u00e9riodiquement sur la demi face orient\u00e9e plein sud\u201d, Revue Sciences et Technologie A, Universit\u00e9 Constantine 1, N\u00b0 41 Juin 2015, pp. 33-38&nbsp;;<\/li>\n<\/ul>\n\n\n\n<ul class=\"wp-block-list\">\n<li><strong><u>Salah Laouar<\/u><\/strong>,&nbsp;Lamia Abada, El Hacene Mezaache, \u201dTransition to chaos in natural convection developed inside a closed enclosure containing a fluid with Prandtl number equal to 0.1\u201d, Conf\u00e9rence sur les syst\u00e8mes dynamiques complexes Alger 10-13 juin 2013, USTHB&nbsp;;<\/li>\n\n\n\n<li>Billel Boudjeniba,&nbsp;<strong><u>Salah Laouar<\/u><\/strong>, El Hacene Mezaache, \u201dEtude num\u00e9rique de la convection naturelle dans une cavit\u00e9 rectangulaire contenant des nanofluides\u201d, Second International Conference on Mechanics \u2013 ICM\u20192015, Universit\u00e9 Constantine1<\/li>\n<\/ul>\n\n\n\n<p><\/p>\n\n\n\n<blockquote class=\"wp-block-quote is-layout-flow wp-block-quote-is-layout-flow\">\n<h3 class=\"wp-block-heading\"><strong>Base Scopus:<\/strong><\/h3>\n\n\n\n<p><strong><a href=\"https:\/\/www.scopus.com\/authid\/detail.uri?authorId=6507464491\" target=\"_blank\" rel=\"noreferrer noopener\">Plus d\u2019information \u2026<\/a><\/strong><\/p>\n<\/blockquote>\n","protected":false},"excerpt":{"rendered":"<p>\u0644\u0639\u0648\u0631 \u0635\u0627\u0644\u062d \u0627\u0644\u0633\u064a\u0631\u0629 \u0627\u0644\u0630\u0627\u062a\u064a\u0629 Grade&nbsp;: Prof Email&nbsp;:&nbsp;laouar.salah@univ-oeb.dz \u0627\u0644\u0645\u0646\u0634\u0648\u0631\u0627\u062a: :\u0622\u062e\u0631 \u0627\u0644\u0645\u0642\u0627\u0644\u0627\u062a&nbsp; Abdelghani Laouer, El Hacene Mezaache,&nbsp;Salah Laouar&nbsp;, \u201dInfluence of surface mass transfer on the stability of forced convection flow over an horizontal flat plate\u201d, Computational Thermal Sciences: An International Journal, DOI: 10.1615\/ComputThermalScien.2016016415; Abdelghani Laouer, El Hacene Mezaache,&nbsp;Salah Laouar&nbsp;, \u201d Study of the Effect of Parietal Suction and Blowing on the Stability of Laminar External Flow\u201d, International Journal of Heat and Technology, Vol. 34 No. 2, pp. 302-310, 2016, ISSN: 0392-8764; Salah Laouar,&nbsp;Lamia Abada, El Hacene Mezaache, \u201dEtude de la convection naturelle dans un mod\u00e8le d\u2019habitat chauff\u00e9 p\u00e9riodiquement sur la demi face orient\u00e9e plein sud\u201d, Revue Sciences et Technologie A, Universit\u00e9 Constantine 1, N\u00b0 41 Juin 2015, pp. 33-38&nbsp;; Salah Laouar,&nbsp;Lamia Abada, El Hacene Mezaache, \u201dTransition to chaos in natural convection developed inside a closed enclosure containing a fluid with Prandtl number equal to 0.1\u201d, Conf\u00e9rence sur les syst\u00e8mes dynamiques complexes Alger 10-13 juin 2013, USTHB&nbsp;; Billel Boudjeniba,&nbsp;Salah Laouar, El Hacene Mezaache, \u201dEtude num\u00e9rique de la convection naturelle dans une cavit\u00e9 rectangulaire contenant des nanofluides\u201d, Second International Conference on Mechanics \u2013 ICM\u20192015, Universit\u00e9 Constantine1 Base Scopus: Plus d\u2019information \u2026<\/p>\n","protected":false},"author":1,"featured_media":0,"parent":0,"menu_order":0,"comment_status":"closed","ping_status":"closed","template":"","meta":{"footnotes":""},"class_list":["post-1170","page","type-page","status-publish","hentry"],"_links":{"self":[{"href":"https:\/\/www.univ-oeb.dz\/ista\/wp-json\/wp\/v2\/pages\/1170"}],"collection":[{"href":"https:\/\/www.univ-oeb.dz\/ista\/wp-json\/wp\/v2\/pages"}],"about":[{"href":"https:\/\/www.univ-oeb.dz\/ista\/wp-json\/wp\/v2\/types\/page"}],"author":[{"embeddable":true,"href":"https:\/\/www.univ-oeb.dz\/ista\/wp-json\/wp\/v2\/users\/1"}],"replies":[{"embeddable":true,"href":"https:\/\/www.univ-oeb.dz\/ista\/wp-json\/wp\/v2\/comments?post=1170"}],"version-history":[{"count":1,"href":"https:\/\/www.univ-oeb.dz\/ista\/wp-json\/wp\/v2\/pages\/1170\/revisions"}],"predecessor-version":[{"id":1172,"href":"https:\/\/www.univ-oeb.dz\/ista\/wp-json\/wp\/v2\/pages\/1170\/revisions\/1172"}],"wp:attachment":[{"href":"https:\/\/www.univ-oeb.dz\/ista\/wp-json\/wp\/v2\/media?parent=1170"}],"curies":[{"name":"wp","href":"https:\/\/api.w.org\/{rel}","templated":true}]}}