{"id":22,"date":"2022-03-28T21:50:57","date_gmt":"2022-03-28T19:50:57","guid":{"rendered":"http:\/\/www.univ-oeb.dz\/igtu\/?page_id=22"},"modified":"2025-10-21T12:46:26","modified_gmt":"2025-10-21T10:46:26","slug":"espace-etudiant","status":"publish","type":"page","link":"https:\/\/www.univ-oeb.dz\/igtu\/fr\/espace-etudiant\/","title":{"rendered":"Espace Etudiant"},"content":{"rendered":"\t\t<div data-elementor-type=\"wp-page\" data-elementor-id=\"22\" class=\"elementor elementor-22\">\n\t\t\t\t\t\t<section class=\"elementor-section elementor-top-section elementor-element elementor-element-5c5f8671 elementor-section-boxed elementor-section-height-default elementor-section-height-default wpr-particle-no wpr-jarallax-no wpr-parallax-no wpr-sticky-section-no\" data-id=\"5c5f8671\" data-element_type=\"section\">\n\t\t\t\t\t\t<div class=\"elementor-container elementor-column-gap-default\">\n\t\t\t\t\t<div class=\"elementor-column elementor-col-100 elementor-top-column elementor-element elementor-element-16ad5e81\" data-id=\"16ad5e81\" data-element_type=\"column\">\n\t\t\t<div class=\"elementor-widget-wrap elementor-element-populated\">\n\t\t\t\t\t\t<div class=\"elementor-element elementor-element-522b26bb elementor-widget elementor-widget-text-editor\" data-id=\"522b26bb\" data-element_type=\"widget\" data-widget_type=\"text-editor.default\">\n\t\t\t\t<div class=\"elementor-widget-container\">\n\t\t\t\t\t\t\t\t\t<ul><li><h2><span style=\"color: #000000;\"><strong><span class=\"Y2IQFc\" lang=\"fr\">Sp\u00e9cialisations acad\u00e9miques<\/span><\/strong><\/span><\/h2><\/li><\/ul><table class=\"auto-style1\" dir=\"ltr\"><tbody><tr><td style=\"text-align: center;\"><h4><strong><span style=\"color: #000000;\">\u00a0Examens premier semestre<\/span><\/strong><\/h4><\/td><td style=\"text-align: center;\"><h4><span style=\"color: #000000;\"><strong>Programme soutenance pr\u00e9liminaire<\/strong><\/span><\/h4><\/td><td style=\"text-align: center;\"><h4><span style=\"color: #000000;\"><strong>Offres de formation<\/strong><\/span><\/h4><\/td><td style=\"text-align: center;\"><h4><strong><span class=\"Y2IQFc\" lang=\"en\" style=\"color: #999999;\">Emplois Ramadan<\/span><\/strong><\/h4><\/td><td style=\"text-align: center;\"><h4><span style=\"color: #800000;\"><em><strong><span lang=\"en\" tabindex=\"0\">Emplois\u00a0 S-1\u00a0<\/span><\/strong><\/em><\/span><\/h4><\/td><td style=\"text-align: center;\"><h4><span style=\"color: #0000ff;\"><em><strong><span lang=\"en\" tabindex=\"0\">Les Groupes<\/span><\/strong><\/em><\/span><\/h4><\/td><td style=\"text-align: center; width: 213px;\"><h4><span style=\"color: #000000;\"><strong>Sp\u00e9cialit\u00e9s<\/strong><\/span><\/h4><\/td><td style=\"width: 90px;\">\u00a0<\/td><\/tr><tr><td class=\"auto-style2\" style=\"text-align: center;\" colspan=\"8\">\u00a0<\/td><\/tr><tr><td style=\"text-align: center;\"><strong>&#8211;<\/strong><\/td><td style=\"text-align: center;\"><strong>&#8211;<\/strong><\/td><td style=\"text-align: center;\" rowspan=\"6\"><h4><strong><span style=\"color: #0000ff;\"><a style=\"color: #0000ff;\" href=\"https:\/\/www.univ-oeb.dz\/igtu\/farb\/\" target=\"_blank\" rel=\"noopener\">Offres de formation licence acad\u00e9mique<\/a><\/span><\/strong><\/h4><\/td><td style=\"text-align: center;\"><span style=\"color: #808080;\"><strong>&#8211;<\/strong><\/span><\/td><td style=\"text-align: center;\"><h2><span style=\"color: #800000;\"><strong><a style=\"color: #800000;\" href=\"https:\/\/www.univ-oeb.dz\/igtu\/wp-content\/uploads\/2025\/10\/1gtu.pdf\" target=\"_blank\" rel=\"noopener\">Ici<\/a><\/strong><\/span><\/h2><\/td><td><h2 style=\"text-align: center;\"><span style=\"color: #0000ff;\"><strong><a style=\"color: #0000ff;\" href=\"https:\/\/www.univ-oeb.dz\/igtu\/wp-content\/uploads\/2025\/09\/1gtu-1.pdf\" target=\"_blank\" rel=\"noopener\">Ici<\/a><\/strong><\/span><\/h2><\/td><td style=\"text-align: center; width: 213px;\"><h2><span style=\"color: #000000;\"><strong>Tronc commun premi\u00e8re ann\u00e9e<\/strong><\/span><\/h2><\/td><td style=\"text-align: center; width: 90px;\" rowspan=\"6\"><h4><strong><span style=\"color: #333399;\">licence acad\u00e9mique<\/span><\/strong><\/h4><\/td><\/tr><tr><td style=\"text-align: center;\"><span style=\"color: #808080;\"><strong>&#8211;<\/strong><\/span><\/td><td style=\"text-align: center;\"><span style=\"color: #808080;\"><strong>&#8211;<\/strong><\/span><\/td><td style=\"text-align: center;\"><span style=\"color: #808080;\"><strong>&#8211;<\/strong><\/span><\/td><td style=\"text-align: center;\"><h2><span style=\"color: #800000;\"><strong><a style=\"color: #800000;\" href=\"https:\/\/www.univ-oeb.dz\/igtu\/wp-content\/uploads\/2025\/10\/1urb.pdf\" target=\"_blank\" rel=\"noopener\">Ici<\/a> <\/strong><\/span><\/h2><\/td><td style=\"text-align: center;\"><h2><span style=\"color: #0000ff;\"><strong><a style=\"color: #0000ff;\" href=\"https:\/\/www.univ-oeb.dz\/igtu\/wp-content\/uploads\/2025\/09\/1urb-1.pdf\" target=\"_blank\" rel=\"noopener\">Ici<\/a> <\/strong><\/span><\/h2><\/td><td style=\"text-align: center; width: 213px;\"><h2><span style=\"color: #000000;\"><strong><span style=\"font-family: inherit;\">premi\u00e8re ann\u00e9e <\/span>Construction\u00a0<\/strong><\/span><\/h2><\/td><\/tr><tr><td style=\"text-align: center;\"><strong>&#8211;<\/strong><\/td><td style=\"text-align: center;\"><strong>&#8211;<\/strong><\/td><td style=\"text-align: center;\"><strong>&#8211;<\/strong><\/td><td style=\"text-align: center;\"><h2><span style=\"color: #800000;\"><strong><a style=\"color: #800000;\" href=\"https:\/\/www.univ-oeb.dz\/igtu\/wp-content\/uploads\/2025\/10\/2gu.pdf\" target=\"_blank\" rel=\"noopener\">Ici<\/a><\/strong><\/span><\/h2><\/td><td style=\"text-align: center;\"><h2><span style=\"color: #0000ff;\"><strong><a style=\"color: #0000ff;\" href=\"https:\/\/www.univ-oeb.dz\/igtu\/wp-content\/uploads\/2025\/09\/2gu-1.pdf\" target=\"_blank\" rel=\"noopener\">Ici<\/a><\/strong><\/span><\/h2><\/td><td style=\"text-align: center; width: 213px;\"><h2><span style=\"color: #000000;\"><strong><span style=\"font-family: inherit;\">deuxi\u00e8me ann\u00e9e <\/span>G\u00e9nie urbain\u00a0<\/strong><\/span><\/h2><\/td><\/tr><tr><td style=\"text-align: center;\"><strong>&#8211;<\/strong><\/td><td style=\"text-align: center;\"><strong>&#8211;<\/strong><\/td><td style=\"text-align: center;\"><strong>&#8211;<\/strong><\/td><td style=\"text-align: center;\"><h2><span style=\"color: #800000;\"><strong><a style=\"color: #800000;\" href=\"https:\/\/www.univ-oeb.dz\/igtu\/wp-content\/uploads\/2025\/10\/3gu.pdf\" target=\"_blank\" rel=\"noopener\">Ici<\/a> <\/strong><\/span><\/h2><\/td><td><h2 style=\"text-align: center;\"><strong><span style=\"color: #0000ff;\"><a style=\"color: #0000ff;\" href=\"https:\/\/www.univ-oeb.dz\/igtu\/wp-content\/uploads\/2025\/09\/3gu-1.pdf\" target=\"_blank\" rel=\"noopener\">Ici<\/a> <\/span><\/strong><\/h2><\/td><td style=\"text-align: center; width: 213px;\"><h2><span style=\"color: #000000;\"><strong>Troisi\u00e8me ann\u00e9e g\u00e9nie urbaine<\/strong><\/span><\/h2><\/td><\/tr><tr><td style=\"text-align: center;\"><strong>&#8211;<\/strong><\/td><td style=\"text-align: center;\"><strong>&#8211;<\/strong><\/td><td style=\"text-align: center;\"><strong>&#8211;<\/strong><\/td><td style=\"text-align: center;\"><h2><span style=\"color: #800000;\"><a style=\"color: #800000;\" href=\"https:\/\/www.univ-oeb.dz\/igtu\/wp-content\/uploads\/2025\/10\/\u0633\u0646\u0629-\u062b\u0627\u0646\u064a\u0629-\u064a\u0633\u0627\u0646\u0633-\u062a\u0633\u064a\u064a\u0631-\u0627\u0644\u0645\u062f\u0646_1.pdf\" target=\"_blank\" rel=\"noopener\">Ici<\/a><\/span><\/h2><\/td><td><h2 style=\"text-align: center;\"><span style=\"color: #0000ff;\"><strong><a style=\"color: #0000ff;\" href=\"https:\/\/www.univ-oeb.dz\/igtu\/wp-content\/uploads\/2025\/09\/2gv-1.pdf\" target=\"_blank\" rel=\"noopener\">Ici<\/a><\/strong><\/span><\/h2><\/td><td style=\"text-align: center; width: 213px;\"><h2><strong><span style=\"color: #000000;\">Deuxi\u00e8me ann\u00e9e de gestion des villes<\/span><\/strong><\/h2><\/td><\/tr><tr><td style=\"text-align: center;\"><strong>&#8211;<\/strong><\/td><td style=\"text-align: center;\"><strong>&#8211;<\/strong><\/td><td style=\"text-align: center;\"><strong>&#8211;<\/strong><\/td><td style=\"text-align: center;\"><h2><span style=\"color: #800000;\"><strong><a style=\"color: #800000;\" href=\"https:\/\/www.univ-oeb.dz\/igtu\/wp-content\/uploads\/2025\/10\/3gv.pdf\" target=\"_blank\" rel=\"noopener\">Ici<\/a><\/strong><\/span><\/h2><\/td><td><h2 style=\"text-align: center;\"><span style=\"color: #0000ff;\"><strong><a style=\"color: #0000ff;\" href=\"https:\/\/www.univ-oeb.dz\/igtu\/wp-content\/uploads\/2025\/09\/3gv-1.pdf\" target=\"_blank\" rel=\"noopener\">Ici<\/a><\/strong><\/span><\/h2><\/td><td style=\"text-align: center; width: 213px;\"><h2><span style=\"color: #000000;\"><strong>Troisi\u00e8me ann\u00e9e gestion des villes<\/strong><\/span><\/h2><\/td><\/tr><tr><td class=\"auto-style1\" style=\"height: 26px;\" colspan=\"8\"><h4 style=\"text-align: center;\">\u00a0<\/h4><\/td><\/tr><tr><td style=\"text-align: center;\"><strong>&#8211;<\/strong><\/td><td style=\"text-align: center;\"><strong>&#8211;<\/strong><\/td><td style=\"text-align: center;\" rowspan=\"5\"><h4><span style=\"color: #0000ff;\"><a style=\"color: #0000ff;\" href=\"https:\/\/www.univ-oeb.dz\/igtu\/farb\/\" target=\"_blank\" rel=\"noopener\"><strong><span class=\"Y2IQFc\" lang=\"en\">Offres de formation Master acad\u00e9mique\u00a0<\/span><\/strong><\/a><\/span><\/h4><\/td><td style=\"text-align: center;\"><strong>&#8211;<\/strong><\/td><td style=\"text-align: center;\"><h2><span style=\"color: #800000;\"><strong><a style=\"color: #800000;\" href=\"https:\/\/www.univ-oeb.dz\/igtu\/wp-content\/uploads\/2025\/10\/1mres.pdf\" target=\"_blank\" rel=\"noopener\">Ici<\/a>\u00a0\u00a0<\/strong><\/span><\/h2><\/td><td style=\"text-align: center;\"><h2><span style=\"color: #0000ff;\"><strong><a style=\"color: #0000ff;\" href=\"https:\/\/www.univ-oeb.dz\/igtu\/wp-content\/uploads\/2025\/09\/1mres.pdf\" target=\"_blank\" rel=\"noopener\">Ici<\/a><\/strong><\/span><\/h2><\/td><td style=\"text-align: center; width: 213px;\"><h2><span style=\"color: #000000;\"><strong><span style=\"font-family: inherit;\">premi\u00e8re ann\u00e9e <\/span>r\u00e9seaux<span style=\"font-family: inherit;\">\u00a0urbain<\/span><\/strong><\/span><\/h2><\/td><td style=\"text-align: center; width: 90px;\" rowspan=\"5\"><h4><strong><span style=\"color: #333399;\">Master acad\u00e9mique<\/span><\/strong><\/h4><\/td><\/tr><tr><td style=\"text-align: center;\"><strong>&#8211;<\/strong><\/td><td style=\"text-align: center;\"><strong>&#8211;<\/strong><\/td><td style=\"text-align: center;\"><strong>&#8211;<\/strong><\/td><td style=\"text-align: right;\"><h2 style=\"text-align: center;\"><strong><span style=\"color: #800000;\"><a style=\"color: #800000;\" href=\"https:\/\/www.univ-oeb.dz\/igtu\/wp-content\/uploads\/2025\/10\/1mgv.pdf\" target=\"_blank\" rel=\"noopener\">Ici<\/a><\/span><\/strong><\/h2><\/td><td style=\"text-align: center;\"><h2><span style=\"color: #0000ff;\"><strong><a style=\"color: #0000ff;\" href=\"https:\/\/www.univ-oeb.dz\/igtu\/wp-content\/uploads\/2025\/09\/1mgv-1.pdf\" target=\"_blank\" rel=\"noopener\">Ici<\/a> <\/strong><\/span><\/h2><\/td><td style=\"text-align: center; width: 213px;\"><h2><strong><span style=\"color: #000000;\">Tronc commun premi\u00e8re ann\u00e9e GV<\/span><\/strong><\/h2><\/td><\/tr><tr><td style=\"text-align: center;\"><strong>&#8211;<\/strong><\/td><td style=\"text-align: center;\"><strong>&#8211;<\/strong><\/td><td style=\"text-align: center;\"><strong>&#8211;<\/strong><\/td><td style=\"text-align: center;\"><h2><span style=\"color: #800000;\"><strong><a style=\"color: #800000;\" href=\"https:\/\/www.univ-oeb.dz\/igtu\/wp-content\/uploads\/2025\/10\/2mtrsp.pdf\" target=\"_blank\" rel=\"noopener\">Ici<\/a><\/strong><\/span><\/h2><\/td><td style=\"text-align: center;\"><h2><span style=\"color: #0000ff;\">Ici<\/span><\/h2><\/td><td style=\"text-align: center; width: 213px;\"><h2><span style=\"color: #000000;\"><strong><span style=\"font-family: inherit;\">deuxi\u00e8me ann\u00e9e <\/span>transport<span style=\"font-family: inherit;\">\u00a0<\/span><\/strong><\/span><\/h2><\/td><\/tr><tr><td style=\"text-align: center;\"><strong>&#8211;<\/strong><\/td><td style=\"text-align: center;\"><strong>&#8211;<\/strong><\/td><td style=\"text-align: center;\"><strong>&#8211;<\/strong><\/td><td style=\"text-align: center;\"><h2><span style=\"color: #800000;\"><strong><a style=\"color: #800000;\" href=\"https:\/\/www.univ-oeb.dz\/igtu\/wp-content\/uploads\/2025\/10\/2mres.pdf\" target=\"_blank\" rel=\"noopener\">Ici<\/a><\/strong><\/span><\/h2><\/td><td style=\"text-align: center;\"><h2><span style=\"color: #0000ff;\"><strong><a style=\"color: #0000ff;\" href=\"https:\/\/www.univ-oeb.dz\/igtu\/wp-content\/uploads\/2025\/09\/2mres-1.pdf\" target=\"_blank\" rel=\"noopener\">Ici<\/a><\/strong><\/span><\/h2><\/td><td style=\"text-align: center; width: 213px;\"><h2><span style=\"color: #000000;\"><strong><span style=\"font-family: inherit;\">deuxi\u00e8me ann\u00e9e <\/span><span style=\"color: #000000;\">r\u00e9seaux<\/span><span style=\"font-family: inherit;\">\u00a0urbain<\/span><\/strong><\/span><\/h2><\/td><\/tr><tr><td style=\"text-align: center;\"><strong>&#8211;<\/strong><\/td><td style=\"text-align: center;\"><strong>&#8211;<\/strong><\/td><td style=\"text-align: center;\"><strong>&#8211;<\/strong><\/td><td style=\"text-align: center;\"><h2><span style=\"color: #800000;\"><strong><a style=\"color: #800000;\" href=\"https:\/\/www.univ-oeb.dz\/igtu\/wp-content\/uploads\/2025\/10\/2mgv.pdf\" target=\"_blank\" rel=\"noopener\">Ici<\/a><\/strong><\/span><\/h2><\/td><td style=\"text-align: center;\"><h2><span style=\"color: #0000ff;\"><strong><a style=\"color: #0000ff;\" href=\"https:\/\/www.univ-oeb.dz\/igtu\/wp-content\/uploads\/2025\/09\/2mgv-1.pdf\" target=\"_blank\" rel=\"noopener\">Ici<\/a> <\/strong><\/span><\/h2><\/td><td style=\"text-align: center; width: 213px;\"><h2><span style=\"color: #000000;\"><strong><span style=\"font-family: inherit;\">deuxi\u00e8me ann\u00e9e gestion des villes<\/span><\/strong><\/span><\/h2><\/td><\/tr><\/tbody><\/table><ul><li><h2>Sp\u00e9cialisations professionnelles<\/h2><\/li><\/ul><table class=\"auto-style1\" dir=\"ltr\"><tbody><tr><td class=\"auto-style2\" style=\"text-align: center;\"><h4><strong><span style=\"color: #000000;\">\u00a0Examens premier semestre<\/span><\/strong><\/h4><\/td><td class=\"auto-style2\" style=\"text-align: center;\"><h4><span style=\"color: #000000;\"><strong>Programme soutenance pr\u00e9liminaire<\/strong><\/span><\/h4><\/td><td class=\"auto-style2\" style=\"text-align: center; width: 138px;\"><h4><span style=\"color: #000000;\"><strong>Offres de formation<\/strong><\/span><\/h4><\/td><td class=\"auto-style2\" style=\"text-align: center;\"><h4><strong><span class=\"Y2IQFc\" lang=\"en\" style=\"color: #999999;\">Emplois Ramadan<\/span><\/strong><\/h4><\/td><td class=\"auto-style2\" style=\"text-align: center;\"><h4><span style=\"color: #800000;\"><em><strong><span lang=\"en\" tabindex=\"0\">Emplois\u00a0 S-1\u00a0<\/span><\/strong><\/em><\/span><\/h4><\/td><td class=\"auto-style2\" style=\"text-align: center;\"><h4><span style=\"color: #0000ff;\"><em><strong><span lang=\"en\" tabindex=\"0\">Les Groupes<\/span><\/strong><\/em><\/span><\/h4><\/td><td class=\"auto-style2\" style=\"text-align: center; width: 206px;\"><h4><span style=\"color: #000000;\"><strong>Sp\u00e9cialit\u00e9s<\/strong><\/span><\/h4><\/td><td class=\"auto-style2\" style=\"width: 98px;\">\u00a0<\/td><\/tr><tr><td class=\"auto-style2\" colspan=\"8\">\u00a0<\/td><\/tr><tr><td class=\"auto-style2\" style=\"text-align: center;\"><strong>&#8211;<\/strong><\/td><td class=\"auto-style2\" style=\"text-align: center;\"><strong>&#8211;<\/strong><\/td><td class=\"auto-style2\" style=\"text-align: center; width: 138px;\" rowspan=\"4\"><h4><strong><span style=\"color: #0000ff;\"><a style=\"color: #0000ff;\" href=\"https:\/\/www.univ-oeb.dz\/igtu\/farb\/\" target=\"_blank\" rel=\"noopener\">Offres de formation licence professionnelle<\/a><\/span><\/strong><\/h4><h4><span style=\"color: #0000ff;\">\u00a0<\/span><\/h4><\/td><td class=\"auto-style2\" style=\"text-align: center;\"><strong>&#8211;<\/strong><\/td><td class=\"auto-style2\" style=\"text-align: center;\"><h2><strong><span style=\"color: #800000;\"><a style=\"color: #800000;\" href=\"https:\/\/www.univ-oeb.dz\/igtu\/wp-content\/uploads\/2025\/10\/1gdd.pdf\" target=\"_blank\" rel=\"noopener\">Ici<\/a><\/span><\/strong><\/h2><\/td><td class=\"auto-style2\"><h2 style=\"text-align: center;\"><span style=\"color: #0000ff;\"><strong><a style=\"color: #0000ff;\" href=\"https:\/\/www.univ-oeb.dz\/igtu\/wp-content\/uploads\/2025\/09\/1gdd-1.pdf\" target=\"_blank\" rel=\"noopener\">Ici<\/a><\/strong><\/span><\/h2><\/td><td class=\"auto-style2\" style=\"text-align: center; width: 206px;\"><h2><span style=\"color: #000000;\"><strong>Premi\u00e8re ann\u00e9e de gestion des d\u00e9chets\u00a0<\/strong><\/span><\/h2><\/td><td class=\"auto-style2\" style=\"text-align: center; width: 98px;\" rowspan=\"4\"><h4><strong><span style=\"color: #333399;\">Licence professionnelle<\/span><\/strong><\/h4><h4><span class=\"Y2IQFc\" lang=\"en\">\u00a0<\/span><\/h4><\/td><\/tr><tr><td class=\"auto-style2\" style=\"text-align: center;\"><span style=\"color: #808080;\"><strong>&#8211;<\/strong><\/span><\/td><td class=\"auto-style2\" style=\"text-align: center;\"><span style=\"color: #808080;\"><strong>&#8211;<\/strong><\/span><\/td><td class=\"auto-style2\" style=\"text-align: center;\"><span style=\"color: #808080;\"><strong>&#8211;<\/strong><\/span><\/td><td class=\"auto-style2\" style=\"text-align: center;\"><h2><span style=\"color: #800000;\"><strong><a style=\"color: #800000;\" href=\"https:\/\/www.univ-oeb.dz\/igtu\/wp-content\/uploads\/2025\/10\/1gpc.pdf\" target=\"_blank\" rel=\"noopener\">Ici<\/a><\/strong><\/span><\/h2><\/td><td class=\"auto-style2\"><h2 style=\"text-align: center;\"><span style=\"color: #0000ff;\"><strong><a style=\"color: #0000ff;\" href=\"https:\/\/www.univ-oeb.dz\/igtu\/wp-content\/uploads\/2025\/09\/1mpc.pdf\" target=\"_blank\" rel=\"noopener\">Ici<\/a> <\/strong><\/span><\/h2><\/td><td class=\"auto-style2\" style=\"text-align: center; width: 206px;\"><h2><span style=\"color: #000000;\"><strong>Premi\u00e8re ann\u00e9e gestion projets\u00a0<\/strong><\/span><\/h2><\/td><\/tr><tr><td class=\"auto-style2\" style=\"text-align: center;\"><strong>&#8211;<\/strong><\/td><td class=\"auto-style2\" style=\"text-align: center;\"><strong>&#8211;<\/strong><\/td><td class=\"auto-style2\" style=\"text-align: center;\"><strong>&#8211;<\/strong><\/td><td class=\"auto-style2\" style=\"text-align: center;\"><h2><span style=\"color: #800000;\"><strong><a style=\"color: #800000;\" href=\"https:\/\/www.univ-oeb.dz\/igtu\/wp-content\/uploads\/2025\/10\/2gdd.pdf\" target=\"_blank\" rel=\"noopener\">Ici<\/a><\/strong><\/span><\/h2><\/td><td class=\"auto-style2\"><h2 style=\"text-align: center;\"><span style=\"color: #0000ff;\"><strong><a style=\"color: #0000ff;\" href=\"https:\/\/www.univ-oeb.dz\/igtu\/wp-content\/uploads\/2025\/09\/2gdd-1.pdf\" target=\"_blank\" rel=\"noopener\">Ici<\/a><\/strong><\/span><\/h2><\/td><td class=\"auto-style2\" style=\"text-align: center; width: 206px;\"><h2><span style=\"color: #000000;\"><strong><span style=\"color: #000000;\">deuxi\u00e8me<\/span>\u00a0 ann\u00e9e de gestion des d\u00e9chets\u00a0<\/strong><\/span><\/h2><\/td><\/tr><tr><td class=\"auto-style2\" style=\"text-align: center;\"><strong>&#8211;<\/strong><\/td><td class=\"auto-style2\" style=\"text-align: center;\"><strong>&#8211;<\/strong><\/td><td class=\"auto-style2\" style=\"text-align: center;\"><strong>&#8211;<\/strong><\/td><td class=\"auto-style2\" style=\"text-align: center;\"><h2><strong><span style=\"color: #800000;\"><a style=\"color: #800000;\" href=\"https:\/\/www.univ-oeb.dz\/igtu\/wp-content\/uploads\/2025\/10\/3gdd.pdf\" target=\"_blank\" rel=\"noopener\">Ici<\/a><\/span><\/strong><\/h2><\/td><td class=\"auto-style2\"><h2 style=\"text-align: center;\"><span style=\"color: #0000ff;\"><strong><a style=\"color: #0000ff;\" href=\"https:\/\/www.univ-oeb.dz\/igtu\/wp-content\/uploads\/2025\/09\/3gdd-1.pdf\" target=\"_blank\" rel=\"noopener\">Ici<\/a><\/strong><\/span><\/h2><\/td><td class=\"auto-style2\" style=\"text-align: center; width: 206px;\"><h2><span style=\"color: #000000;\"><strong><span style=\"color: #000000;\">troisi\u00e8me<\/span><\/strong><strong style=\"color: #000000;\">\u00a0ann\u00e9e de gestion des d\u00e9chets\u00a0<\/strong><\/span><\/h2><\/td><\/tr><tr><td class=\"auto-style2\" colspan=\"8\">\u00a0<\/td><\/tr><tr><td class=\"auto-style2\" style=\"text-align: center;\"><strong>&#8211;<\/strong><\/td><td class=\"auto-style2\" style=\"text-align: center;\"><strong>&#8211;<\/strong><\/td><td class=\"auto-style2\" style=\"text-align: center; width: 138px;\" rowspan=\"2\"><h4><span style=\"color: #0000ff;\"><a style=\"color: #0000ff;\" href=\"https:\/\/www.univ-oeb.dz\/igtu\/farb\/\" target=\"_blank\" rel=\"noopener\"><strong><span class=\"Y2IQFc\" lang=\"en\">Offres de formation Master professionnelle<\/span>\u00a0<\/strong><\/a><\/span><\/h4><\/td><td class=\"auto-style2\" style=\"text-align: center;\"><strong>&#8211;<\/strong><\/td><td class=\"auto-style2\" style=\"text-align: center;\"><h2><strong><span style=\"color: #800000;\"><a style=\"color: #800000;\" href=\"https:\/\/www.univ-oeb.dz\/igtu\/wp-content\/uploads\/2025\/10\/1mgdd.pdf\" target=\"_blank\" rel=\"noopener\">Ici<\/a><\/span><\/strong><\/h2><\/td><td class=\"auto-style2\" style=\"text-align: center;\"><h2><span style=\"color: #0000ff;\"><strong><a style=\"color: #0000ff;\" href=\"https:\/\/www.univ-oeb.dz\/igtu\/wp-content\/uploads\/2025\/09\/1mgdd.pdf\" target=\"_blank\" rel=\"noopener\">Ici<\/a><\/strong><\/span><\/h2><\/td><td class=\"auto-style2\" style=\"text-align: center; width: 206px;\"><h2><span style=\"color: #000000;\"><strong>Premi\u00e8re ann\u00e9e de traitement et de valorisation des d\u00e9chets urbains<\/strong><\/span><\/h2><\/td><td class=\"auto-style2\" style=\"text-align: center; width: 98px;\" rowspan=\"2\"><h4><span style=\"color: #000080;\"><strong><span class=\"Y2IQFc\" lang=\"en\">Master<\/span><\/strong><\/span><\/h4><h4><strong><span style=\"color: #333399;\">professionnelle<\/span><\/strong><\/h4><\/td><\/tr><tr><td class=\"auto-style2\" style=\"text-align: center;\">&#8211;<\/td><td class=\"auto-style2\" style=\"text-align: center;\">&#8211;<\/td><td class=\"auto-style2\" style=\"text-align: center;\">&#8211;<\/td><td class=\"auto-style2\" style=\"text-align: center;\"><h2><strong><span style=\"color: #800000;\"><a style=\"color: #800000;\" href=\"https:\/\/www.univ-oeb.dz\/igtu\/wp-content\/uploads\/2025\/10\/2mgdd.pdf\" target=\"_blank\" rel=\"noopener\">Ici<\/a><\/span><\/strong><\/h2><\/td><td class=\"auto-style2\"><h2 style=\"text-align: center;\"><span style=\"color: #0000ff;\"><strong><a style=\"color: #0000ff;\" href=\"https:\/\/www.univ-oeb.dz\/igtu\/wp-content\/uploads\/2025\/09\/2mgdd.pdf\" target=\"_blank\" rel=\"noopener\">Ici<\/a><\/strong><\/span><\/h2><\/td><td class=\"auto-style2\" style=\"text-align: center; width: 206px;\"><h2><span style=\"color: #000000;\"><strong>deuxi\u00e8me ann\u00e9e de traitement et de valorisation des d\u00e9chets urbains<\/strong><\/span><\/h2><\/td><\/tr><\/tbody><\/table>\t\t\t\t\t\t\t\t<\/div>\n\t\t\t\t<\/div>\n\t\t\t\t\t<\/div>\n\t\t<\/div>\n\t\t\t\t\t<\/div>\n\t\t<\/section>\n\t\t\t\t<\/div>\n\t\t","protected":false},"excerpt":{"rendered":"<p>Sp\u00e9cialisations acad\u00e9miques \u00a0Examens premier semestre Programme soutenance pr\u00e9liminaire Offres de formation Emplois Ramadan Emplois\u00a0 S-1\u00a0 Les Groupes Sp\u00e9cialit\u00e9s \u00a0 \u00a0 &#8211; &#8211; Offres de formation licence acad\u00e9mique &#8211; Ici Ici Tronc commun premi\u00e8re ann\u00e9e licence acad\u00e9mique &#8211; &#8211; &#8211; Ici Ici premi\u00e8re ann\u00e9e Construction\u00a0 &#8211; &#8211; &#8211; Ici Ici deuxi\u00e8me ann\u00e9e G\u00e9nie urbain\u00a0 &#8211; &#8211; &#8211; Ici Ici Troisi\u00e8me ann\u00e9e g\u00e9nie urbaine &#8211; &#8211; &#8211; Ici Ici Deuxi\u00e8me ann\u00e9e de gestion des villes &#8211; &#8211; &#8211; Ici Ici Troisi\u00e8me ann\u00e9e gestion des villes \u00a0 &#8211; &#8211; Offres de formation Master acad\u00e9mique\u00a0 &#8211; Ici\u00a0\u00a0 Ici premi\u00e8re ann\u00e9e r\u00e9seaux\u00a0urbain Master acad\u00e9mique &#8211; &#8211; &#8211; Ici Ici Tronc commun premi\u00e8re ann\u00e9e GV &#8211; &#8211; &#8211; Ici Ici deuxi\u00e8me ann\u00e9e transport\u00a0 &#8211; &#8211; &#8211; Ici Ici deuxi\u00e8me ann\u00e9e r\u00e9seaux\u00a0urbain &#8211; &#8211; &#8211; Ici Ici deuxi\u00e8me ann\u00e9e gestion des villes Sp\u00e9cialisations professionnelles \u00a0Examens premier semestre Programme soutenance pr\u00e9liminaire Offres de formation Emplois Ramadan Emplois\u00a0 S-1\u00a0 Les Groupes Sp\u00e9cialit\u00e9s \u00a0 \u00a0 &#8211; &#8211; Offres de formation licence professionnelle \u00a0 &#8211; Ici Ici Premi\u00e8re ann\u00e9e de gestion des d\u00e9chets\u00a0 Licence professionnelle \u00a0 &#8211; &#8211; &#8211; Ici Ici Premi\u00e8re ann\u00e9e gestion projets\u00a0 &#8211; &#8211; &#8211; Ici Ici deuxi\u00e8me\u00a0 ann\u00e9e de gestion des d\u00e9chets\u00a0 &#8211; &#8211; &#8211; Ici Ici troisi\u00e8me\u00a0ann\u00e9e de gestion des d\u00e9chets\u00a0 \u00a0 &#8211; &#8211; Offres de formation Master professionnelle\u00a0 &#8211; Ici Ici Premi\u00e8re ann\u00e9e de traitement et de valorisation des d\u00e9chets urbains Master professionnelle &#8211; &#8211; &#8211; Ici Ici deuxi\u00e8me ann\u00e9e de traitement et de valorisation des d\u00e9chets urbains<\/p>\n","protected":false},"author":1,"featured_media":0,"parent":0,"menu_order":0,"comment_status":"closed","ping_status":"closed","template":"","meta":{"_eb_attr":"","footnotes":""},"class_list":["post-22","page","type-page","status-publish","hentry"],"_links":{"self":[{"href":"https:\/\/www.univ-oeb.dz\/igtu\/wp-json\/wp\/v2\/pages\/22","targetHints":{"allow":["GET"]}}],"collection":[{"href":"https:\/\/www.univ-oeb.dz\/igtu\/wp-json\/wp\/v2\/pages"}],"about":[{"href":"https:\/\/www.univ-oeb.dz\/igtu\/wp-json\/wp\/v2\/types\/page"}],"author":[{"embeddable":true,"href":"https:\/\/www.univ-oeb.dz\/igtu\/wp-json\/wp\/v2\/users\/1"}],"replies":[{"embeddable":true,"href":"https:\/\/www.univ-oeb.dz\/igtu\/wp-json\/wp\/v2\/comments?post=22"}],"version-history":[{"count":4,"href":"https:\/\/www.univ-oeb.dz\/igtu\/wp-json\/wp\/v2\/pages\/22\/revisions"}],"predecessor-version":[{"id":17601,"href":"https:\/\/www.univ-oeb.dz\/igtu\/wp-json\/wp\/v2\/pages\/22\/revisions\/17601"}],"wp:attachment":[{"href":"https:\/\/www.univ-oeb.dz\/igtu\/wp-json\/wp\/v2\/media?parent=22"}],"curies":[{"name":"wp","href":"https:\/\/api.w.org\/{rel}","templated":true}]}}