{"id":2019,"date":"2018-12-03T15:03:21","date_gmt":"2018-12-03T14:03:21","guid":{"rendered":"http:\/\/www.univ-oeb.dz\/igtu\/?page_id=2019"},"modified":"2023-03-28T16:10:05","modified_gmt":"2023-03-28T14:10:05","slug":"yahia-amina","status":"publish","type":"page","link":"https:\/\/www.univ-oeb.dz\/igtu\/fr\/yahia-amina\/","title":{"rendered":"Yahia Amina"},"content":{"rendered":"<ul>\n<li style=\"text-align: right;\"><strong><em>\u0627\u0644\u0645\u0639\u0644\u0648\u0645\u0627\u062a \u0627\u0644\u0634\u062e\u0635\u064a\u0629 <\/em><\/strong><\/li>\n<li style=\"text-align: right;\">\u0627\u0633\u0645 \u0627\u0644\u0627\u0633\u062a\u0627\u0630:\u064a\u062d\u064a\u0649 \u0623\u0645\u064a\u0646\u0629<\/li>\n<li style=\"text-align: right;\">\u0627\u0644\u0623\u0633\u062a\u0627\u0630\u060c \u0642\u0633\u0645 \u062a\u0633\u064a\u064a\u0631 \u062a\u0642\u0646\u064a\u0627\u062a \u062d\u0636\u0631\u064a\u0629\u060c \u062c\u0627\u0645\u0639\u0629 \u0627\u0645 \u0627\u0644\u0628\u0648\u0627\u0642\u064a \u0627\u0644\u062c\u0632\u0627\u0626\u0631<\/li>\n<li style=\"text-align: right;\">\u0627\u0644\u0628\u0631\u064a\u062f \u0627\u0644\u0627\u0644\u0643\u062a\u0631\u0648\u0646\u064a: amira_urbain@hotmail.fr<\/li>\n<li style=\"text-align: right;\">\u0631\u0642\u0645 \u0627\u0644\u0647\u0627\u062a\u0641: 0550034942<\/li>\n<li style=\"text-align: right;\"><strong><em>\u0647\u0648\u064a\u0629 \u0627\u0644\u0628\u0627\u062d\u062b <\/em><\/strong><\/li>\n<li style=\"text-align: right;\">Google Scholar:<a href=\"https:\/\/scholar.google.com\/citations?view_op=new_articles&amp;hl=ar&amp;imq=amina+yahia\">https:\/\/scholar.google.com\/citations?view_op=new_articles&amp;hl=ar&amp;imq=amina+yahia#<\/a><\/li>\n<li style=\"text-align: right;\">ReaserchGate :<a href=\"https:\/\/www.researchgate.net\/login\">https:\/\/www.researchgate.net\/login<\/a><\/li>\n<li style=\"text-align: right;\">ORCID : https:\/\/orcid.org\/my-orcid?orcid=0000-0002-3782-1713&amp;justRegistered=true<\/li>\n<\/ul>\n<p style=\"text-align: right;\">\u0627\u0644\u062a\u0639\u0644\u064a\u0645*<\/p>\n<ul style=\"text-align: right;\">\n<li>\u062f\u0631\u062c\u0629 \u062f\u0643\u062a\u0648\u0631\u0627\u0647 \u0641\u064a: \u062a\u0633\u064a\u064a\u0631 \u0627\u0644\u0645\u062f\u0646<\/li>\n<li>\u062f\u0631\u062c\u0629 \u0645\u0627\u0633\u062a\u0631 \u0641\u064a:\u062a\u0633\u064a\u064a\u0631 \u0627\u0644\u0645\u062f\u0646<\/li>\n<li>\u062f\u0631\u062c\u0629 \u0644\u064a\u0633\u0627\u0646\u0633 \u0641\u064a: \u062a\u0633\u064a\u064a\u0631 \u062a\u0642\u0646\u064a\u0627\u062a \u062d\u0636\u0631\u064a\u0629.<\/li>\n<\/ul>\n<p style=\"text-align: right;\">\u0648\u0638\u0627\u0626\u0641 \u0648\u0645\u0624\u0633\u0633\u0627\u062a \u0627\u0644\u0627\u0646\u062a\u0633\u0627\u0628*<\/p>\n<ul style=\"text-align: right;\">\n<li>\u0623\u0633\u062a\u0627\u0630:\u0645\u062d\u0627\u0636\u0631 \u0627<\/li>\n<li>\u0627\u0633\u062a\u0627\u0630 \u0645\u0634\u0627\u0631\u0643:<\/li>\n<li>\u0631\u0626\u064a\u0633 \u0642\u0633\u0645:<\/li>\n<\/ul>\n<p style=\"text-align: right;\">\u0645\u0642\u0627\u064a\u064a\u0633 \u0627\u0644\u062a\u062f\u0631\u064a\u0633*<\/p>\n<p style=\"text-align: right;\">G\u00e9omatique appliqu\u00e9e: SIG et t\u00e9l\u00e9detection<\/p>\n<p style=\"text-align: right;\">Gestion des d\u00e9chets<\/p>\n<p style=\"text-align: right;\">\u0645\u0646\u0634\u0648\u0631\u0627\u062a \u062f\u0648\u0644\u064a\u0629*<\/p>\n<p style=\"text-align: right;\"><strong><em>https:\/\/www.asjp.cerist.dz\/en\/article\/185254 <\/em><\/strong><\/p>\n<p style=\"text-align: right;\"><strong><em>\u00a0<\/em><\/strong><\/p>\n<p style=\"text-align: right;\"><strong><em>\u00a0<\/em><\/strong><\/p>\n<p style=\"text-align: right;\">Interests and Qualifications<\/p>\n<p style=\"text-align: right;\">\u0627\u0647\u062a\u0645\u0627\u0645\u0627\u062a \u0648 \u0645\u0624\u0647\u0644\u0627\u062a*<\/p>\n<ul style=\"text-align: right;\">\n<li>\u0627\u0647\u062a\u0645\u0627\u0645\u0627\u062a: La digitalization dans le domaine de la gestion des d\u00e9chets<\/li>\n<\/ul>\n<h3 style=\"text-align: right;\"><strong>\u0645\u0624\u0647\u0644\u0627\u062a:<\/strong>Expert SIG et t\u00e9l\u00e9detection<\/h3>\n","protected":false},"excerpt":{"rendered":"<p>\u0627\u0644\u0645\u0639\u0644\u0648\u0645\u0627\u062a \u0627\u0644\u0634\u062e\u0635\u064a\u0629 \u0627\u0633\u0645 \u0627\u0644\u0627\u0633\u062a\u0627\u0630:\u064a\u062d\u064a\u0649 \u0623\u0645\u064a\u0646\u0629 \u0627\u0644\u0623\u0633\u062a\u0627\u0630\u060c \u0642\u0633\u0645 \u062a\u0633\u064a\u064a\u0631 \u062a\u0642\u0646\u064a\u0627\u062a \u062d\u0636\u0631\u064a\u0629\u060c \u062c\u0627\u0645\u0639\u0629 \u0627\u0645 \u0627\u0644\u0628\u0648\u0627\u0642\u064a \u0627\u0644\u062c\u0632\u0627\u0626\u0631 \u0627\u0644\u0628\u0631\u064a\u062f \u0627\u0644\u0627\u0644\u0643\u062a\u0631\u0648\u0646\u064a: amira_urbain@hotmail.fr \u0631\u0642\u0645 \u0627\u0644\u0647\u0627\u062a\u0641: 0550034942 \u0647\u0648\u064a\u0629 \u0627\u0644\u0628\u0627\u062d\u062b Google Scholar:https:\/\/scholar.google.com\/citations?view_op=new_articles&amp;hl=ar&amp;imq=amina+yahia# ReaserchGate :https:\/\/www.researchgate.net\/login ORCID : https:\/\/orcid.org\/my-orcid?orcid=0000-0002-3782-1713&amp;justRegistered=true \u0627\u0644\u062a\u0639\u0644\u064a\u0645* \u062f\u0631\u062c\u0629 \u062f\u0643\u062a\u0648\u0631\u0627\u0647 \u0641\u064a: \u062a\u0633\u064a\u064a\u0631 \u0627\u0644\u0645\u062f\u0646 \u062f\u0631\u062c\u0629 \u0645\u0627\u0633\u062a\u0631 \u0641\u064a:\u062a\u0633\u064a\u064a\u0631 \u0627\u0644\u0645\u062f\u0646 \u062f\u0631\u062c\u0629 \u0644\u064a\u0633\u0627\u0646\u0633 \u0641\u064a: \u062a\u0633\u064a\u064a\u0631 \u062a\u0642\u0646\u064a\u0627\u062a \u062d\u0636\u0631\u064a\u0629. \u0648\u0638\u0627\u0626\u0641 \u0648\u0645\u0624\u0633\u0633\u0627\u062a \u0627\u0644\u0627\u0646\u062a\u0633\u0627\u0628* \u0623\u0633\u062a\u0627\u0630:\u0645\u062d\u0627\u0636\u0631 \u0627 \u0627\u0633\u062a\u0627\u0630 \u0645\u0634\u0627\u0631\u0643: \u0631\u0626\u064a\u0633 \u0642\u0633\u0645: \u0645\u0642\u0627\u064a\u064a\u0633 \u0627\u0644\u062a\u062f\u0631\u064a\u0633* G\u00e9omatique appliqu\u00e9e: SIG et t\u00e9l\u00e9detection Gestion des d\u00e9chets \u0645\u0646\u0634\u0648\u0631\u0627\u062a \u062f\u0648\u0644\u064a\u0629* https:\/\/www.asjp.cerist.dz\/en\/article\/185254 \u00a0 \u00a0 Interests and Qualifications \u0627\u0647\u062a\u0645\u0627\u0645\u0627\u062a \u0648 \u0645\u0624\u0647\u0644\u0627\u062a* \u0627\u0647\u062a\u0645\u0627\u0645\u0627\u062a: La digitalization dans le domaine de la gestion des d\u00e9chets \u0645\u0624\u0647\u0644\u0627\u062a:Expert SIG et t\u00e9l\u00e9detection<\/p>\n","protected":false},"author":1,"featured_media":0,"parent":0,"menu_order":0,"comment_status":"closed","ping_status":"closed","template":"","meta":{"_eb_attr":"","footnotes":""},"class_list":["post-2019","page","type-page","status-publish","hentry"],"_links":{"self":[{"href":"https:\/\/www.univ-oeb.dz\/igtu\/wp-json\/wp\/v2\/pages\/2019","targetHints":{"allow":["GET"]}}],"collection":[{"href":"https:\/\/www.univ-oeb.dz\/igtu\/wp-json\/wp\/v2\/pages"}],"about":[{"href":"https:\/\/www.univ-oeb.dz\/igtu\/wp-json\/wp\/v2\/types\/page"}],"author":[{"embeddable":true,"href":"https:\/\/www.univ-oeb.dz\/igtu\/wp-json\/wp\/v2\/users\/1"}],"replies":[{"embeddable":true,"href":"https:\/\/www.univ-oeb.dz\/igtu\/wp-json\/wp\/v2\/comments?post=2019"}],"version-history":[{"count":0,"href":"https:\/\/www.univ-oeb.dz\/igtu\/wp-json\/wp\/v2\/pages\/2019\/revisions"}],"wp:attachment":[{"href":"https:\/\/www.univ-oeb.dz\/igtu\/wp-json\/wp\/v2\/media?parent=2019"}],"curies":[{"name":"wp","href":"https:\/\/api.w.org\/{rel}","templated":true}]}}