{"id":2017,"date":"2018-12-03T15:02:41","date_gmt":"2018-12-03T14:02:41","guid":{"rendered":"http:\/\/www.univ-oeb.dz\/igtu\/?page_id=2017"},"modified":"2018-12-24T14:03:10","modified_gmt":"2018-12-24T13:03:10","slug":"ben-aissa-maya-iness","status":"publish","type":"page","link":"https:\/\/www.univ-oeb.dz\/igtu\/fr\/ben-aissa-maya-iness\/","title":{"rendered":"Ben aissa Maya iness"},"content":{"rendered":"<p><strong>Mme. BENAISSA \u00e9p. MEDJMEDJ \u00a0Maya Ines <\/strong><\/p>\n<p><em>\u00a010, boulevard de la libert\u00e9 \u00ab\u00a0Coudiat\u00a0\u00bb, Constantine, Alg\u00e9rie<\/em><\/p>\n<p><em>Tel\u00a0: (+213)\u00a005 56 40 61 97<\/em><\/p>\n<p><em>Email\u00a0: benaissa-maya@hotmail.com <\/em><\/p>\n<p><em>Date de naissance\u00a0: 23 Mars 1987.<\/em><\/p>\n<p><em>Lieu de naissance\u00a0: Constantine, Alg\u00e9rie<\/em><\/p>\n<p>&nbsp;<\/p>\n<p><span style=\"color: #3366ff;\"><strong>Dipl\u00f4mes\u00a0<\/strong><\/span><\/p>\n<p><strong><em>2017\u00a0\u00a0\u00a0\u00a0\u00a0\u00a0\u00a0\u00a0\u00a0\u00a0\u00a0\u00a0\u00a0\u00a0\u00a0\u00a0\u00a0\u00a0\u00a0\u00a0\u00a0\u00a0\u00a0 <\/em>: <\/strong>Dipl\u00f4me de Doctorat en Gestion des Villes.<\/p>\n<p><strong><em>2009\u00a0 \u00a0 \u00a0 \u00a0 \u00a0 \u00a0 \u00a0 \u00a0 \u00a0 \u00a0 \u00a0 \u00a0<\/em>:<\/strong> Dipl\u00f4me de Master en Gestion des Villes.<\/p>\n<p><strong><em>2007\u00a0 \u00a0 \u00a0 \u00a0 \u00a0 \u00a0 \u00a0 \u00a0 \u00a0 \u00a0 \u00a0 \u00a0<\/em>:<\/strong> Dipl\u00f4me de Licence en Gestion des Techniques Urbaines.<\/p>\n<p><strong><em>2004\u00a0 \u00a0 \u00a0 \u00a0 \u00a0 \u00a0 \u00a0 \u00a0 \u00a0 \u00a0 \u00a0 \u00a0<\/em>:<\/strong> Baccalaur\u00e9at de l\u2019enseignement secondaire fili\u00e8re Scientifique.<\/p>\n<p>&nbsp;<\/p>\n<p><span style=\"color: #3366ff;\"><strong>Exp\u00e9rience professionnelle\u00a0:<\/strong><\/span><\/p>\n<p><strong><em>2009- 2010<\/em>\u00a0 \u00a0 \u00a0 \u00a0 \u00a0 \u00a0 \u00a0 \u00a0: <\/strong>Consultante au sein d\u2019un cabinet de g\u00e9om\u00e8tre expert foncier.<\/p>\n<p><strong><em>2011- 2012<\/em>\u00a0 \u00a0 \u00a0 \u00a0 \u00a0 \u00a0 \u00a0 \u00a0 \u00a0:<\/strong> Enseignante vacataire, module \u00ab\u00a0Atelier\u00a0\u00bb au sein de la facult\u00e9 des Sciences de la terre, de G\u00e9ographie et de\u00a0 l\u2019Am\u00e9nagement\u00a0 du territoire, d\u00e9partement de Gestion et Techniques Urbaines, Universit\u00e9\u00a0Mentouri de Constantine.<\/p>\n<p><strong><em>Mai 2012<\/em><\/strong>\u00a0 \u00a0 \u00a0 \u00a0 \u00a0 \u00a0 \u00a0 \u00a0 \u00a0 \u00a0\u00a0<strong>:<\/strong> Stage en France pour la recherche bibliographiques dans le cadre des \u00e9tudes\u00a0 universitaires.<\/p>\n<p><strong><em>2012- 2013<\/em>\u00a0 \u00a0 \u00a0 \u00a0 \u00a0 \u00a0 \u00a0 \u00a0 :<\/strong> Enseignante vacataire, module \u00ab\u00a0Gestion des villes\u00a0\u00bb au sein de la facult\u00e9 des Sciences de la terre, de G\u00e9ographie et de\u00a0 l\u2019Am\u00e9nagement\u00a0 du territoire, d\u00e9partement de Gestion et Techniques Urbaines, Universit\u00e9\u00a0Mentouri de Constantine.<\/p>\n<p><strong><em>2014\u00a0 \u00a0 \u00a0 \u00a0 \u00a0 \u00a0 \u00a0 \u00a0 \u00a0 \u00a0 \u00a0 \u00a0 \u00a0 \u00a0<\/em>: <\/strong>Participation \u00e0 un Colloque International organis\u00e9 par l\u2019Ecole Polytechnique d\u2019Architecture et d\u2019Urbanisme \u00e0 Alger sous le th\u00e8me\u00a0: \u00ab\u00a0D\u00e9fis et Perspectives de l\u2019Habitat en Alg\u00e9rie\u00a0: Comprendre Pour mieux Agir\u00a0\u00bb.<\/p>\n<p><strong><em>Avril 2015\u00a0 \u00a0 \u00a0 \u00a0 \u00a0 \u00a0 \u00a0 \u00a0<\/em>: <\/strong>Participation \u00e0 un Colloque International organis\u00e9 par l\u2019Universit\u00e9 Hadj Lakhdar Batna sous le th\u00e8me\u00a0: \u00ab\u00a0Habiter En Alg\u00e9rie\u00a0: Exp\u00e9riences et Comparaisons Internationales, Climats \u2013 Soci\u00e9t\u00e9s \u2013 Villes et Architectures\u00a0\u00bb.<\/p>\n<p><strong><em>Juin 2015\u00a0 \u00a0 \u00a0 \u00a0 \u00a0 \u00a0 \u00a0 \u00a0<\/em>: <\/strong>Participation \u00e0 une journ\u00e9e d\u2019\u00e9tude organis\u00e9e par l\u2019institut de gestion des techniques urbaines, Universit\u00e9 Salah Boubnider Constantine 3, sous le th\u00e8me\u00a0: \u00ab\u00a0Les changements climatiques et vuln\u00e9rabilit\u00e9 urbaine\u00a0\u00bb<\/p>\n<p><strong><em>D\u2019Aout 2015- Octobre 2017<\/em>: <\/strong>Ing\u00e9nieur au sein d\u2019un cabinet de g\u00e9om\u00e8tre expert foncier.<\/p>\n<p><strong><em>Octobre 2017 \u00e0 ce jour\u00a0:<\/em><\/strong> Maitre-Assistant \u2013B- \u00e0 l\u2019institut de GTU, Universit\u00e9 Larbi Ben M\u2019hidi, Oum El Bouaghi.<\/p>\n<p>&nbsp;<\/p>\n<p><span style=\"color: #3366ff;\"><strong>Comp\u00e9tences informatique\u00a0:<\/strong><\/span><\/p>\n<p><strong><em>Bureautique\u00a0 \u00a0 \u00a0 \u00a0 \u00a0 \u00a0<\/em><\/strong><strong>:<\/strong> Microsoft office (word, Excel, Power Point).<\/p>\n<p><strong><em>Logiciels\u00a0\u00a0\u00a0\u00a0\u00a0 \u00a0\u00a0\u00a0\u00a0\u00a0\u00a0\u00a0\u00a0\u00a0\u00a0\u00a0\u00a0<\/em>:<\/strong> Auto CAD 2D, Photoshop<strong>.<\/strong><\/p>\n<p>&nbsp;<\/p>\n<p><span style=\"color: #3366ff;\"><strong>Langues\u00a0:<\/strong><\/span><\/p>\n<p><strong><em>Arabe\u00a0\u00a0\u00a0 \u00a0\u00a0\u00a0\u00a0\u00a0\u00a0\u00a0\u00a0\u00a0\u00a0\u00a0\u00a0\u00a0\u00a0\u00a0\u00a0\u00a0\u00a0\u00a0<\/em>:<\/strong> tr\u00e8s bonne maitrise (orale et \u00e9crite).<\/p>\n<p><strong><em>Fran\u00e7ais\u00a0\u00a0\u00a0\u00a0\u00a0\u00a0\u00a0\u00a0\u00a0\u00a0\u00a0\u00a0\u00a0\u00a0\u00a0\u00a0\u00a0 <\/em>:<\/strong> tr\u00e8s bonne maitrise (orale et \u00e9crite).<\/p>\n<p><strong><em>Anglais\u00a0\u00a0\u00a0\u00a0\u00a0\u00a0\u00a0\u00a0\u00a0\u00a0\u00a0\u00a0\u00a0\u00a0\u00a0\u00a0\u00a0\u00a0\u00a0 <\/em>:<\/strong> bonne maitrise (orale et \u00e9crite).<\/p>\n","protected":false},"excerpt":{"rendered":"<p>Mme. BENAISSA \u00e9p. MEDJMEDJ \u00a0Maya Ines \u00a010, boulevard de la libert\u00e9 \u00ab\u00a0Coudiat\u00a0\u00bb, Constantine, Alg\u00e9rie Tel\u00a0: (+213)\u00a005 56 40 61 97 Email\u00a0: benaissa-maya@hotmail.com Date de naissance\u00a0: 23 Mars 1987. Lieu de naissance\u00a0: Constantine, Alg\u00e9rie &nbsp; Dipl\u00f4mes\u00a0 2017\u00a0\u00a0\u00a0\u00a0\u00a0\u00a0\u00a0\u00a0\u00a0\u00a0\u00a0\u00a0\u00a0\u00a0\u00a0\u00a0\u00a0\u00a0\u00a0\u00a0\u00a0\u00a0\u00a0 : Dipl\u00f4me de Doctorat en Gestion des Villes. 2009\u00a0 \u00a0 \u00a0 \u00a0 \u00a0 \u00a0 \u00a0 \u00a0 \u00a0 \u00a0 \u00a0 \u00a0: Dipl\u00f4me de Master en Gestion des Villes. 2007\u00a0 \u00a0 \u00a0 \u00a0 \u00a0 \u00a0 \u00a0 \u00a0 \u00a0 \u00a0 \u00a0 \u00a0: Dipl\u00f4me de Licence en Gestion des Techniques Urbaines. 2004\u00a0 \u00a0 \u00a0 \u00a0 \u00a0 \u00a0 \u00a0 \u00a0 \u00a0 \u00a0 \u00a0 \u00a0: Baccalaur\u00e9at de l\u2019enseignement secondaire fili\u00e8re Scientifique. &nbsp; Exp\u00e9rience professionnelle\u00a0: 2009- 2010\u00a0 \u00a0 \u00a0 \u00a0 \u00a0 \u00a0 \u00a0 \u00a0: Consultante au sein d\u2019un cabinet de g\u00e9om\u00e8tre expert foncier. 2011- 2012\u00a0 \u00a0 \u00a0 \u00a0 \u00a0 \u00a0 \u00a0 \u00a0 \u00a0: Enseignante vacataire, module \u00ab\u00a0Atelier\u00a0\u00bb au sein de la facult\u00e9 des Sciences de la terre, de G\u00e9ographie et de\u00a0 l\u2019Am\u00e9nagement\u00a0 du territoire, d\u00e9partement de Gestion et Techniques Urbaines, Universit\u00e9\u00a0Mentouri de Constantine. Mai 2012\u00a0 \u00a0 \u00a0 \u00a0 \u00a0 \u00a0 \u00a0 \u00a0 \u00a0 \u00a0\u00a0: Stage en France pour la recherche bibliographiques dans le cadre des \u00e9tudes\u00a0 universitaires. 2012- 2013\u00a0 \u00a0 \u00a0 \u00a0 \u00a0 \u00a0 \u00a0 \u00a0 : Enseignante vacataire, module \u00ab\u00a0Gestion des villes\u00a0\u00bb au sein de la facult\u00e9 des Sciences de la terre, de G\u00e9ographie et de\u00a0 l\u2019Am\u00e9nagement\u00a0 du territoire, d\u00e9partement de Gestion et Techniques Urbaines, Universit\u00e9\u00a0Mentouri de Constantine. 2014\u00a0 \u00a0 \u00a0 \u00a0 \u00a0 \u00a0 \u00a0 \u00a0 \u00a0 \u00a0 \u00a0 \u00a0 \u00a0 \u00a0: Participation \u00e0 un Colloque International organis\u00e9 par l\u2019Ecole Polytechnique d\u2019Architecture et d\u2019Urbanisme \u00e0 Alger sous le th\u00e8me\u00a0: \u00ab\u00a0D\u00e9fis et Perspectives de l\u2019Habitat en Alg\u00e9rie\u00a0: Comprendre Pour mieux Agir\u00a0\u00bb. Avril 2015\u00a0 \u00a0 \u00a0 \u00a0 \u00a0 \u00a0 \u00a0 \u00a0: Participation \u00e0 un Colloque International organis\u00e9 par l\u2019Universit\u00e9 Hadj Lakhdar Batna sous le th\u00e8me\u00a0: \u00ab\u00a0Habiter En Alg\u00e9rie\u00a0: Exp\u00e9riences et Comparaisons Internationales, Climats \u2013 Soci\u00e9t\u00e9s \u2013 Villes et Architectures\u00a0\u00bb. Juin 2015\u00a0 \u00a0 \u00a0 \u00a0 \u00a0 \u00a0 \u00a0 \u00a0: Participation \u00e0 une journ\u00e9e d\u2019\u00e9tude organis\u00e9e par l\u2019institut de gestion des techniques urbaines, Universit\u00e9 Salah Boubnider Constantine 3, sous le th\u00e8me\u00a0: \u00ab\u00a0Les changements climatiques et vuln\u00e9rabilit\u00e9 urbaine\u00a0\u00bb D\u2019Aout 2015- Octobre 2017: Ing\u00e9nieur au sein d\u2019un cabinet de g\u00e9om\u00e8tre expert foncier. Octobre 2017 \u00e0 ce jour\u00a0: Maitre-Assistant \u2013B- \u00e0 l\u2019institut de GTU, Universit\u00e9 Larbi Ben M\u2019hidi, Oum El Bouaghi. &nbsp; Comp\u00e9tences informatique\u00a0: Bureautique\u00a0 \u00a0 \u00a0 \u00a0 \u00a0 \u00a0: Microsoft office (word, Excel, Power Point). Logiciels\u00a0\u00a0\u00a0\u00a0\u00a0 \u00a0\u00a0\u00a0\u00a0\u00a0\u00a0\u00a0\u00a0\u00a0\u00a0\u00a0\u00a0: Auto CAD 2D, Photoshop. &nbsp; Langues\u00a0: Arabe\u00a0\u00a0\u00a0 \u00a0\u00a0\u00a0\u00a0\u00a0\u00a0\u00a0\u00a0\u00a0\u00a0\u00a0\u00a0\u00a0\u00a0\u00a0\u00a0\u00a0\u00a0\u00a0: tr\u00e8s bonne maitrise (orale et \u00e9crite). Fran\u00e7ais\u00a0\u00a0\u00a0\u00a0\u00a0\u00a0\u00a0\u00a0\u00a0\u00a0\u00a0\u00a0\u00a0\u00a0\u00a0\u00a0\u00a0 : tr\u00e8s bonne maitrise (orale et \u00e9crite). Anglais\u00a0\u00a0\u00a0\u00a0\u00a0\u00a0\u00a0\u00a0\u00a0\u00a0\u00a0\u00a0\u00a0\u00a0\u00a0\u00a0\u00a0\u00a0\u00a0 : bonne maitrise (orale et \u00e9crite).<\/p>\n","protected":false},"author":1,"featured_media":0,"parent":0,"menu_order":0,"comment_status":"closed","ping_status":"closed","template":"","meta":{"_eb_attr":"","footnotes":""},"class_list":["post-2017","page","type-page","status-publish","hentry"],"_links":{"self":[{"href":"https:\/\/www.univ-oeb.dz\/igtu\/wp-json\/wp\/v2\/pages\/2017","targetHints":{"allow":["GET"]}}],"collection":[{"href":"https:\/\/www.univ-oeb.dz\/igtu\/wp-json\/wp\/v2\/pages"}],"about":[{"href":"https:\/\/www.univ-oeb.dz\/igtu\/wp-json\/wp\/v2\/types\/page"}],"author":[{"embeddable":true,"href":"https:\/\/www.univ-oeb.dz\/igtu\/wp-json\/wp\/v2\/users\/1"}],"replies":[{"embeddable":true,"href":"https:\/\/www.univ-oeb.dz\/igtu\/wp-json\/wp\/v2\/comments?post=2017"}],"version-history":[{"count":0,"href":"https:\/\/www.univ-oeb.dz\/igtu\/wp-json\/wp\/v2\/pages\/2017\/revisions"}],"wp:attachment":[{"href":"https:\/\/www.univ-oeb.dz\/igtu\/wp-json\/wp\/v2\/media?parent=2017"}],"curies":[{"name":"wp","href":"https:\/\/api.w.org\/{rel}","templated":true}]}}