{"id":2003,"date":"2018-12-03T14:59:39","date_gmt":"2018-12-03T13:59:39","guid":{"rendered":"http:\/\/www.univ-oeb.dz\/igtu\/?page_id=2003"},"modified":"2018-12-23T14:26:38","modified_gmt":"2018-12-23T13:26:38","slug":"boumerdas-moufida","status":"publish","type":"page","link":"https:\/\/www.univ-oeb.dz\/igtu\/fr\/boumerdas-moufida\/","title":{"rendered":"Boumerdas Moufida"},"content":{"rendered":"<h3><em><strong>Nom: Boumerdas<\/strong><\/em><br \/>\n<em><strong>Pr\u00e9nom: Moufida<\/strong><\/em><br \/>\n<em><strong>Date &amp; lieu de naissance: 24\/09\/1984 \u00e0 Constantine<\/strong><\/em><br \/>\n<em><strong>Grade: ma\u00eetre assistante.<\/strong><\/em><br \/>\n<em><strong>Adresse e-mail : boumerdas.moufida@yahoo.fr<\/strong><\/em><\/h3>\n<h3><em><strong><span style=\"color: #3366ff;\">ETUDES ET DIPLOMES :<\/span><\/strong><\/em><\/h3>\n<h3><em><strong>Septembre 2002-juillet 2007 : Obtention du dipl\u00f4me d\u2019Ing\u00e9nieur\u00a0<\/strong><\/em><em><strong>d\u2019Etat en architecture.<\/strong><\/em><br \/>\n<em><strong>D\u00e9cembre 2011-d\u00e9cembre 2014 : Obtention du dipl\u00f4me de\u00a0<\/strong><\/em><em><strong>magister en architecture option habitat et environnement urbain.<\/strong><\/em><br \/>\n<em><strong>Avril 2016 : participation \u00e0 la 1\u00e8re session de formation des\u00a0<\/strong><\/em><em><strong>enseignants chercheurs \u2013Universit\u00e9 Larbi Ben M\u2019hidi OEB- sous\u00a0<\/strong><\/em><em><strong>l\u2019intitul\u00e9 \u00ab La psycho \u2013 p\u00e9dagogie dans l\u2019enseignement\u00a0<\/strong><\/em><em><strong>sup\u00e9rieur \u00bb atelier dirig\u00e9 par Mr Ali Kouadria.<\/strong><\/em><br \/>\n<em><strong>Septembre 2016 : participation \u00e0 la formation des enseignants\u00a0<\/strong><\/em><em><strong>chercheurs \u2013Universit\u00e9 Larbi Ben M\u2019hidi OEB- pour la\u00a0<\/strong><\/em><em><strong>conception d\u2019un cours en ligne Moodle.<\/strong><\/em><br \/>\n<em><strong>Novembre 2016 : participation \u00e0 l\u2019organisation d\u2019une journ\u00e9e\u00a0<\/strong><\/em><em><strong>d\u2019\u00e9tude \u2013Universit\u00e9 Larbi Ben M\u2019hidi OEB- Institut Gestion des\u00a0<\/strong><\/em><em><strong>Techniques Urbaines- sous l\u2019intitul\u00e9 \u00ab LA CENTRALIT\u00c9 DANS\u00a0<\/strong><\/em><em><strong>LES VILLES ALGERIENNES: de la dimension sociale \u00e0 la<\/strong><\/em><br \/>\n<em><strong>dimension spatiale \u00bb.<\/strong><\/em><\/h3>\n<h3><em><strong><span style=\"color: #3366ff;\">EXPERIENCE PROFESSIONNELLE<\/span><\/strong><\/em><\/h3>\n<h3><em><strong>-Juin 2008- septembre 2015 : occupe un poste \u00e0 Entreprise M\u00e9tro\u00a0<\/strong><\/em><em><strong>d\u2019Alger (ma\u00eetre d\u2019ouvrage d\u00e9l\u00e9gu\u00e9, charg\u00e9 de la conduite et du\u00a0<\/strong><\/em><em><strong>suivi de la r\u00e9alisation et de l\u2019exploitation du projet du tramway\u00a0<\/strong><\/em><em><strong>de Constantine) en qualit\u00e9 d\u2019ing\u00e9nieur d\u2019\u00e9tudes techniques\u00a0<\/strong><\/em><em><strong>niveau 3:<\/strong><\/em><br \/>\n<em><strong>-Participation \u00e0 la supervision du chantier de la premi\u00e8re\u00a0<\/strong><\/em><em><strong>ligne de tramway de Constantine, depuis son d\u00e9marrage\u00a0<\/strong><\/em><em><strong>jusqu\u2019\u00e0 la r\u00e9ception provisoire.<\/strong><\/em><\/h3>\n<h3><em><strong>-Participation aux r\u00e9unions de coordination avec le groupement de la r\u00e9alisation et la ma\u00eetrise d\u2019oeuvre.<\/strong><\/em><br \/>\n<em><strong>&#8211; Participation \u00e0 la gestion et au suivi du contrat de r\u00e9alisation.<\/strong><\/em><br \/>\n<em><strong>&#8211; Participation \u00e0 la validation du trac\u00e9 de l\u2019extension du tramway vers la nouvelle ville, ainsi que du dossier de l\u2019insertion urbaine dans la phase de conception.<\/strong><\/em><br \/>\n<em><strong>&#8211; Participation aux r\u00e9unions avec l\u2019exploitant pour la gestion des sites et la maintenance des espaces verts, de la voie ferr\u00e9e et des ouvrages d\u2019art.<\/strong><\/em><br \/>\n<em><strong>-Participation \u00e0 la gestion et au suivi du contrat de l\u2019exploitation.<\/strong><\/em><br \/>\n<em><strong>Ann\u00e9e universitaire 2013-2014 : enseignante au d\u00e9partement d\u2019urbanisme \u00e0 la facult\u00e9 d\u2019architecture et d\u2019urbanisme (universit\u00e9 de Constantine 3) : module atelier, pour le compte de la 2\u00e8me ann\u00e9e Licence urbanisme, en tant que vacataire.<\/strong><\/em><br \/>\n<em><strong>-2\u00e8me semestre ann\u00e9e universitaire 2014-2015 : enseignante au d\u00e9partement Sciences G\u00e9ographiques et Topographiques \u00e0 la facult\u00e9 des Sciences de la Terre, de la G\u00e9ographie et de l\u2019Am\u00e9nagement du Territoire (universit\u00e9 de Constantine 1) : module Urbanisme T.D, pour le compte de la 1\u00e8re ann\u00e9e tronc commun GAT, en tant que vacataire.<\/strong><\/em><br \/>\n<em><strong>-septembre 2015- \u00e0 nos jours : occupe un poste \u00e0 Universit\u00e9 Larbi Ben M\u2019hidi OEB- Institut Gestion des Techniques Urbaines, en qualit\u00e9 de ma\u00eetre assistante B :<\/strong><\/em><br \/>\n<em><strong>&#8211; Cours et TD pour les modules : Mobilit\u00e9 et Urbanisme, la Gestion des Risques dans le Milieu Urbain, et Techniques des Mat\u00e9riaux de Construction.<\/strong><\/em><br \/>\n<em><strong>&#8211; Encadrement des \u00e9tudiants de Master 2<\/strong><\/em><\/h3>\n<h3><em><strong><span style=\"color: #3366ff;\">LANGUES MAITRISEES:<\/span><\/strong><\/em><\/h3>\n<h3><em><strong>Arabe : tr\u00e8s bien.<\/strong><\/em><br \/>\n<em><strong>Fran\u00e7ais : tr\u00e8s bien.<\/strong><\/em><br \/>\n<em><strong>Anglais : bien<\/strong><\/em><\/h3>\n<h3><em><strong><span style=\"color: #3366ff;\">DIVERS:<\/span><\/strong><\/em><\/h3>\n<h3><em><strong>S\u00e9rieuse, dynamique, organis\u00e9e, responsable, ayant un sens tr\u00e8s d\u00e9velopp\u00e9 du travail en groupe et de la communication.<\/strong><\/em><br \/>\n<em><strong>Tr\u00e8s bonne ma\u00eetrise de l\u2019outil informatique (word, excel, power point et Autocad).<\/strong><\/em><\/h3>\n","protected":false},"excerpt":{"rendered":"<p>Nom: Boumerdas Pr\u00e9nom: Moufida Date &amp; lieu de naissance: 24\/09\/1984 \u00e0 Constantine Grade: ma\u00eetre assistante. Adresse e-mail : boumerdas.moufida@yahoo.fr ETUDES ET DIPLOMES : Septembre 2002-juillet 2007 : Obtention du dipl\u00f4me d\u2019Ing\u00e9nieur\u00a0d\u2019Etat en architecture. D\u00e9cembre 2011-d\u00e9cembre 2014 : Obtention du dipl\u00f4me de\u00a0magister en architecture option habitat et environnement urbain. Avril 2016 : participation \u00e0 la 1\u00e8re session de formation des\u00a0enseignants chercheurs \u2013Universit\u00e9 Larbi Ben M\u2019hidi OEB- sous\u00a0l\u2019intitul\u00e9 \u00ab La psycho \u2013 p\u00e9dagogie dans l\u2019enseignement\u00a0sup\u00e9rieur \u00bb atelier dirig\u00e9 par Mr Ali Kouadria. Septembre 2016 : participation \u00e0 la formation des enseignants\u00a0chercheurs \u2013Universit\u00e9 Larbi Ben M\u2019hidi OEB- pour la\u00a0conception d\u2019un cours en ligne Moodle. Novembre 2016 : participation \u00e0 l\u2019organisation d\u2019une journ\u00e9e\u00a0d\u2019\u00e9tude \u2013Universit\u00e9 Larbi Ben M\u2019hidi OEB- Institut Gestion des\u00a0Techniques Urbaines- sous l\u2019intitul\u00e9 \u00ab LA CENTRALIT\u00c9 DANS\u00a0LES VILLES ALGERIENNES: de la dimension sociale \u00e0 la dimension spatiale \u00bb. EXPERIENCE PROFESSIONNELLE -Juin 2008- septembre 2015 : occupe un poste \u00e0 Entreprise M\u00e9tro\u00a0d\u2019Alger (ma\u00eetre d\u2019ouvrage d\u00e9l\u00e9gu\u00e9, charg\u00e9 de la conduite et du\u00a0suivi de la r\u00e9alisation et de l\u2019exploitation du projet du tramway\u00a0de Constantine) en qualit\u00e9 d\u2019ing\u00e9nieur d\u2019\u00e9tudes techniques\u00a0niveau 3: -Participation \u00e0 la supervision du chantier de la premi\u00e8re\u00a0ligne de tramway de Constantine, depuis son d\u00e9marrage\u00a0jusqu\u2019\u00e0 la r\u00e9ception provisoire. -Participation aux r\u00e9unions de coordination avec le groupement de la r\u00e9alisation et la ma\u00eetrise d\u2019oeuvre. &#8211; Participation \u00e0 la gestion et au suivi du contrat de r\u00e9alisation. &#8211; Participation \u00e0 la validation du trac\u00e9 de l\u2019extension du tramway vers la nouvelle ville, ainsi que du dossier de l\u2019insertion urbaine dans la phase de conception. &#8211; Participation aux r\u00e9unions avec l\u2019exploitant pour la gestion des sites et la maintenance des espaces verts, de la voie ferr\u00e9e et des ouvrages d\u2019art. -Participation \u00e0 la gestion et au suivi du contrat de l\u2019exploitation. Ann\u00e9e universitaire 2013-2014 : enseignante au d\u00e9partement d\u2019urbanisme \u00e0 la facult\u00e9 d\u2019architecture et d\u2019urbanisme (universit\u00e9 de Constantine 3) : module atelier, pour le compte de la 2\u00e8me ann\u00e9e Licence urbanisme, en tant que vacataire. -2\u00e8me semestre ann\u00e9e universitaire 2014-2015 : enseignante au d\u00e9partement Sciences G\u00e9ographiques et Topographiques \u00e0 la facult\u00e9 des Sciences de la Terre, de la G\u00e9ographie et de l\u2019Am\u00e9nagement du Territoire (universit\u00e9 de Constantine 1) : module Urbanisme T.D, pour le compte de la 1\u00e8re ann\u00e9e tronc commun GAT, en tant que vacataire. -septembre 2015- \u00e0 nos jours : occupe un poste \u00e0 Universit\u00e9 Larbi Ben M\u2019hidi OEB- Institut Gestion des Techniques Urbaines, en qualit\u00e9 de ma\u00eetre assistante B : &#8211; Cours et TD pour les modules : Mobilit\u00e9 et Urbanisme, la Gestion des Risques dans le Milieu Urbain, et Techniques des Mat\u00e9riaux de Construction. &#8211; Encadrement des \u00e9tudiants de Master 2 LANGUES MAITRISEES: Arabe : tr\u00e8s bien. Fran\u00e7ais : tr\u00e8s bien. Anglais : bien DIVERS: S\u00e9rieuse, dynamique, organis\u00e9e, responsable, ayant un sens tr\u00e8s d\u00e9velopp\u00e9 du travail en groupe et de la communication. Tr\u00e8s bonne ma\u00eetrise de l\u2019outil informatique (word, excel, power point et Autocad).<\/p>\n","protected":false},"author":1,"featured_media":0,"parent":0,"menu_order":0,"comment_status":"closed","ping_status":"closed","template":"","meta":{"_eb_attr":"","footnotes":""},"class_list":["post-2003","page","type-page","status-publish","hentry"],"_links":{"self":[{"href":"https:\/\/www.univ-oeb.dz\/igtu\/wp-json\/wp\/v2\/pages\/2003","targetHints":{"allow":["GET"]}}],"collection":[{"href":"https:\/\/www.univ-oeb.dz\/igtu\/wp-json\/wp\/v2\/pages"}],"about":[{"href":"https:\/\/www.univ-oeb.dz\/igtu\/wp-json\/wp\/v2\/types\/page"}],"author":[{"embeddable":true,"href":"https:\/\/www.univ-oeb.dz\/igtu\/wp-json\/wp\/v2\/users\/1"}],"replies":[{"embeddable":true,"href":"https:\/\/www.univ-oeb.dz\/igtu\/wp-json\/wp\/v2\/comments?post=2003"}],"version-history":[{"count":0,"href":"https:\/\/www.univ-oeb.dz\/igtu\/wp-json\/wp\/v2\/pages\/2003\/revisions"}],"wp:attachment":[{"href":"https:\/\/www.univ-oeb.dz\/igtu\/wp-json\/wp\/v2\/media?parent=2003"}],"curies":[{"name":"wp","href":"https:\/\/api.w.org\/{rel}","templated":true}]}}