{"id":1991,"date":"2018-12-03T14:56:33","date_gmt":"2018-12-03T13:56:33","guid":{"rendered":"http:\/\/www.univ-oeb.dz\/igtu\/?page_id=1991"},"modified":"2023-03-27T14:25:09","modified_gmt":"2023-03-27T12:25:09","slug":"bourahla-nouhed","status":"publish","type":"page","link":"https:\/\/www.univ-oeb.dz\/igtu\/fr\/bourahla-nouhed\/","title":{"rendered":"Bourahla Nouhed"},"content":{"rendered":"\t\t<div data-elementor-type=\"wp-page\" data-elementor-id=\"1991\" class=\"elementor elementor-1991\">\n\t\t\t\t\t\t<section class=\"elementor-section elementor-top-section elementor-element elementor-element-68a2981c elementor-section-boxed elementor-section-height-default elementor-section-height-default wpr-particle-no wpr-jarallax-no wpr-parallax-no wpr-sticky-section-no\" data-id=\"68a2981c\" data-element_type=\"section\">\n\t\t\t\t\t\t<div class=\"elementor-container elementor-column-gap-default\">\n\t\t\t\t\t<div class=\"elementor-column elementor-col-100 elementor-top-column elementor-element elementor-element-f11eb31\" data-id=\"f11eb31\" data-element_type=\"column\">\n\t\t\t<div class=\"elementor-widget-wrap elementor-element-populated\">\n\t\t\t\t\t\t<div class=\"elementor-element elementor-element-516b1f8b elementor-widget elementor-widget-text-editor\" data-id=\"516b1f8b\" data-element_type=\"widget\" data-widget_type=\"text-editor.default\">\n\t\t\t\t<div class=\"elementor-widget-container\">\n\t\t\t\t\t\t\t\t\t<ul><li style=\"text-align: right;\"><strong>\u0645\u0639\u0644\u0648\u0645\u0627\u062a \u0639\u0627\u0645\u0629 <\/strong><\/li><li style=\"text-align: right;\"><strong>\u0627\u0644\u0627\u0633\u0645 \u0648 \u0627\u0644\u0644\u0642\u0628 :<\/strong> \u0628\u0648\u0631\u062d\u0644\u0629 \u0646\u0647\u0627\u062f<\/li><li style=\"text-align: right;\"><strong>\u0623\u0633\u062a\u0627\u0630 \u0645\u062d\u0627\u0636\u0631 \u0641\u064a :<\/strong> \u0623\u0633\u062a\u0627\u0630 \u0645\u0633\u0627\u0639\u062f \u0642\u0633\u0645 \u2013\u0623- \u0645\u0639\u0647\u062f \u062a\u0633\u064a\u064a\u0631 \u0627\u0644\u062a\u0642\u0646\u064a\u0627\u062a \u0627\u0644\u062d\u0636\u0631\u064a\u0629<\/li><li style=\"text-align: right;\"><strong>\u0627\u0644\u0628\u0631\u064a\u062f \u0627\u0644\u0627\u0644\u0643\u062a\u0631\u0648\u0646\u064a :<\/strong> <a href=\"mailto:bourahlanouhed@gmail.com\">bourahlanouhed@gmail.com<\/a> \/ <a href=\"mailto:nouhedbourahla@univ-oeb.dz\">nouhedbourahla@univ-oeb.dz<\/a><\/li><li style=\"text-align: right;\"><strong>\u0627\u0644\u0647\u0627\u062a\u0641 :<\/strong> 48-87-61-42-05<\/li><li style=\"text-align: right;\"><strong>\u0627\u0644\u0647\u0648\u064a\u0629 \u0627\u0644\u0631\u0642\u0645\u064a\u0629 : <\/strong><\/li><li style=\"text-align: right;\">Google scholar\u00a0: <a href=\"https:\/\/scholar.google.com\/citations?view_op=list_works&amp;hl=fr&amp;user=OVeS5JYAAAAJ\">https:\/\/scholar.google.com\/citations?view_op=list_works&amp;hl=fr&amp;user=OVeS5JYAAAAJ<\/a><\/li><li style=\"text-align: right;\">ReaserchGate\u00a0: <a href=\"https:\/\/researchgate.net\/profile\/Nouhad-Bourahla\">https:\/\/researchgate.net\/profile\/Nouhad-Bourahla<\/a><\/li><li style=\"text-align: right;\">ORCID : <a href=\"https:\/\/orcid.org\/0000-0001-7969-1905\">https:\/\/orcid.org\/0000-0001-7969-1905<\/a><\/li><\/ul><p style=\"text-align: right;\"><a href=\"https:\/\/www.webofscience.com\/wos\/author\/record\/%5bresearcherID\">https:\/\/www.webofscience.com\/wos\/author\/record\/[researcherID<\/a>]<p style=\"text-align: right;\">\u00a0<\/p><ul style=\"text-align: right;\"><li><strong>\u062f\u0643\u062a\u0648\u0631\u0627\u0647 \u0641\u064a :<\/strong> \u062a\u062d\u0636\u064a\u0631 \u0634\u0647\u0627\u062f\u0629 \u0627\u0644\u062f\u0643\u062a\u0648\u0631\u0627\u0647 \u0645\u0648\u0636\u0648\u0639\u0647\u0627 : \u062a\u0633\u064a\u064a\u0631 \u0627\u0644\u0645\u062f\u064a\u0646\u0629 \u062d\u0633\u0628 \u0645\u0628\u0627\u062f\u0626 \u0627\u0644\u062a\u0646\u0645\u064a\u0629 \u0627\u0644\u0645\u0633\u062a\u062f\u0627\u0645\u0629 \u062d\u0627\u0644\u0629 \u0645\u062f\u064a\u0646\u0629 \u0633\u0643\u064a\u0643\u062f\u0629<\/li><li><strong>\u0645\u0627\u062c\u064a\u0633\u062a\u0631 \u0641\u064a :<\/strong> \u0627\u0644\u062a\u0647\u064a\u0626\u0629 \u0627\u0644\u0639\u0645\u0631\u0627\u0646\u064a\u0629 \u0634\u0639\u0628\u0629 \u0627\u0644\u0645\u062f\u064a\u0646\u0629 \u0648\u062a\u0631\u0642\u064a\u0629 \u0627\u0644\u0633\u064a\u0627\u062d\u0629<\/li><li>\u00a0<\/li><\/ul><table class=\" alignright\"><tbody><tr><td width=\"622\"><table width=\"100%\"><tbody><tr><td><p><strong>\u0627\u0644\u0645\u0642\u0627\u064a\u064a\u0633 \u0627\u0644\u0645\u062f\u0631\u0633\u0629 <\/strong><\/p><\/td><\/tr><\/tbody><\/table>\u00a0<\/td><\/tr><\/tbody><\/table><ul style=\"text-align: right;\"><li><strong>\u0645\u0647\u0646\u062f\u0633 \u062f\u0648\u0644\u0629<\/strong> <strong>:<\/strong> \u0645\u0647\u0646\u062f\u0633 \u062f\u0648\u0644\u0629 \u062a\u0647\u064a\u0626\u0629 \u0627\u0644\u0623\u0648\u0633\u0627\u0637 \u0627\u0644\u0631\u064a\u0641\u064a\u0629 \u0648 \u0627\u0644\u062c\u063a\u0631\u0627\u0641\u064a\u0627<\/li><\/ul><p style=\"text-align: right;\">\u00a0<\/p><p style=\"text-align: right;\">\u00a0<\/p><ul style=\"text-align: right;\"><li>Les outils de la planification urbaine<\/li><li>Politique et \u00a0gestion de l\u2019habitat<\/li><li>g\u00e9nie de l\u2019environnement<\/li><li>am\u00e9nagement<\/li><li>mobilit\u00e9 urbaine<\/li><li>les transports urbains<\/li><li>s\u00e9curit\u00e9 routi\u00e8re urbaine<\/li><li>transport et occupation des sols<\/li><li>topographie<\/li><li>cartographie<\/li><li>\u00e9valuation environnementale et \u00a0d\u2019\u00e9tude d&rsquo;impact des projets sur l\u2019environnement<\/li><li>les techniques de l\u2019enqu\u00eate appliqu\u00e9e \u00e0 l\u2019urbanisme<\/li><li>am\u00e9nagement risque et enjeux urbain<\/li><\/ul><p style=\"text-align: right;\">\u00a0<\/p><p style=\"text-align: right;\">\u00a0<\/p><table class=\" alignright\"><tbody><tr><td width=\"0\">\u00a0<\/td><\/tr><tr><td>\u00a0<\/td><td width=\"622\"><table width=\"100%\"><tbody><tr><td><p><strong>\u0645\u0646\u0634\u0648\u0631\u0627\u062a \u062f\u0648\u0644\u064a\u0629 <\/strong><\/p><\/td><\/tr><\/tbody><\/table>\u00a0<\/td><\/tr><\/tbody><\/table><p style=\"text-align: right;\">\u00a0<\/p><p style=\"text-align: right;\">\u00a0<\/p><p style=\"text-align: right;\">\u00a0<\/p><ol style=\"text-align: right;\"><li>gestion des potentialit\u00e9s touristiques dans la wilaya de Skikda cas des zones d\u2019extensions touristiques d\u2019El Marssa et ben Mehdi (colloque international \u00e9mergence des m\u00e9tropoles r\u00e9gionales approche internationale et prospective pour le cas alg\u00e9rien) (universit\u00e9 Badji Mokhtar Annaba)<\/li><li>Essaie de l\u2019application des politiques de la ville durable cas de la ville de Skikda<\/li><\/ol><p style=\"text-align: right;\">Colloque international habiter en Alg\u00e9rie exp\u00e9rience et comparaison internationale climat soci\u00e9t\u00e9 Ville \u00a0architecture universit\u00e9 hadj Lakhdar Batna<\/p><ol start=\"3\"><li style=\"text-align: right;\">L\u2019\u00e9talement urbain sur les terres agricoles cas de la ville de Skikda s\u00e9minaire international fabriquer et habiter la ville a l\u2019\u00e8re de la mondialisation des dynamiques paradoxales et urbanisation contemporaine universit\u00e9 Badji Mokhtar Annaba<\/li><li style=\"text-align: right;\">Tourisme et d\u00e9veloppement durable cas des zones d\u2019expansions touristiques de Ben m\u2019hidi et el Marsa wilaya de Skikda (s\u00e9minaire international la ville contemporaine en M\u00e9diterran\u00e9e, nouveau enjeux, nouvelle approche regarde crois\u00e9 entre rive \u2013 nord et rive \u2013 sid)<\/li><\/ol>\t\t\t\t\t\t\t\t<\/div>\n\t\t\t\t<\/div>\n\t\t\t\t\t<\/div>\n\t\t<\/div>\n\t\t\t\t\t<\/div>\n\t\t<\/section>\n\t\t\t\t<\/div>\n\t\t","protected":false},"excerpt":{"rendered":"<p>\u0645\u0639\u0644\u0648\u0645\u0627\u062a \u0639\u0627\u0645\u0629 \u0627\u0644\u0627\u0633\u0645 \u0648 \u0627\u0644\u0644\u0642\u0628 : \u0628\u0648\u0631\u062d\u0644\u0629 \u0646\u0647\u0627\u062f \u0623\u0633\u062a\u0627\u0630 \u0645\u062d\u0627\u0636\u0631 \u0641\u064a : \u0623\u0633\u062a\u0627\u0630 \u0645\u0633\u0627\u0639\u062f \u0642\u0633\u0645 \u2013\u0623- \u0645\u0639\u0647\u062f \u062a\u0633\u064a\u064a\u0631 \u0627\u0644\u062a\u0642\u0646\u064a\u0627\u062a \u0627\u0644\u062d\u0636\u0631\u064a\u0629 \u0627\u0644\u0628\u0631\u064a\u062f \u0627\u0644\u0627\u0644\u0643\u062a\u0631\u0648\u0646\u064a : bourahlanouhed@gmail.com \/ nouhedbourahla@univ-oeb.dz \u0627\u0644\u0647\u0627\u062a\u0641 : 48-87-61-42-05 \u0627\u0644\u0647\u0648\u064a\u0629 \u0627\u0644\u0631\u0642\u0645\u064a\u0629 : Google scholar\u00a0: https:\/\/scholar.google.com\/citations?view_op=list_works&amp;hl=fr&amp;user=OVeS5JYAAAAJ ReaserchGate\u00a0: https:\/\/researchgate.net\/profile\/Nouhad-Bourahla ORCID : https:\/\/orcid.org\/0000-0001-7969-1905 https:\/\/www.webofscience.com\/wos\/author\/record\/[researcherID] \u00a0 \u062f\u0643\u062a\u0648\u0631\u0627\u0647 \u0641\u064a : \u062a\u062d\u0636\u064a\u0631 \u0634\u0647\u0627\u062f\u0629 \u0627\u0644\u062f\u0643\u062a\u0648\u0631\u0627\u0647 \u0645\u0648\u0636\u0648\u0639\u0647\u0627 : \u062a\u0633\u064a\u064a\u0631 \u0627\u0644\u0645\u062f\u064a\u0646\u0629 \u062d\u0633\u0628 \u0645\u0628\u0627\u062f\u0626 \u0627\u0644\u062a\u0646\u0645\u064a\u0629 \u0627\u0644\u0645\u0633\u062a\u062f\u0627\u0645\u0629 \u062d\u0627\u0644\u0629 \u0645\u062f\u064a\u0646\u0629 \u0633\u0643\u064a\u0643\u062f\u0629 \u0645\u0627\u062c\u064a\u0633\u062a\u0631 \u0641\u064a : \u0627\u0644\u062a\u0647\u064a\u0626\u0629 \u0627\u0644\u0639\u0645\u0631\u0627\u0646\u064a\u0629 \u0634\u0639\u0628\u0629 \u0627\u0644\u0645\u062f\u064a\u0646\u0629 \u0648\u062a\u0631\u0642\u064a\u0629 \u0627\u0644\u0633\u064a\u0627\u062d\u0629 \u00a0 \u0627\u0644\u0645\u0642\u0627\u064a\u064a\u0633 \u0627\u0644\u0645\u062f\u0631\u0633\u0629 \u00a0 \u0645\u0647\u0646\u062f\u0633 \u062f\u0648\u0644\u0629 : \u0645\u0647\u0646\u062f\u0633 \u062f\u0648\u0644\u0629 \u062a\u0647\u064a\u0626\u0629 \u0627\u0644\u0623\u0648\u0633\u0627\u0637 \u0627\u0644\u0631\u064a\u0641\u064a\u0629 \u0648 \u0627\u0644\u062c\u063a\u0631\u0627\u0641\u064a\u0627 \u00a0 \u00a0 Les outils de la planification urbaine Politique et \u00a0gestion de l\u2019habitat g\u00e9nie de l\u2019environnement am\u00e9nagement mobilit\u00e9 urbaine les transports urbains s\u00e9curit\u00e9 routi\u00e8re urbaine transport et occupation des sols topographie cartographie \u00e9valuation environnementale et \u00a0d\u2019\u00e9tude d&rsquo;impact des projets sur l\u2019environnement les techniques de l\u2019enqu\u00eate appliqu\u00e9e \u00e0 l\u2019urbanisme am\u00e9nagement risque et enjeux urbain \u00a0 \u00a0 \u00a0 \u00a0 \u0645\u0646\u0634\u0648\u0631\u0627\u062a \u062f\u0648\u0644\u064a\u0629 \u00a0 \u00a0 \u00a0 \u00a0 gestion des potentialit\u00e9s touristiques dans la wilaya de Skikda cas des zones d\u2019extensions touristiques d\u2019El Marssa et ben Mehdi (colloque international \u00e9mergence des m\u00e9tropoles r\u00e9gionales approche internationale et prospective pour le cas alg\u00e9rien) (universit\u00e9 Badji Mokhtar Annaba) Essaie de l\u2019application des politiques de la ville durable cas de la ville de Skikda Colloque international habiter en Alg\u00e9rie exp\u00e9rience et comparaison internationale climat soci\u00e9t\u00e9 Ville \u00a0architecture universit\u00e9 hadj Lakhdar Batna L\u2019\u00e9talement urbain sur les terres agricoles cas de la ville de Skikda s\u00e9minaire international fabriquer et habiter la ville a l\u2019\u00e8re de la mondialisation des dynamiques paradoxales et urbanisation contemporaine universit\u00e9 Badji Mokhtar Annaba Tourisme et d\u00e9veloppement durable cas des zones d\u2019expansions touristiques de Ben m\u2019hidi et el Marsa wilaya de Skikda (s\u00e9minaire international la ville contemporaine en M\u00e9diterran\u00e9e, nouveau enjeux, nouvelle approche regarde crois\u00e9 entre rive \u2013 nord et rive \u2013 sid)<\/p>\n","protected":false},"author":1,"featured_media":0,"parent":0,"menu_order":0,"comment_status":"closed","ping_status":"closed","template":"","meta":{"_eb_attr":"","footnotes":""},"class_list":["post-1991","page","type-page","status-publish","hentry"],"_links":{"self":[{"href":"https:\/\/www.univ-oeb.dz\/igtu\/wp-json\/wp\/v2\/pages\/1991","targetHints":{"allow":["GET"]}}],"collection":[{"href":"https:\/\/www.univ-oeb.dz\/igtu\/wp-json\/wp\/v2\/pages"}],"about":[{"href":"https:\/\/www.univ-oeb.dz\/igtu\/wp-json\/wp\/v2\/types\/page"}],"author":[{"embeddable":true,"href":"https:\/\/www.univ-oeb.dz\/igtu\/wp-json\/wp\/v2\/users\/1"}],"replies":[{"embeddable":true,"href":"https:\/\/www.univ-oeb.dz\/igtu\/wp-json\/wp\/v2\/comments?post=1991"}],"version-history":[{"count":0,"href":"https:\/\/www.univ-oeb.dz\/igtu\/wp-json\/wp\/v2\/pages\/1991\/revisions"}],"wp:attachment":[{"href":"https:\/\/www.univ-oeb.dz\/igtu\/wp-json\/wp\/v2\/media?parent=1991"}],"curies":[{"name":"wp","href":"https:\/\/api.w.org\/{rel}","templated":true}]}}