{"id":1960,"date":"2018-12-03T14:45:21","date_gmt":"2018-12-03T13:45:21","guid":{"rendered":"http:\/\/www.univ-oeb.dz\/igtu\/?page_id=1960"},"modified":"2018-12-23T13:17:33","modified_gmt":"2018-12-23T12:17:33","slug":"guemini-nassira","status":"publish","type":"page","link":"https:\/\/www.univ-oeb.dz\/igtu\/fr\/guemini-nassira\/","title":{"rendered":"Guemini Nassira"},"content":{"rendered":"<h3><span style=\"color: #3366ff;\"><strong><em>1- \u00c9tat civil<\/em><\/strong><\/span><br \/>\n<strong><em>Nom : Guemini Pr\u00e9nom : Nassira<\/em><\/strong><br \/>\n<strong><em>Date et lieu de naissance : 20\/09\/1961 Meskiana Situation : marie\u00e9<\/em><\/strong><br \/>\n<strong><em>Adresse : Cit\u00e9 Hamani Mostpha N\u00b080<\/em><\/strong><br \/>\n<strong><em>Mobile : 0770129861 e-mail : institut.gtu@gmail.com<\/em><\/strong><br \/>\n<strong><em>Grade actuel : MA classe A D\u00e9partement : Gestion des techniques urbaines<\/em><\/strong><\/h3>\n<h3>\n<span style=\"color: #3366ff;\"><strong><em>2- Dipl\u00f4mes et titres universitaires<\/em><\/strong><\/span><br \/>\n<strong><em>1985\u00a0 \u00a0 \u00a0 \u00a0 \u00a0 \u00a0 \u00a0 \u00a0 \u00a0 DES Am\u00e9nagement urbain\u00a0 \u00a0 \u00a0 \u00a0 \u00a0 \u00a0 \u00a0 \u00a0 \u00a0 \u00a0 \u00a0 \u00a0 Constantine<\/em><\/strong><br \/>\n<strong><em>1988\u00a0 \u00a0 \u00a0 \u00a0 \u00a0 \u00a0 \u00a0 \u00a0 \u00a0 Master Urbanisme\u00a0 \u00a0 \u00a0 \u00a0 \u00a0 \u00a0 \u00a0 \u00a0 \u00a0 \u00a0 \u00a0 \u00a0 \u00a0 \u00a0 \u00a0 \u00a0 \u00a0 \u00a0 \u00a0 Sheffield Grande Bretagne<\/em><\/strong><\/h3>\n<h3>\n<span style=\"color: #3366ff;\"><strong><em>3- Langues<\/em><\/strong><\/span><br \/>\n<strong><em>Arabe- fran\u00e7ais-Anglais<\/em><\/strong><\/h3>\n<h3>\n<strong><em><span style=\"color: #3366ff;\">4- Postes administratifs occup\u00e9s s\u2019il ya lieu :<\/span> N\u00e9ant<\/em><\/strong><\/h3>\n<h3>\n<strong><em><span style=\"color: #3366ff;\">5- publication internationales des 5 derni\u00e8res ann\u00e9es :<\/span> N\u00e9ant<\/em><\/strong><\/h3>\n<h3>\n<strong><em><span style=\"color: #3366ff;\">6- Exp\u00e9riences dans la recherche :<\/span> N\u00e9ant<\/em><\/strong><\/h3>\n","protected":false},"excerpt":{"rendered":"<p>1- \u00c9tat civil Nom : Guemini Pr\u00e9nom : Nassira Date et lieu de naissance : 20\/09\/1961 Meskiana Situation : marie\u00e9 Adresse : Cit\u00e9 Hamani Mostpha N\u00b080 Mobile : 0770129861 e-mail : institut.gtu@gmail.com Grade actuel : MA classe A D\u00e9partement : Gestion des techniques urbaines 2- Dipl\u00f4mes et titres universitaires 1985\u00a0 \u00a0 \u00a0 \u00a0 \u00a0 \u00a0 \u00a0 \u00a0 \u00a0 DES Am\u00e9nagement urbain\u00a0 \u00a0 \u00a0 \u00a0 \u00a0 \u00a0 \u00a0 \u00a0 \u00a0 \u00a0 \u00a0 \u00a0 Constantine 1988\u00a0 \u00a0 \u00a0 \u00a0 \u00a0 \u00a0 \u00a0 \u00a0 \u00a0 Master Urbanisme\u00a0 \u00a0 \u00a0 \u00a0 \u00a0 \u00a0 \u00a0 \u00a0 \u00a0 \u00a0 \u00a0 \u00a0 \u00a0 \u00a0 \u00a0 \u00a0 \u00a0 \u00a0 \u00a0 Sheffield Grande Bretagne 3- Langues Arabe- fran\u00e7ais-Anglais 4- Postes administratifs occup\u00e9s s\u2019il ya lieu : N\u00e9ant 5- publication internationales des 5 derni\u00e8res ann\u00e9es : N\u00e9ant 6- Exp\u00e9riences dans la recherche : N\u00e9ant<\/p>\n","protected":false},"author":1,"featured_media":0,"parent":0,"menu_order":0,"comment_status":"closed","ping_status":"closed","template":"","meta":{"_eb_attr":"","footnotes":""},"class_list":["post-1960","page","type-page","status-publish","hentry"],"_links":{"self":[{"href":"https:\/\/www.univ-oeb.dz\/igtu\/wp-json\/wp\/v2\/pages\/1960","targetHints":{"allow":["GET"]}}],"collection":[{"href":"https:\/\/www.univ-oeb.dz\/igtu\/wp-json\/wp\/v2\/pages"}],"about":[{"href":"https:\/\/www.univ-oeb.dz\/igtu\/wp-json\/wp\/v2\/types\/page"}],"author":[{"embeddable":true,"href":"https:\/\/www.univ-oeb.dz\/igtu\/wp-json\/wp\/v2\/users\/1"}],"replies":[{"embeddable":true,"href":"https:\/\/www.univ-oeb.dz\/igtu\/wp-json\/wp\/v2\/comments?post=1960"}],"version-history":[{"count":0,"href":"https:\/\/www.univ-oeb.dz\/igtu\/wp-json\/wp\/v2\/pages\/1960\/revisions"}],"wp:attachment":[{"href":"https:\/\/www.univ-oeb.dz\/igtu\/wp-json\/wp\/v2\/media?parent=1960"}],"curies":[{"name":"wp","href":"https:\/\/api.w.org\/{rel}","templated":true}]}}