{"id":1952,"date":"2023-03-30T15:06:43","date_gmt":"2023-03-30T13:06:43","guid":{"rendered":"http:\/\/www.univ-oeb.dz\/igtu\/?page_id=1952"},"modified":"2023-03-28T14:30:10","modified_gmt":"2023-03-28T12:30:10","slug":"dehdouh-fatima","status":"publish","type":"page","link":"https:\/\/www.univ-oeb.dz\/igtu\/fr\/dehdouh-fatima\/","title":{"rendered":"Dehdouh Fatima"},"content":{"rendered":"<p style=\"text-align: right;\"><strong><em>\u0627\u0644\u0645\u0639\u0644\u0648\u0645\u0627\u062a \u0627\u0644\u0634\u062e\u0635\u064a\u0629 <\/em><\/strong><\/p>\n<p style=\"text-align: right;\">\u0627\u0633\u0645 \u0627\u0644\u0623\u0633\u062a\u0627\u0630\u0629: \u062f\u062d\u062f\u0648\u062d \u0641\u0627\u0637\u064a\u0645\u0629*<\/p>\n<p style=\"text-align: right;\">\u0627\u0644\u0623\u0633\u062a\u0627\u0630\u060c \u0642\u0633\u0645 . \u062a\u0633\u064a\u064a\u0631 \u0627\u0644\u062a\u0642\u0646\u064a\u0627\u062a \u0627\u0644\u062d\u0636\u0631\u064a\u0629&#8230;\u060c \u062c\u0627\u0645\u0639\u0629 \u0627\u0645 \u0627\u0644\u0628\u0648\u0627\u0642\u064a \u0627\u0644\u062c\u0632\u0627\u0626\u0631*<\/p>\n<p style=\"text-align: right;\">\u0627\u0644\u0628\u0631\u064a\u062f \u0627\u0644\u0627\u0644\u0643\u062a\u0631\u0648\u0646\u064a: fatigtu@yahoo.fr *<\/p>\n<p style=\"text-align: right;\">\u0631\u0642\u0645 \u0627\u0644\u0647\u0627\u062a\u0641: &#8230;&#8230;&#8230;&#8230;&#8230;&#8230;&#8230;&#8230;&#8230;&#8230;&#8230;&#8230;&#8230;&#8230;&#8230;&#8230;.<\/p>\n<p style=\"text-align: right;\"><strong><em>\u0647\u0648\u064a\u0629 \u0627\u0644\u0628\u0627\u062d\u062b <\/em><\/strong><\/p>\n<p style=\"text-align: right;\">Google Scholar :* <a href=\"https:\/\/scholar.google.com\/citations?user=uTNVhJwAAAAJ&amp;hl=fr\">https:\/\/scholar.google.com\/citations?user=uTNVhJwAAAAJ&amp;hl=fr<\/a> ReaserchGate : <a href=\"https:\/\/www.researchgate.net\/profile\/Dahdouh-Fatima\">https:\/\/www.researchgate.net\/profile\/Dahdouh-Fatima<\/a>*<\/p>\n<p style=\"text-align: right;\">ORCID : <a href=\"https:\/\/orcid.org\/my-orcid?orcid=0000-0001-5910-1058\">https:\/\/orcid.org\/my-orcid?orcid=0000-0001-5910-1058<\/a> *<\/p>\n<p style=\"text-align: right;\">\u0627\u0644\u062a\u0639\u0644\u064a\u0645 *<\/p>\n<p style=\"text-align: right;\">\u062f\u0631\u062c\u0629 \u062f\u0643\u062a\u0648\u0631\u0627\u0647 \u0641\u064a: \u0645\u0633\u062c\u0644\u0629 \u0641\u064a \u062f\u0643\u062a\u0648\u0631\u0627\u0647 \u0639\u0644\u0648\u0645\u00a0 \u0641\u064a \u062c\u0627\u0645\u0639\u0629 \u0627\u0644\u0639\u0631\u0628\u064a \u0628\u0646 \u0645\u0647\u064a\u062f\u064a\u060c\u0623\u0645 \u0627\u0644\u0628\u0648\u0627\u0642\u064a\u060c \u0645\u0639\u0647\u062f \u062a\u0633\u064a\u064a\u0631 \u0627\u0644\u062a\u0642\u0646\u064a\u0627\u062a \u0627\u0644\u062d\u0636\u0631\u064a\u0629.<\/p>\n<p style=\"text-align: right;\">\u0627\u0644\u062a\u062e\u0635\u0635 :villes territoires et environnement<\/p>\n<p style=\"text-align: right;\">-\u062f\u0631\u062c\u0629 \u0645\u0627\u062c\u064a\u0633\u062a\u0627\u0631 \u0641\u064a : \u0641\u064a \u0627\u0644\u0647\u0646\u062f\u0633\u0629 \u0627\u0644\u0645\u0639\u0645\u0627\u0631\u064a\u0629 \u0648\u0627\u0644\u0639\u0645\u0631\u0627\u0646 \u062c\u0627\u0645\u0639\u0629 \u0627\u0644\u0639\u0631\u0628\u064a \u0628\u0646 \u0645\u0647\u064a\u062f\u064a\u060c\u0623\u0645 \u0627\u0644\u0628\u0648\u0627\u0642\u064a\u060c \u0645\u0639\u0647\u062f \u062a\u0633\u064a\u064a\u0631 \u0627\u0644\u062a\u0642\u0646\u064a\u0627\u062a \u0627\u0644\u062d\u0636\u0631\u064a\u0629\u060c<\/p>\n<p style=\"text-align: right;\">\u062f\u0631\u062c\u0629 \u0645\u0647\u0646\u062f\u0633 \u062f\u0648\u0644\u0629 \u0641\u064a: \u062a\u0633\u064a\u064a\u0631 \u0627\u0644\u062a\u0642\u0646\u064a\u0627\u062a \u0627\u0644\u062d\u0636\u0631\u064a\u0629 \u060c\u062c\u0627\u0645\u0639\u0629 \u0627\u0644\u0639\u0631\u0628\u064a \u0628\u0646 \u0645\u0647\u064a\u062f\u064a\u060c\u0623\u0645 \u0627\u0644\u0628\u0648\u0627\u0642\u064a\u060c \u0645\u0639\u0647\u062f \u062a\u0633\u064a\u064a\u0631 \u0627\u0644\u062a\u0642\u0646\u064a\u0627\u062a \u0627\u0644\u062d\u0636\u0631\u064a\u0629.<\/p>\n<p style=\"text-align: right;\">\u0648\u0638\u0627\u0626\u0641 \u0648 \u0645\u0624\u0633\u0633\u0627\u062a \u0627\u0644\u0627\u0646\u062a\u0633\u0627\u0628 *<\/p>\n<p style=\"text-align: right;\">\u0623\u0633\u062a\u0627\u0630: \u0645\u0633\u0627\u0639\u062f-\u0623- \u0641\u064a \u0645\u0639\u0647\u062f \u062a\u0633\u064a\u064a\u0631 \u0627\u0644\u062a\u0642\u0646\u064a\u0627\u062a \u0627\u0644\u062d\u0636\u0631\u064a\u0629-\u062c\u0627\u0645\u0639\u0629 \u0627\u0645 \u0627\u0644\u0628\u0648\u0627\u0642\u064a<\/p>\n<p style=\"text-align: right;\">\u0627\u0633\u062a\u0627\u0630 \u0645\u0634\u0627\u0631\u0643 :\/<\/p>\n<p style=\"text-align: right;\">\u0631\u0626\u064a\u0633 \u0642\u0633\u0645:\/<\/p>\n<p style=\"text-align: right;\">\u0645\u0642\u0627\u064a\u064a\u0633 \u0627\u0644\u062a\u062f\u0631\u064a\u0633 *<\/p>\n<p style=\"text-align: right;\">\u0627\u0644\u0648\u0631\u0634\u0629 \u0644\u0645\u062e\u062a\u0644\u0641 \u0627\u0644\u0645\u0633\u062a\u0648\u064a\u0627\u062a \u0648\u0627\u0644\u062a\u062e\u0635\u0635\u0627\u062a \u0641\u064a \u0645\u0639\u0647\u062f \u062a\u0633\u064a\u064a\u0631 \u0627\u0644\u062a\u0642\u0646\u064a\u0627\u062a \u0627\u0644\u062d\u0636\u0631\u064a\u0629:<\/p>\n<p style=\"text-align: right;\">\u0633\u0646\u0629 \u0623\u0648\u0644\u0649<\/p>\n<p style=\"text-align: right;\">\u0633\u0646\u0629 \u062b\u0627\u0646\u064a\u0629<\/p>\n<p style=\"text-align: right;\">\u0633\u0646\u0629 \u062b\u0627\u0644\u062b\u0629<\/p>\n<p style=\"text-align: right;\">\u0645\u0627\u0633\u062a\u0631 1<\/p>\n<p style=\"text-align: right;\">\u0645\u0627\u0633\u062a\u06312<\/p>\n<p style=\"text-align: right;\">\u062a\u0633\u064a\u064a\u0631 \u0627\u0644\u0646\u0641\u0627\u064a\u0627\u062a \u0627\u0644\u062d\u0636\u0631\u064a\u0629 \u0627\u0644\u0635\u0644\u0628\u0629 \u0648\u0645\u0639\u0627\u0644\u062c\u062a\u0647\u0627<\/p>\n<p style=\"text-align: right;\">\u0627\u0644\u0645\u0633\u0627\u062d\u0627\u062a \u0627\u0644\u062e\u0636\u0631\u0627\u0621<\/p>\n<p style=\"text-align: right;\">\u062a\u0633\u064a\u064a\u0631 \u0627\u0644\u0646\u0642\u0644 \u0627\u0644\u062d\u0636\u0631\u064a \u0648\u0627\u0644\u062d\u0631\u0643\u064a\u0629<\/p>\n<p style=\"text-align: right;\">\u0627\u0644\u0646\u0642\u0644 \u0627\u0644\u062d\u0636\u0631\u064a<\/p>\n<p style=\"text-align: right;\">\u0625\u0633\u062a\u062f\u0627\u0645\u0629 \u0627\u0644\u063a\u0637\u0627\u0621 \u0627\u0644\u0646\u0628\u0627\u062a\u064a \u0627\u0644\u062d\u0636\u0631\u064a.<\/p>\n<p style=\"text-align: right;\">\u0627\u0644\u0627\u064a\u0643\u0648\u0644\u0648\u062c\u064a\u0629 \u0627\u0644\u062d\u0636\u0631\u064a\u0629<\/p>\n<p style=\"text-align: right;\">\u0645\u0646\u0647\u062c\u064a\u0629 \u0627\u0644\u0628\u062d\u062b<\/p>\n<p style=\"text-align: right;\">\u0627\u0644\u0623\u062e\u0637\u0627\u0631 \u0627\u0644\u062d\u0636\u0631\u064a\u0629<\/p>\n<p style=\"text-align: right;\">\u0645\u062f\u062e\u0644 \u0625\u0644\u064a \u0645\u0646\u0647\u062c\u064a\u0629 \u0627\u0644\u0628\u062d\u062b<\/p>\n<p style=\"text-align: right;\">\u0623\u062e\u0644\u0627\u0642\u064a\u0627\u062a \u0627\u0644\u0645\u0647\u0646\u0629<\/p>\n<p style=\"text-align: right;\">\u062a\u0633\u064a\u064a\u0631 \u0627\u0644\u0645\u0648\u0627\u0631\u062f \u0627\u0644\u062d\u0636\u0631\u064a\u0629<\/p>\n<p style=\"text-align: right;\">\u0627\u0644\u0645\u0634\u0631\u0648\u0639 \u0627\u0644\u062d\u0636\u0631\u064a<\/p>\n<p style=\"text-align: right;\">\u0627\u0644\u062a\u0634\u0631\u064a\u0639 \u0627\u0644\u062d\u0636\u0631\u064a<\/p>\n<p style=\"text-align: right;\">\u062a\u0633\u064a\u064a\u0631 \u0627\u0644\u0645\u0633\u0627\u062d\u0627\u062a \u0627\u0644\u062e\u0636\u0631\u0627\u0621 \u0627\u0644\u062d\u0636\u0631\u064a\u0629.<\/p>\n<p style=\"text-align: right;\">\u062a\u0623\u0637\u064a\u0631 \u0627\u0644\u0637\u0644\u0628\u0629 :<\/p>\n<table class=\" alignright\">\n<tbody>\n<tr>\n<td width=\"692\">\u0645\u0646\u0630 \u0633\u0646\u0629 2011\/2023 \u0625\u0644\u064a \u064a\u0648\u0645\u0646\u0627 \u0647\u0630\u0627<\/p>\n<p>&#8211;\u00a0\u00a0\u00a0\u00a0\u00a0\u00a0\u00a0 \u0627\u0644\u0623\u0634\u0631\u0627\u0641 \u0639\u0644\u0649 \u0627\u0644\u062a\u0623\u0637\u064a\u0631 \u0641\u064a \u0634\u0647\u0627\u062f\u0629 \u0645\u0647\u0646\u062f\u0633 \u062f\u0648\u0644\u0629 \u0641\u064a \u062a\u0633\u064a\u064a\u0631 \u0627\u0644\u062a\u0642\u0646\u064a\u0627\u062a \u0627\u0644\u062d\u0636\u0631\u064a\u0629<\/p>\n<p>&#8211;\u00a0\u00a0\u00a0\u00a0\u00a0\u00a0\u00a0 \u0627\u0644\u0625\u0634\u0631\u0627\u0641 \u0639\u0644\u0649 \u0627\u0644\u062a\u0623\u0637\u064a\u0631 \u0641\u064a \u0634\u0647\u0627\u062f\u0629 \u0644\u064a\u0633\u0627\u0646\u0633 \u0641\u064a \u062a\u0633\u064a\u064a\u0631 \u0627\u0644\u062a\u0642\u0646\u064a\u0627\u062a \u0627\u0644\u062d\u0636\u0631\u064a\u0629<\/p>\n<p>&#8211;\u00a0\u00a0\u00a0\u00a0\u00a0\u00a0\u00a0 \u0627\u0644\u0625\u0634\u0631\u0627\u0641 \u0641\u064a \u0627\u0644\u062a\u0623\u0637\u064a\u0631 \u0641\u064a \u0634\u0647\u0627\u062f\u0629 \u0627\u0644\u0645\u0627\u0633\u062a\u0631 \u0641\u064a \u062a\u0633\u064a\u064a\u0631 \u0627\u0644\u062a\u0642\u0646\u064a\u0627\u062a \u0627\u0644\u062d\u0636\u0631\u064a\u0629.<\/p>\n<p>&#8211;\u00a0\u00a0\u00a0\u00a0\u00a0\u00a0\u00a0 \u0645\u0646\u0630 \u0633\u0646\u0629 2011\/2023 \u0625\u0644\u064a \u064a\u0648\u0645\u0646\u0627 \u0647\u0630\u0627<\/p>\n<p><strong>\u00a0<\/strong><\/td>\n<\/tr>\n<\/tbody>\n<\/table>\n<p style=\"text-align: right;\">\n<p style=\"text-align: right;\">\u0645\u0646\u0634\u0648\u0631\u0627\u062a \u062f\u0648\u0644\u064a\u0629 *<\/p>\n<p style=\"text-align: right;\"><strong>Article<\/strong>: QUALIT\u00c9 DE VIE ET DURABILIT\u00c9 DANS LES QUARTIERS R\u00c9SIDENTIELS ALG\u00c9RIENS ENTRE LA M\u00c9THODOLOGIE DE PLANIFICATION ET LA R\u00c9ALIT\u00c9 DE MISE EN OEUVRE. LE CAS DE LA VILLE D\u2019OUM EL-BOUAGHI, ALG\u00c9RIE.<\/p>\n<p style=\"text-align: right;\">\u00a0Rev. Roum. G\u00e9ogr.\/Rom. Journ. Geogr., 66, (2), p. 179\u2013195, 2022, Bucure\u015fti.scoupus<\/p>\n<p style=\"text-align: right;\">\n<p style=\"text-align: right;\"><strong>\u0645\u0642\u0627\u0644 \u0628\u0639\u0646\u0648\u0627\u0646:<\/strong> \u062c\u0648\u062f\u0629 \u0627\u0644\u062d\u064a\u0627\u0629 \u0648\u0627\u0644\u0627\u0633\u062a\u062f\u0627\u0645\u0629 \u0627\u0644\u0627\u062c\u062a\u0645\u0627\u0639\u064a\u0629 \u060c \u0645\u0642\u0627\u0631\u0628\u0629 \u0646\u0638\u0631\u064a\u0629 \u0641\u064a \u062d\u062f\u0627\u062b\u0629 \u0627\u0644\u0639\u0644\u0627\u0642\u0629 \u0645\u0646 \u0645\u0646\u0638\u0648\u0631 \u062d\u0636\u0631\u064a \u060c \u062a\u0627\u0631\u064a\u062e \u0627\u0644\u062a\u0633\u0644\u064a\u0645 7\/7\/2022\u060c \u062a\u0627\u0631\u064a\u062e \u0627\u0644\u0642\u0628\u0648\u0644 30\/12\/2022\u0645.<\/p>\n<p style=\"text-align: right;\">\u0645\u062c\u0644\u0629 \u0627\u0644\u0639\u0644\u0648\u0645 \u0627\u0644\u0625\u0646\u0633\u0627\u0646\u064a\u0629 \u0644\u062c\u0627\u0645\u0639\u0629 \u0623\u0645 \u0627\u0644\u0628\u0648\u0627\u0642\u064a \u060c\u0627\u0644\u0645\u062c\u0627\u062f 09 \u0627\u0644\u0639\u062f\u062f 03\u060c\u062f\u064a\u0633\u0645\u0628\u0631 2022\u0645.<\/p>\n<p style=\"text-align: right;\">Interests and Qualifications<\/p>\n<p style=\"text-align: right;\">\u0627\u0647\u062a\u0645\u0627\u0645\u0627\u062a \u0648 \u0645\u0624\u0647\u0644\u0627\u062a *<\/p>\n<p style=\"text-align: right;\">\u0627\u0647\u062a\u0645\u0627\u0645\u0627\u062a: \u0627\u0644\u0628\u062d\u062b \u0627\u0644\u0639\u0644\u0645\u064a.<\/p>\n<p style=\"text-align: right;\"><strong>\u0645\u0624\u0647\u0644\u0627\u062a:\/<\/strong><\/p>\n<p style=\"text-align: right;\">\u0627\u062e\u0631\u0649:\/<\/p>\n","protected":false},"excerpt":{"rendered":"<p>\u0627\u0644\u0645\u0639\u0644\u0648\u0645\u0627\u062a \u0627\u0644\u0634\u062e\u0635\u064a\u0629 \u0627\u0633\u0645 \u0627\u0644\u0623\u0633\u062a\u0627\u0630\u0629: \u062f\u062d\u062f\u0648\u062d \u0641\u0627\u0637\u064a\u0645\u0629* \u0627\u0644\u0623\u0633\u062a\u0627\u0630\u060c \u0642\u0633\u0645 . \u062a\u0633\u064a\u064a\u0631 \u0627\u0644\u062a\u0642\u0646\u064a\u0627\u062a \u0627\u0644\u062d\u0636\u0631\u064a\u0629&#8230;\u060c \u062c\u0627\u0645\u0639\u0629 \u0627\u0645 \u0627\u0644\u0628\u0648\u0627\u0642\u064a \u0627\u0644\u062c\u0632\u0627\u0626\u0631* \u0627\u0644\u0628\u0631\u064a\u062f \u0627\u0644\u0627\u0644\u0643\u062a\u0631\u0648\u0646\u064a: fatigtu@yahoo.fr * \u0631\u0642\u0645 \u0627\u0644\u0647\u0627\u062a\u0641: &#8230;&#8230;&#8230;&#8230;&#8230;&#8230;&#8230;&#8230;&#8230;&#8230;&#8230;&#8230;&#8230;&#8230;&#8230;&#8230;. \u0647\u0648\u064a\u0629 \u0627\u0644\u0628\u0627\u062d\u062b Google Scholar :* https:\/\/scholar.google.com\/citations?user=uTNVhJwAAAAJ&amp;hl=fr ReaserchGate : https:\/\/www.researchgate.net\/profile\/Dahdouh-Fatima* ORCID : https:\/\/orcid.org\/my-orcid?orcid=0000-0001-5910-1058 * \u0627\u0644\u062a\u0639\u0644\u064a\u0645 * \u062f\u0631\u062c\u0629 \u062f\u0643\u062a\u0648\u0631\u0627\u0647 \u0641\u064a: \u0645\u0633\u062c\u0644\u0629 \u0641\u064a \u062f\u0643\u062a\u0648\u0631\u0627\u0647 \u0639\u0644\u0648\u0645\u00a0 \u0641\u064a \u062c\u0627\u0645\u0639\u0629 \u0627\u0644\u0639\u0631\u0628\u064a \u0628\u0646 \u0645\u0647\u064a\u062f\u064a\u060c\u0623\u0645 \u0627\u0644\u0628\u0648\u0627\u0642\u064a\u060c \u0645\u0639\u0647\u062f \u062a\u0633\u064a\u064a\u0631 \u0627\u0644\u062a\u0642\u0646\u064a\u0627\u062a \u0627\u0644\u062d\u0636\u0631\u064a\u0629. \u0627\u0644\u062a\u062e\u0635\u0635 :villes territoires et environnement -\u062f\u0631\u062c\u0629 \u0645\u0627\u062c\u064a\u0633\u062a\u0627\u0631 \u0641\u064a : \u0641\u064a \u0627\u0644\u0647\u0646\u062f\u0633\u0629 \u0627\u0644\u0645\u0639\u0645\u0627\u0631\u064a\u0629 \u0648\u0627\u0644\u0639\u0645\u0631\u0627\u0646 \u062c\u0627\u0645\u0639\u0629 \u0627\u0644\u0639\u0631\u0628\u064a \u0628\u0646 \u0645\u0647\u064a\u062f\u064a\u060c\u0623\u0645 \u0627\u0644\u0628\u0648\u0627\u0642\u064a\u060c \u0645\u0639\u0647\u062f \u062a\u0633\u064a\u064a\u0631 \u0627\u0644\u062a\u0642\u0646\u064a\u0627\u062a \u0627\u0644\u062d\u0636\u0631\u064a\u0629\u060c \u062f\u0631\u062c\u0629 \u0645\u0647\u0646\u062f\u0633 \u062f\u0648\u0644\u0629 \u0641\u064a: \u062a\u0633\u064a\u064a\u0631 \u0627\u0644\u062a\u0642\u0646\u064a\u0627\u062a \u0627\u0644\u062d\u0636\u0631\u064a\u0629 \u060c\u062c\u0627\u0645\u0639\u0629 \u0627\u0644\u0639\u0631\u0628\u064a \u0628\u0646 \u0645\u0647\u064a\u062f\u064a\u060c\u0623\u0645 \u0627\u0644\u0628\u0648\u0627\u0642\u064a\u060c \u0645\u0639\u0647\u062f \u062a\u0633\u064a\u064a\u0631 \u0627\u0644\u062a\u0642\u0646\u064a\u0627\u062a \u0627\u0644\u062d\u0636\u0631\u064a\u0629. \u0648\u0638\u0627\u0626\u0641 \u0648 \u0645\u0624\u0633\u0633\u0627\u062a \u0627\u0644\u0627\u0646\u062a\u0633\u0627\u0628 * \u0623\u0633\u062a\u0627\u0630: \u0645\u0633\u0627\u0639\u062f-\u0623- \u0641\u064a \u0645\u0639\u0647\u062f \u062a\u0633\u064a\u064a\u0631 \u0627\u0644\u062a\u0642\u0646\u064a\u0627\u062a \u0627\u0644\u062d\u0636\u0631\u064a\u0629-\u062c\u0627\u0645\u0639\u0629 \u0627\u0645 \u0627\u0644\u0628\u0648\u0627\u0642\u064a \u0627\u0633\u062a\u0627\u0630 \u0645\u0634\u0627\u0631\u0643 :\/ \u0631\u0626\u064a\u0633 \u0642\u0633\u0645:\/ \u0645\u0642\u0627\u064a\u064a\u0633 \u0627\u0644\u062a\u062f\u0631\u064a\u0633 * \u0627\u0644\u0648\u0631\u0634\u0629 \u0644\u0645\u062e\u062a\u0644\u0641 \u0627\u0644\u0645\u0633\u062a\u0648\u064a\u0627\u062a \u0648\u0627\u0644\u062a\u062e\u0635\u0635\u0627\u062a \u0641\u064a \u0645\u0639\u0647\u062f \u062a\u0633\u064a\u064a\u0631 \u0627\u0644\u062a\u0642\u0646\u064a\u0627\u062a \u0627\u0644\u062d\u0636\u0631\u064a\u0629: \u0633\u0646\u0629 \u0623\u0648\u0644\u0649 \u0633\u0646\u0629 \u062b\u0627\u0646\u064a\u0629 \u0633\u0646\u0629 \u062b\u0627\u0644\u062b\u0629 \u0645\u0627\u0633\u062a\u0631 1 \u0645\u0627\u0633\u062a\u06312 \u062a\u0633\u064a\u064a\u0631 \u0627\u0644\u0646\u0641\u0627\u064a\u0627\u062a \u0627\u0644\u062d\u0636\u0631\u064a\u0629 \u0627\u0644\u0635\u0644\u0628\u0629 \u0648\u0645\u0639\u0627\u0644\u062c\u062a\u0647\u0627 \u0627\u0644\u0645\u0633\u0627\u062d\u0627\u062a \u0627\u0644\u062e\u0636\u0631\u0627\u0621 \u062a\u0633\u064a\u064a\u0631 \u0627\u0644\u0646\u0642\u0644 \u0627\u0644\u062d\u0636\u0631\u064a \u0648\u0627\u0644\u062d\u0631\u0643\u064a\u0629 \u0627\u0644\u0646\u0642\u0644 \u0627\u0644\u062d\u0636\u0631\u064a \u0625\u0633\u062a\u062f\u0627\u0645\u0629 \u0627\u0644\u063a\u0637\u0627\u0621 \u0627\u0644\u0646\u0628\u0627\u062a\u064a \u0627\u0644\u062d\u0636\u0631\u064a. \u0627\u0644\u0627\u064a\u0643\u0648\u0644\u0648\u062c\u064a\u0629 \u0627\u0644\u062d\u0636\u0631\u064a\u0629 \u0645\u0646\u0647\u062c\u064a\u0629 \u0627\u0644\u0628\u062d\u062b \u0627\u0644\u0623\u062e\u0637\u0627\u0631 \u0627\u0644\u062d\u0636\u0631\u064a\u0629 \u0645\u062f\u062e\u0644 \u0625\u0644\u064a \u0645\u0646\u0647\u062c\u064a\u0629 \u0627\u0644\u0628\u062d\u062b \u0623\u062e\u0644\u0627\u0642\u064a\u0627\u062a \u0627\u0644\u0645\u0647\u0646\u0629 \u062a\u0633\u064a\u064a\u0631 \u0627\u0644\u0645\u0648\u0627\u0631\u062f \u0627\u0644\u062d\u0636\u0631\u064a\u0629 \u0627\u0644\u0645\u0634\u0631\u0648\u0639 \u0627\u0644\u062d\u0636\u0631\u064a \u0627\u0644\u062a\u0634\u0631\u064a\u0639 \u0627\u0644\u062d\u0636\u0631\u064a \u062a\u0633\u064a\u064a\u0631 \u0627\u0644\u0645\u0633\u0627\u062d\u0627\u062a \u0627\u0644\u062e\u0636\u0631\u0627\u0621 \u0627\u0644\u062d\u0636\u0631\u064a\u0629. \u062a\u0623\u0637\u064a\u0631 \u0627\u0644\u0637\u0644\u0628\u0629 : \u0645\u0646\u0630 \u0633\u0646\u0629 2011\/2023 \u0625\u0644\u064a \u064a\u0648\u0645\u0646\u0627 \u0647\u0630\u0627 &#8211;\u00a0\u00a0\u00a0\u00a0\u00a0\u00a0\u00a0 \u0627\u0644\u0623\u0634\u0631\u0627\u0641 \u0639\u0644\u0649 \u0627\u0644\u062a\u0623\u0637\u064a\u0631 \u0641\u064a \u0634\u0647\u0627\u062f\u0629 \u0645\u0647\u0646\u062f\u0633 \u062f\u0648\u0644\u0629 \u0641\u064a \u062a\u0633\u064a\u064a\u0631 \u0627\u0644\u062a\u0642\u0646\u064a\u0627\u062a \u0627\u0644\u062d\u0636\u0631\u064a\u0629 &#8211;\u00a0\u00a0\u00a0\u00a0\u00a0\u00a0\u00a0 \u0627\u0644\u0625\u0634\u0631\u0627\u0641 \u0639\u0644\u0649 \u0627\u0644\u062a\u0623\u0637\u064a\u0631 \u0641\u064a \u0634\u0647\u0627\u062f\u0629 \u0644\u064a\u0633\u0627\u0646\u0633 \u0641\u064a \u062a\u0633\u064a\u064a\u0631 \u0627\u0644\u062a\u0642\u0646\u064a\u0627\u062a \u0627\u0644\u062d\u0636\u0631\u064a\u0629 &#8211;\u00a0\u00a0\u00a0\u00a0\u00a0\u00a0\u00a0 \u0627\u0644\u0625\u0634\u0631\u0627\u0641 \u0641\u064a \u0627\u0644\u062a\u0623\u0637\u064a\u0631 \u0641\u064a \u0634\u0647\u0627\u062f\u0629 \u0627\u0644\u0645\u0627\u0633\u062a\u0631 \u0641\u064a \u062a\u0633\u064a\u064a\u0631 \u0627\u0644\u062a\u0642\u0646\u064a\u0627\u062a \u0627\u0644\u062d\u0636\u0631\u064a\u0629. &#8211;\u00a0\u00a0\u00a0\u00a0\u00a0\u00a0\u00a0 \u0645\u0646\u0630 \u0633\u0646\u0629 2011\/2023 \u0625\u0644\u064a \u064a\u0648\u0645\u0646\u0627 \u0647\u0630\u0627 \u00a0 \u0645\u0646\u0634\u0648\u0631\u0627\u062a \u062f\u0648\u0644\u064a\u0629 * Article: QUALIT\u00c9 DE VIE ET DURABILIT\u00c9 DANS LES QUARTIERS R\u00c9SIDENTIELS ALG\u00c9RIENS ENTRE LA M\u00c9THODOLOGIE DE PLANIFICATION ET LA R\u00c9ALIT\u00c9 DE MISE EN OEUVRE. LE CAS DE LA VILLE D\u2019OUM EL-BOUAGHI, ALG\u00c9RIE. \u00a0Rev. Roum. G\u00e9ogr.\/Rom. Journ. Geogr., 66, (2), p. 179\u2013195, 2022, Bucure\u015fti.scoupus \u0645\u0642\u0627\u0644 \u0628\u0639\u0646\u0648\u0627\u0646: \u062c\u0648\u062f\u0629 \u0627\u0644\u062d\u064a\u0627\u0629 \u0648\u0627\u0644\u0627\u0633\u062a\u062f\u0627\u0645\u0629 \u0627\u0644\u0627\u062c\u062a\u0645\u0627\u0639\u064a\u0629 \u060c \u0645\u0642\u0627\u0631\u0628\u0629 \u0646\u0638\u0631\u064a\u0629 \u0641\u064a \u062d\u062f\u0627\u062b\u0629 \u0627\u0644\u0639\u0644\u0627\u0642\u0629 \u0645\u0646 \u0645\u0646\u0638\u0648\u0631 \u062d\u0636\u0631\u064a \u060c \u062a\u0627\u0631\u064a\u062e \u0627\u0644\u062a\u0633\u0644\u064a\u0645 7\/7\/2022\u060c \u062a\u0627\u0631\u064a\u062e \u0627\u0644\u0642\u0628\u0648\u0644 30\/12\/2022\u0645. \u0645\u062c\u0644\u0629 \u0627\u0644\u0639\u0644\u0648\u0645 \u0627\u0644\u0625\u0646\u0633\u0627\u0646\u064a\u0629 \u0644\u062c\u0627\u0645\u0639\u0629 \u0623\u0645 \u0627\u0644\u0628\u0648\u0627\u0642\u064a \u060c\u0627\u0644\u0645\u062c\u0627\u062f 09 \u0627\u0644\u0639\u062f\u062f 03\u060c\u062f\u064a\u0633\u0645\u0628\u0631 2022\u0645. Interests and Qualifications \u0627\u0647\u062a\u0645\u0627\u0645\u0627\u062a \u0648 \u0645\u0624\u0647\u0644\u0627\u062a * \u0627\u0647\u062a\u0645\u0627\u0645\u0627\u062a: \u0627\u0644\u0628\u062d\u062b \u0627\u0644\u0639\u0644\u0645\u064a. \u0645\u0624\u0647\u0644\u0627\u062a:\/ \u0627\u062e\u0631\u0649:\/<\/p>\n","protected":false},"author":1,"featured_media":0,"parent":0,"menu_order":0,"comment_status":"closed","ping_status":"closed","template":"","meta":{"_eb_attr":"","footnotes":""},"class_list":["post-1952","page","type-page","status-publish","hentry"],"_links":{"self":[{"href":"https:\/\/www.univ-oeb.dz\/igtu\/wp-json\/wp\/v2\/pages\/1952","targetHints":{"allow":["GET"]}}],"collection":[{"href":"https:\/\/www.univ-oeb.dz\/igtu\/wp-json\/wp\/v2\/pages"}],"about":[{"href":"https:\/\/www.univ-oeb.dz\/igtu\/wp-json\/wp\/v2\/types\/page"}],"author":[{"embeddable":true,"href":"https:\/\/www.univ-oeb.dz\/igtu\/wp-json\/wp\/v2\/users\/1"}],"replies":[{"embeddable":true,"href":"https:\/\/www.univ-oeb.dz\/igtu\/wp-json\/wp\/v2\/comments?post=1952"}],"version-history":[{"count":0,"href":"https:\/\/www.univ-oeb.dz\/igtu\/wp-json\/wp\/v2\/pages\/1952\/revisions"}],"wp:attachment":[{"href":"https:\/\/www.univ-oeb.dz\/igtu\/wp-json\/wp\/v2\/media?parent=1952"}],"curies":[{"name":"wp","href":"https:\/\/api.w.org\/{rel}","templated":true}]}}