{"id":1935,"date":"2018-12-03T14:39:32","date_gmt":"2018-12-03T13:39:32","guid":{"rendered":"http:\/\/www.univ-oeb.dz\/igtu\/?page_id=1935"},"modified":"2018-12-25T21:58:48","modified_gmt":"2018-12-25T20:58:48","slug":"bendada-toufik","status":"publish","type":"page","link":"https:\/\/www.univ-oeb.dz\/igtu\/fr\/bendada-toufik\/","title":{"rendered":"Bendada Toufik"},"content":{"rendered":"<h3><em>Nom\u00a0:\u00a0 BENDADA<\/em><\/h3>\n<h3><em>Pr\u00e9nom\u00a0: TAWFIK<\/em><\/h3>\n<h3><em>Date et lieu de naissance\u00a0: 24-11-1960\u00a0\u00a0\u00a0\u00a0\u00a0 Ain-Beida\u00a0\u00a0\u00a0 Wilaya de Oum El Bouaghi<\/em><\/h3>\n<h3><em>Nationalit\u00e9\u00a0: ALGERIENNE<\/em><\/h3>\n<h3><em>Fils de\u00a0: TAYEB\u00a0\u00a0\u00a0\u00a0\u00a0\u00a0\u00a0\u00a0\u00a0\u00a0\u00a0\u00a0\u00a0\u00a0\u00a0\u00a0\u00a0\u00a0\u00a0\u00a0\u00a0\u00a0\u00a0\u00a0\u00a0\u00a0\u00a0\u00a0\u00a0\u00a0 nationalit\u00e9\u00a0: ALGERIENNE<\/em><\/h3>\n<h3><em>Et de\u00a0:\u00a0\u00a0 BENDADA Houria\u00a0\u00a0\u00a0\u00a0\u00a0\u00a0\u00a0\u00a0\u00a0 nationalit\u00e9\u00a0: ALGERIENNE<\/em><\/h3>\n<h3><em>Situation de famille\u00a0: MARIE<\/em><\/h3>\n<h3><em>Nombre d\u2019enfants\u00a0: 4<\/em><\/h3>\n<h3><em>Nom et pr\u00e9nom du conjoint\u00a0: K Assia<\/em><\/h3>\n<h3><em>Profession\u00a0 du conjoint\u00a0: Femme au foyer<\/em><\/h3>\n<h3><em>Nationalit\u00e9 d\u2019origine du conjoint\u00a0: ALGERIENNE<\/em><\/h3>\n<h3><em>Niveau d\u2019instruction du conjoint\u00a0:\u00a0 Terminal de l&rsquo;enseignement secondaire<\/em><\/h3>\n<h3><em>Adresse actuelle Rue Mohamed Khemisti Ain-Beida<\/em><\/h3>\n<h3><em>N\u00b0 t\u00e9l\u00a0: 032 56 32 98<\/em><\/h3>\n<h3><em>N\u00b0Fax\u00a0: : 032 56 32 98<\/em><\/h3>\n<h3><em>N\u00b0Portable\u00a0: 05 42 90 02 71<\/em><\/h3>\n<h3><\/h3>\n<h3><span style=\"color: #3366ff;\"><em>Dipl\u00f4mes obtenus avec dates et lieux d\u2019obtention\u00a0:<\/em><\/span><\/h3>\n<h3><em>1-Dipl\u00f4me de Magister en Architecture et Urbanisme<\/em><\/h3>\n<h3><em>Date: 06\/01\/2008<\/em><\/h3>\n<h3><em>Lieu\u00a0: l\u2019Universit\u00e9 d&rsquo;Oum El Bouaghi<\/em><\/h3>\n<h3><em>2- Dipl\u00f4me d&rsquo;Architecte d&rsquo;Etat<\/em><\/h3>\n<h3><em>Lieu\u00a0: Institut d&rsquo;architecture et d&rsquo;urbanisme et de construction de l&rsquo;Universit\u00e9 de Constantine<\/em><\/h3>\n<h3><em>3- Dipl\u00f4me de baccalaur\u00e9at en math\u00e9matique en juin 1980<\/em><\/h3>\n<h3><em>Date: 02\/07\/1985<\/em><\/h3>\n<p>&nbsp;<\/p>\n<h3><em><span style=\"color: #3366ff;\">Fonction\u00a0 actuelle\u00a0:<\/span> <\/em><\/h3>\n<h3><em>Enseignant universitaire \u00e0 l&rsquo;institut de gestion des techniques urbaines de l&rsquo;universit\u00e9 d&rsquo;Oum El Bouaghi et de Vice recteur charg\u00e9 de l&rsquo;\u00e9quipement, du d\u00e9veloppement et de la prospective \u00e0 l&rsquo; universit\u00e9 d\u2019Oum El-Bouaghi.<\/em><\/h3>\n<h3><em>\u00a0<\/em><\/h3>\n<h3><em><span style=\"color: #3366ff;\">Grade\u00a0 actuel<\/span>\u00a0: Maitre assistant A<\/em><\/h3>\n<p>&nbsp;<\/p>\n<h3><span style=\"color: #3366ff;\"><em>Fonctions pr\u00e9c\u00e9dentes\u00a0:<\/em><\/span><\/h3>\n<h3><em>-Chef de d\u00e9partement de L&rsquo;institut de gestion des techniques urbaines de l&rsquo;universit\u00e9 d\u2019Oum El-Bouaghi de 2010 jusqu&rsquo;a 2012<\/em><\/h3>\n<h3><em>-Directeur technique du bureau d&rsquo;\u00e9tudes URBACO ex CADAT\/ Oum El Bouaghi de 1996 jusqu&rsquo;a 2008<\/em><\/h3>\n<h3><em>-Charg\u00e9 d&rsquo;\u00e9tudes principale (Urbanisme et Architecture, ayant fait plus de 300 \u00e9tudes d&rsquo;urbanisme, d&rsquo;am\u00e9nagement et d&rsquo;architecture) au niveau du bureau d&rsquo;\u00e9tudes national URBACO\/Constantine, agence r\u00e9gionale d&rsquo;Oum El Bouaghi, ceci de 1985 jusq&rsquo;a 2009<\/em><\/h3>\n<h3><em><span style=\"color: #3366ff;\">Connaissance des langues \u00e9trang\u00e8res\u00a0<\/span>: Fran\u00e7ais, Anglais<\/em><\/h3>\n","protected":false},"excerpt":{"rendered":"<p>Nom\u00a0:\u00a0 BENDADA Pr\u00e9nom\u00a0: TAWFIK Date et lieu de naissance\u00a0: 24-11-1960\u00a0\u00a0\u00a0\u00a0\u00a0 Ain-Beida\u00a0\u00a0\u00a0 Wilaya de Oum El Bouaghi Nationalit\u00e9\u00a0: ALGERIENNE Fils de\u00a0: TAYEB\u00a0\u00a0\u00a0\u00a0\u00a0\u00a0\u00a0\u00a0\u00a0\u00a0\u00a0\u00a0\u00a0\u00a0\u00a0\u00a0\u00a0\u00a0\u00a0\u00a0\u00a0\u00a0\u00a0\u00a0\u00a0\u00a0\u00a0\u00a0\u00a0\u00a0 nationalit\u00e9\u00a0: ALGERIENNE Et de\u00a0:\u00a0\u00a0 BENDADA Houria\u00a0\u00a0\u00a0\u00a0\u00a0\u00a0\u00a0\u00a0\u00a0 nationalit\u00e9\u00a0: ALGERIENNE Situation de famille\u00a0: MARIE Nombre d\u2019enfants\u00a0: 4 Nom et pr\u00e9nom du conjoint\u00a0: K Assia Profession\u00a0 du conjoint\u00a0: Femme au foyer Nationalit\u00e9 d\u2019origine du conjoint\u00a0: ALGERIENNE Niveau d\u2019instruction du conjoint\u00a0:\u00a0 Terminal de l&rsquo;enseignement secondaire Adresse actuelle Rue Mohamed Khemisti Ain-Beida N\u00b0 t\u00e9l\u00a0: 032 56 32 98 N\u00b0Fax\u00a0: : 032 56 32 98 N\u00b0Portable\u00a0: 05 42 90 02 71 Dipl\u00f4mes obtenus avec dates et lieux d\u2019obtention\u00a0: 1-Dipl\u00f4me de Magister en Architecture et Urbanisme Date: 06\/01\/2008 Lieu\u00a0: l\u2019Universit\u00e9 d&rsquo;Oum El Bouaghi 2- Dipl\u00f4me d&rsquo;Architecte d&rsquo;Etat Lieu\u00a0: Institut d&rsquo;architecture et d&rsquo;urbanisme et de construction de l&rsquo;Universit\u00e9 de Constantine 3- Dipl\u00f4me de baccalaur\u00e9at en math\u00e9matique en juin 1980 Date: 02\/07\/1985 &nbsp; Fonction\u00a0 actuelle\u00a0: Enseignant universitaire \u00e0 l&rsquo;institut de gestion des techniques urbaines de l&rsquo;universit\u00e9 d&rsquo;Oum El Bouaghi et de Vice recteur charg\u00e9 de l&rsquo;\u00e9quipement, du d\u00e9veloppement et de la prospective \u00e0 l&rsquo; universit\u00e9 d\u2019Oum El-Bouaghi. \u00a0 Grade\u00a0 actuel\u00a0: Maitre assistant A &nbsp; Fonctions pr\u00e9c\u00e9dentes\u00a0: -Chef de d\u00e9partement de L&rsquo;institut de gestion des techniques urbaines de l&rsquo;universit\u00e9 d\u2019Oum El-Bouaghi de 2010 jusqu&rsquo;a 2012 -Directeur technique du bureau d&rsquo;\u00e9tudes URBACO ex CADAT\/ Oum El Bouaghi de 1996 jusqu&rsquo;a 2008 -Charg\u00e9 d&rsquo;\u00e9tudes principale (Urbanisme et Architecture, ayant fait plus de 300 \u00e9tudes d&rsquo;urbanisme, d&rsquo;am\u00e9nagement et d&rsquo;architecture) au niveau du bureau d&rsquo;\u00e9tudes national URBACO\/Constantine, agence r\u00e9gionale d&rsquo;Oum El Bouaghi, ceci de 1985 jusq&rsquo;a 2009 Connaissance des langues \u00e9trang\u00e8res\u00a0: Fran\u00e7ais, Anglais<\/p>\n","protected":false},"author":1,"featured_media":0,"parent":0,"menu_order":0,"comment_status":"closed","ping_status":"closed","template":"","meta":{"_eb_attr":"","footnotes":""},"class_list":["post-1935","page","type-page","status-publish","hentry"],"_links":{"self":[{"href":"https:\/\/www.univ-oeb.dz\/igtu\/wp-json\/wp\/v2\/pages\/1935","targetHints":{"allow":["GET"]}}],"collection":[{"href":"https:\/\/www.univ-oeb.dz\/igtu\/wp-json\/wp\/v2\/pages"}],"about":[{"href":"https:\/\/www.univ-oeb.dz\/igtu\/wp-json\/wp\/v2\/types\/page"}],"author":[{"embeddable":true,"href":"https:\/\/www.univ-oeb.dz\/igtu\/wp-json\/wp\/v2\/users\/1"}],"replies":[{"embeddable":true,"href":"https:\/\/www.univ-oeb.dz\/igtu\/wp-json\/wp\/v2\/comments?post=1935"}],"version-history":[{"count":0,"href":"https:\/\/www.univ-oeb.dz\/igtu\/wp-json\/wp\/v2\/pages\/1935\/revisions"}],"wp:attachment":[{"href":"https:\/\/www.univ-oeb.dz\/igtu\/wp-json\/wp\/v2\/media?parent=1935"}],"curies":[{"name":"wp","href":"https:\/\/api.w.org\/{rel}","templated":true}]}}