{"id":1929,"date":"2018-12-03T14:38:07","date_gmt":"2018-12-03T13:38:07","guid":{"rendered":"http:\/\/www.univ-oeb.dz\/igtu\/?page_id=1929"},"modified":"2018-12-23T13:40:24","modified_gmt":"2018-12-23T12:40:24","slug":"azbaoui-sihem","status":"publish","type":"page","link":"https:\/\/www.univ-oeb.dz\/igtu\/fr\/azbaoui-sihem\/","title":{"rendered":"Azbaoui Sihem"},"content":{"rendered":"<h3><span style=\"color: #3366ff;\"><strong><em>ETAT CIVIL :<\/em><\/strong><\/span><br \/>\n<em>AZEBAOUI SIHEM<\/em><br \/>\n<em>N\u00e9e le 14 juillet 1978 \u00e0 Constantine<\/em><br \/>\n<em>Domicili\u00e9e : Cit\u00e9 Sakiet Sidi Youcef b 2020 N\u00b01916 \u00e0 Constantine.<\/em><br \/>\n<em>T\u00e9l\u00e9phone mobile : (051) 60-84-01.<\/em><br \/>\n<em>E-Mail : azebaouisihem@yahoo.fr<\/em><br \/>\n<span style=\"color: #3366ff;\"><em>NIVEAU D\u2019INSTRUCTION :<\/em><\/span><br \/>\n<em>Ing\u00e9nieur d\u2019\u00e9tat en Am\u00e9nagement du territoire (2001).<\/em><br \/>\n<em>Dipl\u00f4m\u00e9e en magister option Am\u00e9nagement du territoire et d\u00e9veloppement local (2005)<\/em><em>A la\u00a0<\/em><em>Facult\u00e9 des sciences de la terre et de l\u2019Am\u00e9nagement du territoire,<\/em><br \/>\n<em>Universit\u00e9 de constantine.<\/em><br \/>\n<span style=\"color: #3366ff;\"><em>PERIODE SCOLAIRE :<\/em><\/span><br \/>\n<em>Primaire : 1984-1990<\/em><br \/>\n<em>Secondaire : 1990-1993. Obtention du BEF en 1993.<\/em><br \/>\n<em>Bac s\u00e9rie science : Juin 1996. Obtention du BAC en 1996.<\/em><br \/>\n<span style=\"color: #3366ff;\"><em>ETUDE UNIVERSITAIRE :<\/em><\/span><br \/>\n<em>&#8211; 1996-2001 : Cycle de formation d\u2019Ing\u00e9nieur (1\u00e9r\u00e9 ann\u00e9e \u2013 5\u00e9me ann\u00e9e)<\/em><br \/>\n<em>&#8211; 2000 : Stage de fin cycle \u00e0 la direction d\u2019hydraulique de Constantine juillet 2000 et la r\u00e9alisation du m\u00e9moire de fin d\u2019\u00e9tude (Ing\u00e9nieur en Am\u00e9nagement du Territoire) Intitul\u00e9 : \u00ab Exploitation des ressources hydrique dans la wilaya de Constantine\u00bb. Obtention de dipl\u00f4me en juin 2001.<\/em><br \/>\n<em>&#8211; 2002-2003 : 1\u00e9re ann\u00e9e th\u00e9orique en post graduation sp\u00e9cialit\u00e9 Am\u00e9nagement du Territoire option d\u00e9veloppement local (deuxi\u00e8me de promotion).<\/em><br \/>\n<em>&#8211; Stage en 1\u00e9re Ann\u00e9e de Magister \u00e0 OUD SOUF sur les mont\u00e9es des eaux : l\u2019aspect environnemental.<\/em><br \/>\n<em>&#8211; 2005 (Juillet): Soutenance de la th\u00e8se de magister en Am\u00e9nagement du territoire et d\u00e9veloppement local. La th\u00e8se est intitul\u00e9e :<\/em><br \/>\n<em>\u00ab Le r\u00f4le des r\u00e9seaux urbain et routier dans l\u2019organisation de l\u2019espace dans la wilaya d\u2019Oum El Bouaghi \u00bb. Obtention de magister en juin 2005.<\/em><br \/>\n<em>-Doctorat en science en cour : sous la direction du Professeur BOUKERZAZA Hosni.<\/em><br \/>\n<span style=\"color: #3366ff;\"><em>AUTRE FORMATION :<\/em><\/span><br \/>\n<em>&#8211; Obtention de dipl\u00f4me de bureautique en informatique en 2003.<\/em><br \/>\n<em>&#8211; Obtention de dipl\u00f4me de formation en AUTOCAD 2D au ISIAM, en 2006.<\/em><br \/>\n<em>&#8211; Effectuer un Stage pendant un mois dans le cadre de mon doctorat pour des recherches bibliographiques, France.<\/em><br \/>\n<em>&#8211; Effectuer des formations sur des logiciels de cartographie MAPINFO et ARCGIS.<\/em><br \/>\n<span style=\"color: #3366ff;\"><em>EXPERIENCE PROFESSIONNELLE :<\/em><\/span><br \/>\n<em>&#8211; Enseignante vacataire: le module de (l\u2019environnement) \u00e0 l\u2019institut de la formation professionnelle et sp\u00e9cialis\u00e9 d\u2019El Khroub pendant 2 semestres.<\/em><br \/>\n<em>&#8211; Enseignante vacataire : les modules de (l\u2019environnement ; l\u00e9gislation du transport et les assurances) au centre de Bouden Amar de Ain El Bey pendant 3 ans.<\/em><br \/>\n<em>&#8211; J\u2019ai travaill\u00e9 pendant 1 mois au recensement g\u00e9n\u00e9ral de la population en 1998.<\/em><br \/>\n<em>&#8211; Chercheur au niveau du Centre de Recherche Technique et scientifique sur les R\u00e9gions Arides (CRSTRA) \u00e0 Biskra pendants 4 ans (2007-2010).<\/em><br \/>\n<em>&#8211; Maitre-assistante classe A \u00e0 l\u2019universit\u00e9 Oum El Bouaghi : Institut de Gestion des Techniques Urbaines depuis 2011 \u00e0 ce jour.<\/em><br \/>\n<em>&#8211; L\u2019encadrement de plus de dix m\u00e9moires : (Master et Ing\u00e9nieurs)<\/em><br \/>\n<span style=\"color: #3366ff;\"><em>ATELIERS ET FORMATIONS :<\/em><\/span><br \/>\n<em>&#8211; Participation au cours intensif sur les syst\u00e8mes information g\u00e9ographique et t\u00e9l\u00e9d\u00e9tection au niveau du CRSTRA, Biskra, Avril 2007.<\/em><br \/>\n<em>&#8211; Participation \u00e0 l&rsquo;atelier de formation sur les aspects m\u00e9thodologique qui s&rsquo;intitule \u00ab\u00a0Les concepts et outils de la recherche pour le d\u00e9veloppement\u00a0\u00bb, CRSTRA, du 17 au 26 Novembre 2007, donn\u00e9 par Mr BOULASEL A.<\/em><br \/>\n<em>&#8211; Participation \u00e0 l\u2019atelier national sur \u00ab les zones humides des r\u00e9gions arides \u00bb. Centre de Recherche Scientifique et Technique sur les R\u00e9gions Arides, Biskra (Alg\u00e9rie), les 02, 03,04 et 05 F\u00e9vrier 2008.<\/em><br \/>\n<em>&#8211; Participation \u00e0 la formation en statistique et le logiciel (SPSS) donn\u00e9e par Mr BOUAZOUNI O. Charg\u00e9 de Recherche au Centre de Recherche en Economie Appliqu\u00e9e pour le D\u00e9veloppement (CREAD) Alger, organis\u00e9e au niveau du Centre de Recherche Scientifique et Technique sur les R\u00e9gions Arides, Biskra , Mai 2008.<\/em><br \/>\n<span style=\"color: #3366ff;\"><em>AUTRES CONNAISSANCES :<\/em><\/span><br \/>\n<em>Ma\u00eetrisant convenablement l\u2019outil informatique en particulier les logiciels du Windows,<\/em><br \/>\n<em>Cartographie et du Statistiques suivants :<\/em><br \/>\n<em>SPSS, Power point, Excel, Word, MapInfo, ARCGIS.<\/em><br \/>\n<span style=\"color: #3366ff;\"><em>ACTIVITES SCIENTIFIQUES:<\/em><\/span><br \/>\n<em>&#8211; AZEBAOUI S (2006), Le r\u00f4le des r\u00e9seaux urbain et routier dans l\u2019organisation de l\u2019espace dans la wilaya d\u2019Oum El Bouaghi. Colloque international sur \u00ab l\u2019articulation, ESPACE LOCAL-ESPACE MONDIAL : enjeux, probl\u00e8mes et perspectives \u00bb \u00e0 BEJAI les 21 et 22 Juin 2006. (Communication orale).<\/em><br \/>\n<em>&#8211; AZEBAOUI S (2006), La durabilit\u00e9 du secteur agricole dans la wilaya d\u2019El Oued. S\u00e9minaire international sur \u00ab les g\u00e9osciences au service du d\u00e9veloppement durable \u00bb \u00e0 T\u00e9bessa, les 26, 27 et 28 Novembre 2006. (Communication orale).<\/em><br \/>\n<em>&#8211; GORMA Z, BOUZAHZAH F, AZEBAOUI S (2007). Les impacts des changements climatiques sur l\u2019\u00e9levage dans la wilaya de Biskra. Journ\u00e9es Internationales sur \u00ab L\u2019impact des changements climatiques sur les R\u00e9gions Arides et Semi-arides \u00bb, Centre de Recherche Scientifique et Technique sur les R\u00e9gions Arides, Biskra (Alg\u00e9rie), les15, 16 et 17 D\u00e9cembre 2007. (Communication orale).<\/em><br \/>\n<em>&#8211; AZEBAOUI S, BOUZAHZAH F, GORMA Z (2008), l\u2019importance socio-\u00e9conomique des zones humides en r\u00e9gions arides. Atelier national sur \u00ab les zones humides des r\u00e9gions arides \u00bb. Centre de Recherche Scientifique et Technique sur les R\u00e9gions Arides, Biskra (Alg\u00e9rie), les 02, 03,04 et 05 F\u00e9vrier 2008. (Communication affich\u00e9e).<\/em><br \/>\n<em>&#8211; AZEBAOUI S, BEDRANI S, BOUAZOUNI O, BOUZAHZAH F &amp; GORMA Z (2008), La pratique de l&rsquo;irrigation localis\u00e9e : exemple d&rsquo;une zone irrigu\u00e9e saharienne. Colloque international sur l&rsquo;Aridoculture, Optimisation des productions agricoles et d\u00e9veloppement durable. Centre de Recherche Scientifique et Technique sur les R\u00e9gions Arides, Biskra (Alg\u00e9rie), les 13 et 14 D\u00e9cembre 2008. (Communication orale).<\/em><br \/>\n<em>&#8211; GORMA Z, BOUZAHZAH F, AZEBAOUI S &amp; BEDRANI S (2008). Comparaison des exploitants ayant et n\u2019ayant pas adopt\u00e9 le goutte \u00e0 goutte en mati\u00e8re de gestion de l\u2019eau. Colloque international sur l&rsquo;Aridoculture, Optimisation des productions agricoles et d\u00e9veloppement durable. Centre de Recherche Scientifique et Technique sur les R\u00e9gions Arides, Biskra (Alg\u00e9rie), les 13 et 14 D\u00e9cembre 2008. (Communication affich\u00e9e).<\/em><br \/>\n<em>&#8211; AZEBAOUI S &amp; BEDRANI S (2009), \u00ab\u00a0Le goutte a goutte une technique \u00e9conome en eau assure le d\u00e9veloppement durable de l\u2019agriculture saharienne : cas de la commune d\u2019El Ghrouss (Biskra)\u00a0\u00bb. 1\u00e8res Journ\u00e9es Nationales d&rsquo;Agronomie sur les sols de l&rsquo;Alg\u00e9rie \u00e0 Skikda, les 02 et 03 juin 2009. (Communication affich\u00e9e).<\/em><\/h3>\n","protected":false},"excerpt":{"rendered":"<p>ETAT CIVIL : AZEBAOUI SIHEM N\u00e9e le 14 juillet 1978 \u00e0 Constantine Domicili\u00e9e : Cit\u00e9 Sakiet Sidi Youcef b 2020 N\u00b01916 \u00e0 Constantine. T\u00e9l\u00e9phone mobile : (051) 60-84-01. E-Mail : azebaouisihem@yahoo.fr NIVEAU D\u2019INSTRUCTION : Ing\u00e9nieur d\u2019\u00e9tat en Am\u00e9nagement du territoire (2001). Dipl\u00f4m\u00e9e en magister option Am\u00e9nagement du territoire et d\u00e9veloppement local (2005)A la\u00a0Facult\u00e9 des sciences de la terre et de l\u2019Am\u00e9nagement du territoire, Universit\u00e9 de constantine. PERIODE SCOLAIRE : Primaire : 1984-1990 Secondaire : 1990-1993. Obtention du BEF en 1993. Bac s\u00e9rie science : Juin 1996. Obtention du BAC en 1996. ETUDE UNIVERSITAIRE : &#8211; 1996-2001 : Cycle de formation d\u2019Ing\u00e9nieur (1\u00e9r\u00e9 ann\u00e9e \u2013 5\u00e9me ann\u00e9e) &#8211; 2000 : Stage de fin cycle \u00e0 la direction d\u2019hydraulique de Constantine juillet 2000 et la r\u00e9alisation du m\u00e9moire de fin d\u2019\u00e9tude (Ing\u00e9nieur en Am\u00e9nagement du Territoire) Intitul\u00e9 : \u00ab Exploitation des ressources hydrique dans la wilaya de Constantine\u00bb. Obtention de dipl\u00f4me en juin 2001. &#8211; 2002-2003 : 1\u00e9re ann\u00e9e th\u00e9orique en post graduation sp\u00e9cialit\u00e9 Am\u00e9nagement du Territoire option d\u00e9veloppement local (deuxi\u00e8me de promotion). &#8211; Stage en 1\u00e9re Ann\u00e9e de Magister \u00e0 OUD SOUF sur les mont\u00e9es des eaux : l\u2019aspect environnemental. &#8211; 2005 (Juillet): Soutenance de la th\u00e8se de magister en Am\u00e9nagement du territoire et d\u00e9veloppement local. La th\u00e8se est intitul\u00e9e : \u00ab Le r\u00f4le des r\u00e9seaux urbain et routier dans l\u2019organisation de l\u2019espace dans la wilaya d\u2019Oum El Bouaghi \u00bb. Obtention de magister en juin 2005. -Doctorat en science en cour : sous la direction du Professeur BOUKERZAZA Hosni. AUTRE FORMATION : &#8211; Obtention de dipl\u00f4me de bureautique en informatique en 2003. &#8211; Obtention de dipl\u00f4me de formation en AUTOCAD 2D au ISIAM, en 2006. &#8211; Effectuer un Stage pendant un mois dans le cadre de mon doctorat pour des recherches bibliographiques, France. &#8211; Effectuer des formations sur des logiciels de cartographie MAPINFO et ARCGIS. EXPERIENCE PROFESSIONNELLE : &#8211; Enseignante vacataire: le module de (l\u2019environnement) \u00e0 l\u2019institut de la formation professionnelle et sp\u00e9cialis\u00e9 d\u2019El Khroub pendant 2 semestres. &#8211; Enseignante vacataire : les modules de (l\u2019environnement ; l\u00e9gislation du transport et les assurances) au centre de Bouden Amar de Ain El Bey pendant 3 ans. &#8211; J\u2019ai travaill\u00e9 pendant 1 mois au recensement g\u00e9n\u00e9ral de la population en 1998. &#8211; Chercheur au niveau du Centre de Recherche Technique et scientifique sur les R\u00e9gions Arides (CRSTRA) \u00e0 Biskra pendants 4 ans (2007-2010). &#8211; Maitre-assistante classe A \u00e0 l\u2019universit\u00e9 Oum El Bouaghi : Institut de Gestion des Techniques Urbaines depuis 2011 \u00e0 ce jour. &#8211; L\u2019encadrement de plus de dix m\u00e9moires : (Master et Ing\u00e9nieurs) ATELIERS ET FORMATIONS : &#8211; Participation au cours intensif sur les syst\u00e8mes information g\u00e9ographique et t\u00e9l\u00e9d\u00e9tection au niveau du CRSTRA, Biskra, Avril 2007. &#8211; Participation \u00e0 l&rsquo;atelier de formation sur les aspects m\u00e9thodologique qui s&rsquo;intitule \u00ab\u00a0Les concepts et outils de la recherche pour le d\u00e9veloppement\u00a0\u00bb, CRSTRA, du 17 au 26 Novembre 2007, donn\u00e9 par Mr BOULASEL A. &#8211; Participation \u00e0 l\u2019atelier national sur \u00ab les zones humides des r\u00e9gions arides \u00bb. Centre de Recherche Scientifique et Technique sur les R\u00e9gions Arides, Biskra (Alg\u00e9rie), les 02, 03,04 et 05 F\u00e9vrier 2008. &#8211; Participation \u00e0 la formation en statistique et le logiciel (SPSS) donn\u00e9e par Mr BOUAZOUNI O. Charg\u00e9 de Recherche au Centre de Recherche en Economie Appliqu\u00e9e pour le D\u00e9veloppement (CREAD) Alger, organis\u00e9e au niveau du Centre de Recherche Scientifique et Technique sur les R\u00e9gions Arides, Biskra , Mai 2008. AUTRES CONNAISSANCES : Ma\u00eetrisant convenablement l\u2019outil informatique en particulier les logiciels du Windows, Cartographie et du Statistiques suivants : SPSS, Power point, Excel, Word, MapInfo, ARCGIS. ACTIVITES SCIENTIFIQUES: &#8211; AZEBAOUI S (2006), Le r\u00f4le des r\u00e9seaux urbain et routier dans l\u2019organisation de l\u2019espace dans la wilaya d\u2019Oum El Bouaghi. Colloque international sur \u00ab l\u2019articulation, ESPACE LOCAL-ESPACE MONDIAL : enjeux, probl\u00e8mes et perspectives \u00bb \u00e0 BEJAI les 21 et 22 Juin 2006. (Communication orale). &#8211; AZEBAOUI S (2006), La durabilit\u00e9 du secteur agricole dans la wilaya d\u2019El Oued. S\u00e9minaire international sur \u00ab les g\u00e9osciences au service du d\u00e9veloppement durable \u00bb \u00e0 T\u00e9bessa, les 26, 27 et 28 Novembre 2006. (Communication orale). &#8211; GORMA Z, BOUZAHZAH F, AZEBAOUI S (2007). Les impacts des changements climatiques sur l\u2019\u00e9levage dans la wilaya de Biskra. Journ\u00e9es Internationales sur \u00ab L\u2019impact des changements climatiques sur les R\u00e9gions Arides et Semi-arides \u00bb, Centre de Recherche Scientifique et Technique sur les R\u00e9gions Arides, Biskra (Alg\u00e9rie), les15, 16 et 17 D\u00e9cembre 2007. (Communication orale). &#8211; AZEBAOUI S, BOUZAHZAH F, GORMA Z (2008), l\u2019importance socio-\u00e9conomique des zones humides en r\u00e9gions arides. Atelier national sur \u00ab les zones humides des r\u00e9gions arides \u00bb. Centre de Recherche Scientifique et Technique sur les R\u00e9gions Arides, Biskra (Alg\u00e9rie), les 02, 03,04 et 05 F\u00e9vrier 2008. (Communication affich\u00e9e). &#8211; AZEBAOUI S, BEDRANI S, BOUAZOUNI O, BOUZAHZAH F &amp; GORMA Z (2008), La pratique de l&rsquo;irrigation localis\u00e9e : exemple d&rsquo;une zone irrigu\u00e9e saharienne. Colloque international sur l&rsquo;Aridoculture, Optimisation des productions agricoles et d\u00e9veloppement durable. Centre de Recherche Scientifique et Technique sur les R\u00e9gions Arides, Biskra (Alg\u00e9rie), les 13 et 14 D\u00e9cembre 2008. (Communication orale). &#8211; GORMA Z, BOUZAHZAH F, AZEBAOUI S &amp; BEDRANI S (2008). Comparaison des exploitants ayant et n\u2019ayant pas adopt\u00e9 le goutte \u00e0 goutte en mati\u00e8re de gestion de l\u2019eau. Colloque international sur l&rsquo;Aridoculture, Optimisation des productions agricoles et d\u00e9veloppement durable. Centre de Recherche Scientifique et Technique sur les R\u00e9gions Arides, Biskra (Alg\u00e9rie), les 13 et 14 D\u00e9cembre 2008. (Communication affich\u00e9e). &#8211; AZEBAOUI S &amp; BEDRANI S (2009), \u00ab\u00a0Le goutte a goutte une technique \u00e9conome en eau assure le d\u00e9veloppement durable de l\u2019agriculture saharienne : cas de la commune d\u2019El Ghrouss (Biskra)\u00a0\u00bb. 1\u00e8res Journ\u00e9es Nationales d&rsquo;Agronomie sur les sols de l&rsquo;Alg\u00e9rie \u00e0 Skikda, les 02 et 03 juin 2009. (Communication affich\u00e9e).<\/p>\n","protected":false},"author":1,"featured_media":0,"parent":0,"menu_order":0,"comment_status":"closed","ping_status":"closed","template":"","meta":{"_eb_attr":"","footnotes":""},"class_list":["post-1929","page","type-page","status-publish","hentry"],"_links":{"self":[{"href":"https:\/\/www.univ-oeb.dz\/igtu\/wp-json\/wp\/v2\/pages\/1929","targetHints":{"allow":["GET"]}}],"collection":[{"href":"https:\/\/www.univ-oeb.dz\/igtu\/wp-json\/wp\/v2\/pages"}],"about":[{"href":"https:\/\/www.univ-oeb.dz\/igtu\/wp-json\/wp\/v2\/types\/page"}],"author":[{"embeddable":true,"href":"https:\/\/www.univ-oeb.dz\/igtu\/wp-json\/wp\/v2\/users\/1"}],"replies":[{"embeddable":true,"href":"https:\/\/www.univ-oeb.dz\/igtu\/wp-json\/wp\/v2\/comments?post=1929"}],"version-history":[{"count":0,"href":"https:\/\/www.univ-oeb.dz\/igtu\/wp-json\/wp\/v2\/pages\/1929\/revisions"}],"wp:attachment":[{"href":"https:\/\/www.univ-oeb.dz\/igtu\/wp-json\/wp\/v2\/media?parent=1929"}],"curies":[{"name":"wp","href":"https:\/\/api.w.org\/{rel}","templated":true}]}}