{"id":15356,"date":"2023-05-21T12:18:42","date_gmt":"2023-05-21T10:18:42","guid":{"rendered":"https:\/\/www.univ-oeb.dz\/igtu\/?page_id=15356"},"modified":"2024-11-05T13:07:33","modified_gmt":"2024-11-05T12:07:33","slug":"vice-decanat-charge-des-post-diplomes-de-la-recherche-scientifique-et-des-relations-exterieures","status":"publish","type":"page","link":"https:\/\/www.univ-oeb.dz\/igtu\/fr\/vice-decanat-charge-des-post-diplomes-de-la-recherche-scientifique-et-des-relations-exterieures\/","title":{"rendered":"Vice-d\u00e9canat charg\u00e9 des post-dipl\u00f4mes, de la recherche scientifique et des relations ext\u00e9rieures"},"content":{"rendered":"","protected":false},"excerpt":{"rendered":"","protected":false},"author":1,"featured_media":0,"parent":0,"menu_order":0,"comment_status":"closed","ping_status":"closed","template":"","meta":{"_eb_attr":"","footnotes":""},"class_list":["post-15356","page","type-page","status-publish","hentry"],"_links":{"self":[{"href":"https:\/\/www.univ-oeb.dz\/igtu\/wp-json\/wp\/v2\/pages\/15356","targetHints":{"allow":["GET"]}}],"collection":[{"href":"https:\/\/www.univ-oeb.dz\/igtu\/wp-json\/wp\/v2\/pages"}],"about":[{"href":"https:\/\/www.univ-oeb.dz\/igtu\/wp-json\/wp\/v2\/types\/page"}],"author":[{"embeddable":true,"href":"https:\/\/www.univ-oeb.dz\/igtu\/wp-json\/wp\/v2\/users\/1"}],"replies":[{"embeddable":true,"href":"https:\/\/www.univ-oeb.dz\/igtu\/wp-json\/wp\/v2\/comments?post=15356"}],"version-history":[{"count":1,"href":"https:\/\/www.univ-oeb.dz\/igtu\/wp-json\/wp\/v2\/pages\/15356\/revisions"}],"predecessor-version":[{"id":15359,"href":"https:\/\/www.univ-oeb.dz\/igtu\/wp-json\/wp\/v2\/pages\/15356\/revisions\/15359"}],"wp:attachment":[{"href":"https:\/\/www.univ-oeb.dz\/igtu\/wp-json\/wp\/v2\/media?parent=15356"}],"curies":[{"name":"wp","href":"https:\/\/api.w.org\/{rel}","templated":true}]}}