{"id":10455,"date":"2018-12-03T15:03:21","date_gmt":"2018-12-03T14:03:21","guid":{"rendered":"http:\/\/www.univ-oeb.dz\/igtu\/?page_id=10455"},"modified":"2023-04-18T11:52:55","modified_gmt":"2023-04-18T09:52:55","slug":"yahia-amina-ar","status":"publish","type":"page","link":"https:\/\/www.univ-oeb.dz\/igtu\/yahia-amina-ar\/","title":{"rendered":"Yahia Amina ar"},"content":{"rendered":"\t\t<div data-elementor-type=\"wp-page\" data-elementor-id=\"10455\" class=\"elementor elementor-10455\">\n\t\t\t\t\t\t<section class=\"elementor-section elementor-top-section elementor-element elementor-element-e0e1313 elementor-section-boxed elementor-section-height-default elementor-section-height-default wpr-particle-no wpr-jarallax-no wpr-parallax-no wpr-sticky-section-no\" data-id=\"e0e1313\" data-element_type=\"section\">\n\t\t\t\t\t\t<div class=\"elementor-container elementor-column-gap-default\">\n\t\t\t\t\t<div class=\"elementor-column elementor-col-100 elementor-top-column elementor-element elementor-element-0dc72e3\" data-id=\"0dc72e3\" data-element_type=\"column\">\n\t\t\t<div class=\"elementor-widget-wrap elementor-element-populated\">\n\t\t\t\t\t\t<div class=\"elementor-element elementor-element-a7b1d75 elementor-widget elementor-widget-text-editor\" data-id=\"a7b1d75\" data-element_type=\"widget\" data-widget_type=\"text-editor.default\">\n\t\t\t\t<div class=\"elementor-widget-container\">\n\t\t\t\t\t\t\t\t\t<div class=\"entry-content entry clearfix\"><h2><span style=\"color: #000000;\">\u0627\u0644\u0627\u0633\u062a\u0627\u0630\u0629:<span style=\"color: #0000ff;\">\u064a\u062d\u064a\u0649 \u0623\u0645\u064a\u0646\u0629<\/span><\/span><\/h2><h3><span style=\"color: #000000;\">\u00a0\u0642\u0633\u0645 \u062a\u0633\u064a\u064a\u0631 \u062a\u0642\u0646\u064a\u0627\u062a \u062d\u0636\u0631\u064a\u0629\u060c \u062c\u0627\u0645\u0639\u0629 \u0627\u0645 \u0627\u0644\u0628\u0648\u0627\u0642\u064a \u0627\u0644\u062c\u0632\u0627\u0626\u0631<\/span><\/h3><h3><span style=\"color: #0000ff;\"><span style=\"color: #000000;\">\u0627\u0644\u0628\u0631\u064a\u062f \u0627\u0644\u0627\u0644\u0643\u062a\u0631\u0648\u0646\u064a:<\/span> amira_urbain@hotmail.fr<\/span><\/h3><h3><span style=\"color: #000000;\">\u0631\u0642\u0645 \u0627\u0644\u0647\u0627\u062a\u0641: 0550034942<\/span><\/h3><h2><span style=\"color: #800080;\"><strong>\u0647\u0648\u064a\u0629 \u0627\u0644\u0628\u0627\u062d\u062b<\/strong><\/span><\/h2><h3 style=\"text-align: left;\"><span style=\"color: #0000ff;\"><span style=\"color: #000000;\">Google Scholar:<\/span><a style=\"color: #0000ff;\" href=\"https:\/\/scholar.google.com\/citations?view_op=new_articles&amp;hl=ar&amp;imq=amina+yahia\">https:\/\/scholar.google.com\/citations?view_op=new_articles&amp;hl=ar&amp;imq=amina+yahia#<\/a><\/span><\/h3><h3 style=\"text-align: left;\"><span style=\"color: #0000ff;\"><span style=\"color: #000000;\">ReaserchGate :<\/span><a style=\"color: #0000ff;\" href=\"https:\/\/www.researchgate.net\/login\">https:\/\/www.researchgate.net\/login<\/a><\/span><\/h3><h3 style=\"text-align: left;\"><span style=\"color: #0000ff;\"><span style=\"color: #000000;\">ORCID<\/span> <span style=\"color: #000000;\">:<\/span> https:\/\/orcid.org\/my-orcid?orcid=0000-0002-3782-1713&amp;justRegistered=true<\/span><\/h3><h2><span style=\"color: #800080;\">\u0627\u0644\u062a\u0639\u0644\u064a\u0645<\/span><\/h2><ul><li><h3><span style=\"color: #000000;\">\u062f\u0631\u062c\u0629 \u062f\u0643\u062a\u0648\u0631\u0627\u0647 \u0641\u064a: \u062a\u0633\u064a\u064a\u0631 \u0627\u0644\u0645\u062f\u0646<\/span><\/h3><\/li><li><h3><span style=\"color: #000000;\">\u062f\u0631\u062c\u0629 \u0645\u0627\u0633\u062a\u0631 \u0641\u064a:\u062a\u0633\u064a\u064a\u0631 \u0627\u0644\u0645\u062f\u0646<\/span><\/h3><\/li><li><h3><span style=\"color: #000000;\">\u062f\u0631\u062c\u0629 \u0644\u064a\u0633\u0627\u0646\u0633 \u0641\u064a: \u062a\u0633\u064a\u064a\u0631 \u062a\u0642\u0646\u064a\u0627\u062a \u062d\u0636\u0631\u064a\u0629<\/span><\/h3><\/li><\/ul><h3><span style=\"color: #800080;\">\u0648\u0638\u0627\u0626\u0641 \u0648\u0645\u0624\u0633\u0633\u0627\u062a \u0627\u0644\u0627\u0646\u062a\u0633\u0627\u0628<\/span><\/h3><h3><span style=\"color: #000000;\">\u0623\u0633\u062a\u0627\u0630:\u0645\u062d\u0627\u0636\u0631 \u0627<\/span><\/h3><h3><span style=\"color: #000000;\">\u0627\u0633\u062a\u0627\u0630 \u0645\u0634\u0627\u0631\u0643<\/span><\/h3><h3><span style=\"color: #000000;\">\u0631\u0626\u064a\u0633 \u0642\u0633\u0645<\/span><\/h3><h2><span style=\"color: #800080;\">\u0645\u0642\u0627\u064a\u064a\u0633 \u0627\u0644\u062a\u062f\u0631\u064a\u0633<\/span><\/h2><h3><span style=\"color: #000000;\">G\u00e9omatique appliqu\u00e9e: SIG et t\u00e9l\u00e9detection <\/span><span style=\"color: #000000;\">Gestion des d\u00e9chets<\/span><\/h3><h2><span style=\"color: #800080;\">\u0645\u0646\u0634\u0648\u0631\u0627\u062a \u062f\u0648\u0644\u064a\u0629<\/span><\/h2><h3><span style=\"color: #000000;\"><strong>https:\/\/www.asjp.cerist.dz\/en\/article\/185254<\/strong><\/span><\/h3><h2><span style=\"color: #800080;\"><strong>\u00a0<\/strong>\u0627\u0647\u062a\u0645\u0627\u0645\u0627\u062a \u0648 \u0645\u0624\u0647\u0644\u0627\u062a<\/span><\/h2><h3><span style=\"color: #000000;\"><span style=\"color: #800080;\">\u0627\u0647\u062a\u0645\u0627\u0645\u0627\u062a<\/span>: La digitalization dans le domaine de la gestion des d\u00e9chets<\/span><\/h3><h3><span style=\"color: #000000;\"><strong><span style=\"color: #800080;\">\u0645\u0624\u0647\u0644\u0627\u062a<\/span>:<\/strong>Expert SIG et t\u00e9l\u00e9detection<\/span><\/h3><\/div>\t\t\t\t\t\t\t\t<\/div>\n\t\t\t\t<\/div>\n\t\t\t\t\t<\/div>\n\t\t<\/div>\n\t\t\t\t\t<\/div>\n\t\t<\/section>\n\t\t\t\t<\/div>\n\t\t","protected":false},"excerpt":{"rendered":"<p>\u0627\u0644\u0627\u0633\u062a\u0627\u0630\u0629:\u064a\u062d\u064a\u0649 \u0623\u0645\u064a\u0646\u0629 \u00a0\u0642\u0633\u0645 \u062a\u0633\u064a\u064a\u0631 \u062a\u0642\u0646\u064a\u0627\u062a \u062d\u0636\u0631\u064a\u0629\u060c \u062c\u0627\u0645\u0639\u0629 \u0627\u0645 \u0627\u0644\u0628\u0648\u0627\u0642\u064a \u0627\u0644\u062c\u0632\u0627\u0626\u0631 \u0627\u0644\u0628\u0631\u064a\u062f \u0627\u0644\u0627\u0644\u0643\u062a\u0631\u0648\u0646\u064a: amira_urbain@hotmail.fr \u0631\u0642\u0645 \u0627\u0644\u0647\u0627\u062a\u0641: 0550034942 \u0647\u0648\u064a\u0629 \u0627\u0644\u0628\u0627\u062d\u062b Google Scholar:https:\/\/scholar.google.com\/citations?view_op=new_articles&amp;hl=ar&amp;imq=amina+yahia# ReaserchGate :https:\/\/www.researchgate.net\/login ORCID : https:\/\/orcid.org\/my-orcid?orcid=0000-0002-3782-1713&amp;justRegistered=true \u0627\u0644\u062a\u0639\u0644\u064a\u0645 \u062f\u0631\u062c\u0629 \u062f\u0643\u062a\u0648\u0631\u0627\u0647 \u0641\u064a: \u062a\u0633\u064a\u064a\u0631 \u0627\u0644\u0645\u062f\u0646 \u062f\u0631\u062c\u0629 \u0645\u0627\u0633\u062a\u0631 \u0641\u064a:\u062a\u0633\u064a\u064a\u0631 \u0627\u0644\u0645\u062f\u0646 \u062f\u0631\u062c\u0629 \u0644\u064a\u0633\u0627\u0646\u0633 \u0641\u064a: \u062a\u0633\u064a\u064a\u0631 \u062a\u0642\u0646\u064a\u0627\u062a \u062d\u0636\u0631\u064a\u0629 \u0648\u0638\u0627\u0626\u0641 \u0648\u0645\u0624\u0633\u0633\u0627\u062a \u0627\u0644\u0627\u0646\u062a\u0633\u0627\u0628 \u0623\u0633\u062a\u0627\u0630:\u0645\u062d\u0627\u0636\u0631 \u0627 \u0627\u0633\u062a\u0627\u0630 \u0645\u0634\u0627\u0631\u0643 \u0631\u0626\u064a\u0633 \u0642\u0633\u0645 \u0645\u0642\u0627\u064a\u064a\u0633 \u0627\u0644\u062a\u062f\u0631\u064a\u0633 G\u00e9omatique appliqu\u00e9e: SIG et t\u00e9l\u00e9detection Gestion des d\u00e9chets \u0645\u0646\u0634\u0648\u0631\u0627\u062a \u062f\u0648\u0644\u064a\u0629 https:\/\/www.asjp.cerist.dz\/en\/article\/185254 \u00a0\u0627\u0647\u062a\u0645\u0627\u0645\u0627\u062a \u0648 \u0645\u0624\u0647\u0644\u0627\u062a \u0627\u0647\u062a\u0645\u0627\u0645\u0627\u062a: La digitalization dans le domaine de la gestion des d\u00e9chets \u0645\u0624\u0647\u0644\u0627\u062a:Expert SIG et t\u00e9l\u00e9detection<\/p>\n","protected":false},"author":1,"featured_media":0,"parent":0,"menu_order":0,"comment_status":"closed","ping_status":"closed","template":"","meta":{"_eb_attr":"","footnotes":""},"class_list":["post-10455","page","type-page","status-publish","hentry"],"_links":{"self":[{"href":"https:\/\/www.univ-oeb.dz\/igtu\/wp-json\/wp\/v2\/pages\/10455","targetHints":{"allow":["GET"]}}],"collection":[{"href":"https:\/\/www.univ-oeb.dz\/igtu\/wp-json\/wp\/v2\/pages"}],"about":[{"href":"https:\/\/www.univ-oeb.dz\/igtu\/wp-json\/wp\/v2\/types\/page"}],"author":[{"embeddable":true,"href":"https:\/\/www.univ-oeb.dz\/igtu\/wp-json\/wp\/v2\/users\/1"}],"replies":[{"embeddable":true,"href":"https:\/\/www.univ-oeb.dz\/igtu\/wp-json\/wp\/v2\/comments?post=10455"}],"version-history":[{"count":0,"href":"https:\/\/www.univ-oeb.dz\/igtu\/wp-json\/wp\/v2\/pages\/10455\/revisions"}],"wp:attachment":[{"href":"https:\/\/www.univ-oeb.dz\/igtu\/wp-json\/wp\/v2\/media?parent=10455"}],"curies":[{"name":"wp","href":"https:\/\/api.w.org\/{rel}","templated":true}]}}