{"id":10277,"date":"2023-03-28T16:29:27","date_gmt":"2023-03-28T14:29:27","guid":{"rendered":"http:\/\/www.univ-oeb.dz\/igtu\/?page_id=10277"},"modified":"2023-03-31T00:19:11","modified_gmt":"2023-03-30T22:19:11","slug":"boulkaibet-aissa","status":"publish","type":"page","link":"https:\/\/www.univ-oeb.dz\/igtu\/boulkaibet-aissa\/","title":{"rendered":"BOULKAIBET AISSA"},"content":{"rendered":"\t\t<div data-elementor-type=\"wp-page\" data-elementor-id=\"10277\" class=\"elementor elementor-10277\">\n\t\t\t\t\t\t<section class=\"elementor-section elementor-top-section elementor-element elementor-element-cb9af57 elementor-section-boxed elementor-section-height-default elementor-section-height-default wpr-particle-no wpr-jarallax-no wpr-parallax-no wpr-sticky-section-no\" data-id=\"cb9af57\" data-element_type=\"section\">\n\t\t\t\t\t\t<div class=\"elementor-container elementor-column-gap-default\">\n\t\t\t\t\t<div class=\"elementor-column elementor-col-100 elementor-top-column elementor-element elementor-element-b31df24\" data-id=\"b31df24\" data-element_type=\"column\">\n\t\t\t<div class=\"elementor-widget-wrap elementor-element-populated\">\n\t\t\t\t\t\t<div class=\"elementor-element elementor-element-5c170e4 elementor-widget elementor-widget-text-editor\" data-id=\"5c170e4\" data-element_type=\"widget\" data-widget_type=\"text-editor.default\">\n\t\t\t\t<div class=\"elementor-widget-container\">\n\t\t\t\t\t\t\t\t\t<h2><span style=\"color: #000000;\">\u0627\u0644\u062f\u0643\u062a\u0648\u0631 <span style=\"color: #0000ff;\">\u0628\u0648\u0644\u0643\u0639\u064a\u0628\u0627\u062a \u0639\u064a\u0633\u0649<\/span><\/span><\/h2><h3><span style=\"color: #000000;\">\u0623\u0633\u062a\u0627\u0630 \u0645\u062d\u0627\u0636\u0631 \u0623 \u060c \u0645\u0639\u0647\u062f \u062a\u0633\u064a\u064a\u0631 \u0627\u0644\u062a\u0642\u0646\u064a\u0627\u062a \u0627\u0644\u062d\u0636\u0631\u064a\u0629\u060c \u062c\u0627\u0645\u0639\u0629 \u0627\u0644\u0639\u0631\u0628\u064a \u0628\u0646 \u0645\u0647\u064a\u062f\u064a \u0623\u0645 \u0627\u0644\u0628\u0648\u0627\u0642\u064a.<\/span><\/h3><h3 style=\"text-align: right;\"><span style=\"color: #0000ff;\">E-mail: boulkaibeta@gmail.com<\/span><\/h3><h3 style=\"text-align: right;\"><span style=\"color: #000000;\">\u0631\u0642\u0645 \u0627\u0644\u0647\u0627\u062a\u0641:<\/span><span style=\"color: #000000;\">0783844060<\/span><\/h3><h2 style=\"text-align: right;\"><span style=\"color: #800000;\"><strong><em>\u0647\u0648\u064a\u0629 \u0627\u0644\u0628\u0627\u062d\u062b <\/em><\/strong><\/span><\/h2><h3 style=\"text-align: left;\"><span style=\"color: #000000;\">Google Scholar: <span style=\"color: #0000ff;\">https:\/\/scholar.google.fr\/citations?user=8Tai0HgAAAAJ&amp;hl=fr<\/span><\/span><\/h3><h3 style=\"text-align: left;\"><span style=\"color: #000000;\">ReaserchGate: <span style=\"color: #0000ff;\">https:\/\/www.researchgate.net\/profile\/Aissa-Boulkaibet<\/span><\/span><\/h3><h3 style=\"text-align: left;\"><span style=\"color: #000000;\">ORCID: <span style=\"color: #0000ff;\">https:\/\/orcid.org\/my-orcid?orcid=0000-0003-4186-0173<\/span><\/span><\/h3><h2 style=\"text-align: right;\"><span style=\"color: #800000;\">\u0627\u0644\u0634\u0647\u0627\u062f\u0627\u062a<\/span><\/h2><h3><span style=\"color: #000000;\"><strong>\u0634\u0647\u0627\u062f\u0629 \u0627\u0644\u062a\u0623\u0647\u064a\u0644 \u0627\u0644\u062c\u0627\u0645\u0639\u064a <\/strong><\/span><\/h3><h3><span style=\"color: #000000;\"><strong>\u062f\u0643\u062a\u0648\u0631\u0627\u0647 \u0641\u064a \u0627\u0644\u062a\u0647\u064a\u0626\u0629 \u0627\u0644\u0639\u0645\u0631\u0627\u0646\u064a\u0629<\/strong><\/span><\/h3><h3><span style=\"color: #000000;\"><strong>\u0634\u0647\u0627\u062f\u0629 \u0627\u0644\u062f\u0631\u0627\u0633\u0627\u062a \u0627\u0644\u0639\u0644\u064a\u0627 \u0641\u064a \u0627\u0644\u0628\u064a\u0626\u0629 \u0648 \u0627\u0644\u0645\u062c\u062a\u0645\u0639<\/strong><\/span><\/h3><h3 style=\"text-align: right;\">\u00a0<\/h3><h2 style=\"text-align: right;\"><span style=\"color: #800000;\">\u0627\u0644\u0648\u0638\u0627\u0626\u0641<\/span><\/h2><h3><span style=\"color: #000000;\"><strong>\u0623\u0633\u062a\u0627\u0630 \u0628\u0627\u062d\u062b <\/strong><\/span><\/h3><h3 style=\"text-align: right;\"><span style=\"color: #000000;\">\u0646\u0627\u0626\u0628 \u0645\u062f\u064a\u0631 \u0645\u0643\u0644\u0641 \u0628\u0627\u0644\u0628\u064a\u062f\u0627\u063a\u0648\u062c\u064a\u0627\u0648 \u0634\u0624\u0648\u0646 \u0627\u0644\u0637\u0644\u0628\u0629\u00a0<\/span><\/h3><h2 style=\"text-align: right;\"><span style=\"color: #800000;\">\u0627\u0644\u0645\u0642\u0627\u064a\u064a\u0633 \u0627\u0644\u0645\u062f\u0631\u0633\u0629<\/span><\/h2><h3><span style=\"color: #000000;\">\u0645\u0646\u0627\u0647\u062c \u0627\u0644\u0628\u062d\u062b \u0627\u0644\u0639\u0644\u0645\u064a<\/span><\/h3><h3><span style=\"color: #000000;\">\u062a\u0642\u0646\u064a\u0627\u062a \u0627\u0644\u0643\u0631\u062a\u0648\u063a\u0631\u0627\u0641\u064a\u0627<\/span><\/h3><h3><span style=\"color: #000000;\">\u0645\u0628\u0627\u062f\u0626 \u0641\u064a \u0627\u0644\u062c\u064a\u0648\u0645\u0627\u062a\u064a\u0643<\/span><\/h3><h3><span style=\"color: #000000;\">\u062a\u0637\u0628\u064a\u0642\u0627\u062a \u0627\u0644\u062c\u064a\u0648\u0645\u0627\u062a\u064a\u0643<\/span><\/h3><h3><span style=\"color: #000000;\">\u0646\u0638\u0645 \u0627\u0644\u0645\u0639\u0644\u0648\u0645\u0627\u062a \u0627\u0644\u062c\u063a\u0631\u0627\u0641\u064a\u0629 \u0648 \u062f\u0648\u0631\u0647\u0627 \u0641\u064a \u0627\u062a\u062e\u0627\u062f \u0627\u0644\u0642\u0631\u0627\u0631<\/span><\/h3><h2 style=\"text-align: right;\"><span style=\"color: #800000;\">\u0645\u0646\u0634\u0648\u0631\u0627\u062a \u062f\u0648\u0644\u064a\u0629<\/span><\/h2><h3 style=\"text-align: left;\"><span style=\"color: #000000;\">Measuring spatio-temporal accessibility by public transport, approach by isochrones of accessibility from bus stops in the city of SKIKDA (North East Algeria), International Journal of Innovation and Applied Studies, Volume 30, Issue 4, October 2020, Pages 842\u2013856. ISSN 2028-9324<\/span><\/h3><hr \/><h3 style=\"text-align: left;\"><span style=\"color: #808080;\">Urban growth and hierarchy in the wilaya of Skikda (Algeria)<\/span><\/h3><h3 style=\"text-align: left;\"><span style=\"color: #808080;\">CITY PLANNING AND SUSTAINABILITY PROSPECTS. APPROACHES AND EXPERIENCES. Collective book. DEMOCRATIC ARABIC CENTER Germany. BERLIN.2020. VR.3383.6422.B<\/span><\/h3><hr \/><h3 style=\"text-align: left;\"><span style=\"color: #000000;\">Small and medium-sized towns in the north of Constantine (eastern Algeria). Collective book \u201cTHE MEDIUM CITY. What role in the context of metropolisation? Under the direction of Seddik FAZAI, Center de Publication Universitaire. University of Tunisia. Regionalization and Regional and Urban Development Research Unit, 2020 pp 151-170<\/span><\/h3><hr \/><h3 style=\"text-align: left;\"><span style=\"color: #808080;\">Land planning and peri-urban agricultural spaces in Algeria.The case of the agglomeration of Skikda\u201d in review Sustainable Development and Territories. flight. 10, No. 3, 2019<\/span><\/h3><hr \/><h3 style=\"text-align: left;\"><span style=\"color: #000000;\">The spatial distribution of issues vulnerable to industrial risks in the da\u00efra of Skikda (Algeria): a cartographic assessment test.Sciences &amp; Technologie D \u2013 N\u00b047, June 2018 .227-245. University of the Brothers Mentouri Constantine 1, Algeria<\/span><\/h3><h2 style=\"text-align: right;\"><span style=\"color: #800000;\">\u0645\u0644\u062a\u0642\u064a\u0627\u062a \u062f\u0648\u0644\u064a\u0629<\/span><\/h2><h3 style=\"text-align: left;\"><span style=\"color: #000000;\">L\u2019apport des SIG dans la gestion urbaineLe cas de la ville de Skikda (Alg\u00e9rie) Webinaire International, intitul\u00e9 : \u00ab GIS DAY ALGERIA 2022 \u00bb. Organis\u00e9 par le Laboratoire de Recherche \u00ab Analyses Urbaines et Environnementales \u00bb, Universit\u00e9 Badji Mkhtar, Annaba<\/span><\/h3><hr \/><h3 style=\"text-align: left;\"><span style=\"color: #808080;\">L\u2019\u00e9talement urbain et la question fonci\u00e8re en Alg\u00e9rie.Cas de l\u2019agglom\u00e9ration de Skikda.S\u00e9minaire \u00ab la question fonci\u00e8re. Un enjeu majeur dans la construction des territoires \u00bb, organis\u00e9 par le MRSH de l\u2019Universit\u00e9 de Caen \/ CRASC Oran, WEBINAIRE, 2022<\/span><\/h3><hr \/><h3 style=\"text-align: left;\"><span style=\"color: #000000;\">L\u2019importance de l\u2019adressage dans la localisation de d\u2019information g\u00e9ographique. Cas de la commune de Tenedla (EL MEGHAIER). Webinaire International, intitul\u00e9 : \u00ab GIS DAY ALGERIA 2021 \u00bb. Organis\u00e9 par le Laboratoire de Recherche \u00ab Analyses Urbaines et Environnementales \u00bb, Universit\u00e9 Badji Mkhtar, Annaba<\/span><\/h3><hr \/><h3 style=\"text-align: left;\"><span style=\"color: #808080;\">Dynamique des villes et \u00e9volution du syst\u00e8me urbain en Alg\u00e9rie. Essais de bilan statistique et cartographique. Colloque international sur Les villes petites et moyennes dans un monde globalis\u00e9. Quel avenir face \u00e0 la m\u00e9tropolisation\u00a0? Organis\u00e9 par la facult\u00e9 des sciences de la terre et d\u2019architecture, universit\u00e9 d\u2019Oum El Bouaghi 2021<\/span><\/h3><hr \/><h3 style=\"text-align: left;\"><span style=\"color: #000000;\">Planification fonci\u00e8re et espaces agricoles p\u00e9riurbains en Alg\u00e9rie.Le cas de l\u2019agglom\u00e9ration de Skikda. Organis\u00e9 par le MRSH de l\u2019Universit\u00e9 de Caen \/ CRASC Oran, WEBINAIRE, 2021.<\/span><\/h3><h2 style=\"text-align: right;\"><span style=\"color: #800000;\">\u0627\u0644\u0625\u0647\u062a\u0645\u0627\u0645\u0627\u062a \u0648 \u0627\u0644\u0645\u0624\u0647\u0644\u0627\u062a<\/span><\/h2><h3><span style=\"color: #000000;\">\u0645\u062a\u0627\u0628\u0639\u0629 \u0648\u062a\u0639\u0645\u064a\u0642 \u0627\u0644\u0639\u0645\u0644 \u0627\u0644\u0628\u062d\u062b\u064a \u0641\u064a \u200b\u200b\u0645\u062c\u0627\u0644 \u0627\u0644\u062c\u064a\u0648\u0645\u0627\u062a\u0643 \u0633\u0648\u0646\u0638\u0645 \u0627\u0644\u0645\u0639\u0644\u0648\u0645\u0627\u062a \u0627\u0644\u062c\u063a\u0631\u0627\u0641\u064a\u0629\u060c\u0627\u0644\u0645\u0634\u0627\u0631\u0643\u0629\u0641\u064a \u0623\u0646\u062c\u0627\u0632 \u0627\u0644\u0645\u0634\u0627\u0631\u064a\u0639 \u0627\u0644\u0628\u062d\u062b\u064a\u0629\u0627\u0644\u0648\u0637\u0646\u064a\u0629\u0648\u0627\u0644\u062f\u0648\u0644\u064a\u0629\u0628\u0627\u0644\u062a\u0639\u0627\u0648\u0646 \u0645\u0639 \u0627\u0644\u0645\u062e\u062a\u0628\u0631\u0627\u062a \u0641\u064a \u0627\u0644\u062c\u0632\u0627\u0626\u0631\u0648\u062e\u0627\u0631\u062c\u0647\u0627\u061b<\/span><\/h3><h2><span style=\"color: #000000;\"><span style=\"color: #800000;\">\u0627\u0644\u0645\u0624\u0647\u0644\u0627\u062a:\u00a0<\/span> <\/span><\/h2><h3><span style=\"color: #000000;\">\u0623\u0643\u062b\u0631 \u0645\u0646 11 \u0639\u0627\u0645\u064b\u0627 \u0645\u0646 \u0627\u0644\u062e\u0628\u0631\u0629 \u0643\u0623\u0633\u062a\u0627\u0630 \u0628\u0627\u062d\u062b \u0641\u064a \u0627\u0644\u062c\u0627\u0645\u0639\u0629 \u0645\u0639 \u0627\u0633\u062a\u062e\u062f\u0627\u0645 \u0623\u0633\u0627\u0644\u064a\u0628 \u0627\u0644\u062a\u062f\u0631\u064a\u0633 \u0627\u0644\u062d\u062f\u064a\u062b\u0629 \u0645\u062b\u0644 \u0627\u0644\u062a\u0639\u0644\u064a\u0645 \u0639\u0646 \u0628\u0639\u062f.<\/span><\/h3>\t\t\t\t\t\t\t\t<\/div>\n\t\t\t\t<\/div>\n\t\t\t\t\t<\/div>\n\t\t<\/div>\n\t\t\t\t\t<\/div>\n\t\t<\/section>\n\t\t\t\t<\/div>\n\t\t","protected":false},"excerpt":{"rendered":"<p>\u0627\u0644\u062f\u0643\u062a\u0648\u0631 \u0628\u0648\u0644\u0643\u0639\u064a\u0628\u0627\u062a \u0639\u064a\u0633\u0649 \u0623\u0633\u062a\u0627\u0630 \u0645\u062d\u0627\u0636\u0631 \u0623 \u060c \u0645\u0639\u0647\u062f \u062a\u0633\u064a\u064a\u0631 \u0627\u0644\u062a\u0642\u0646\u064a\u0627\u062a \u0627\u0644\u062d\u0636\u0631\u064a\u0629\u060c \u062c\u0627\u0645\u0639\u0629 \u0627\u0644\u0639\u0631\u0628\u064a \u0628\u0646 \u0645\u0647\u064a\u062f\u064a \u0623\u0645 \u0627\u0644\u0628\u0648\u0627\u0642\u064a. E-mail: boulkaibeta@gmail.com \u0631\u0642\u0645 \u0627\u0644\u0647\u0627\u062a\u0641:0783844060 \u0647\u0648\u064a\u0629 \u0627\u0644\u0628\u0627\u062d\u062b Google Scholar: https:\/\/scholar.google.fr\/citations?user=8Tai0HgAAAAJ&amp;hl=fr ReaserchGate: https:\/\/www.researchgate.net\/profile\/Aissa-Boulkaibet ORCID: https:\/\/orcid.org\/my-orcid?orcid=0000-0003-4186-0173 \u0627\u0644\u0634\u0647\u0627\u062f\u0627\u062a \u0634\u0647\u0627\u062f\u0629 \u0627\u0644\u062a\u0623\u0647\u064a\u0644 \u0627\u0644\u062c\u0627\u0645\u0639\u064a \u062f\u0643\u062a\u0648\u0631\u0627\u0647 \u0641\u064a \u0627\u0644\u062a\u0647\u064a\u0626\u0629 \u0627\u0644\u0639\u0645\u0631\u0627\u0646\u064a\u0629 \u0634\u0647\u0627\u062f\u0629 \u0627\u0644\u062f\u0631\u0627\u0633\u0627\u062a \u0627\u0644\u0639\u0644\u064a\u0627 \u0641\u064a \u0627\u0644\u0628\u064a\u0626\u0629 \u0648 \u0627\u0644\u0645\u062c\u062a\u0645\u0639 \u00a0 \u0627\u0644\u0648\u0638\u0627\u0626\u0641 \u0623\u0633\u062a\u0627\u0630 \u0628\u0627\u062d\u062b \u0646\u0627\u0626\u0628 \u0645\u062f\u064a\u0631 \u0645\u0643\u0644\u0641 \u0628\u0627\u0644\u0628\u064a\u062f\u0627\u063a\u0648\u062c\u064a\u0627\u0648 \u0634\u0624\u0648\u0646 \u0627\u0644\u0637\u0644\u0628\u0629\u00a0 \u0627\u0644\u0645\u0642\u0627\u064a\u064a\u0633 \u0627\u0644\u0645\u062f\u0631\u0633\u0629 \u0645\u0646\u0627\u0647\u062c \u0627\u0644\u0628\u062d\u062b \u0627\u0644\u0639\u0644\u0645\u064a \u062a\u0642\u0646\u064a\u0627\u062a \u0627\u0644\u0643\u0631\u062a\u0648\u063a\u0631\u0627\u0641\u064a\u0627 \u0645\u0628\u0627\u062f\u0626 \u0641\u064a \u0627\u0644\u062c\u064a\u0648\u0645\u0627\u062a\u064a\u0643 \u062a\u0637\u0628\u064a\u0642\u0627\u062a \u0627\u0644\u062c\u064a\u0648\u0645\u0627\u062a\u064a\u0643 \u0646\u0638\u0645 \u0627\u0644\u0645\u0639\u0644\u0648\u0645\u0627\u062a \u0627\u0644\u062c\u063a\u0631\u0627\u0641\u064a\u0629 \u0648 \u062f\u0648\u0631\u0647\u0627 \u0641\u064a \u0627\u062a\u062e\u0627\u062f \u0627\u0644\u0642\u0631\u0627\u0631 \u0645\u0646\u0634\u0648\u0631\u0627\u062a \u062f\u0648\u0644\u064a\u0629 Measuring spatio-temporal accessibility by public transport, approach by isochrones of accessibility from bus stops in the city of SKIKDA (North East Algeria), International Journal of Innovation and Applied Studies, Volume 30, Issue 4, October 2020, Pages 842\u2013856. ISSN 2028-9324 Urban growth and hierarchy in the wilaya of Skikda (Algeria) CITY PLANNING AND SUSTAINABILITY PROSPECTS. APPROACHES AND EXPERIENCES. Collective book. DEMOCRATIC ARABIC CENTER Germany. BERLIN.2020. VR.3383.6422.B Small and medium-sized towns in the north of Constantine (eastern Algeria). Collective book \u201cTHE MEDIUM CITY. What role in the context of metropolisation? Under the direction of Seddik FAZAI, Center de Publication Universitaire. University of Tunisia. Regionalization and Regional and Urban Development Research Unit, 2020 pp 151-170 Land planning and peri-urban agricultural spaces in Algeria.The case of the agglomeration of Skikda\u201d in review Sustainable Development and Territories. flight. 10, No. 3, 2019 The spatial distribution of issues vulnerable to industrial risks in the da\u00efra of Skikda (Algeria): a cartographic assessment test.Sciences &amp; Technologie D \u2013 N\u00b047, June 2018 .227-245. University of the Brothers Mentouri Constantine 1, Algeria \u0645\u0644\u062a\u0642\u064a\u0627\u062a \u062f\u0648\u0644\u064a\u0629 L\u2019apport des SIG dans la gestion urbaineLe cas de la ville de Skikda (Alg\u00e9rie) Webinaire International, intitul\u00e9 : \u00ab GIS DAY ALGERIA 2022 \u00bb. Organis\u00e9 par le Laboratoire de Recherche \u00ab Analyses Urbaines et Environnementales \u00bb, Universit\u00e9 Badji Mkhtar, Annaba L\u2019\u00e9talement urbain et la question fonci\u00e8re en Alg\u00e9rie.Cas de l\u2019agglom\u00e9ration de Skikda.S\u00e9minaire \u00ab la question fonci\u00e8re. Un enjeu majeur dans la construction des territoires \u00bb, organis\u00e9 par le MRSH de l\u2019Universit\u00e9 de Caen \/ CRASC Oran, WEBINAIRE, 2022 L\u2019importance de l\u2019adressage dans la localisation de d\u2019information g\u00e9ographique. Cas de la commune de Tenedla (EL MEGHAIER). Webinaire International, intitul\u00e9 : \u00ab GIS DAY ALGERIA 2021 \u00bb. Organis\u00e9 par le Laboratoire de Recherche \u00ab Analyses Urbaines et Environnementales \u00bb, Universit\u00e9 Badji Mkhtar, Annaba Dynamique des villes et \u00e9volution du syst\u00e8me urbain en Alg\u00e9rie. Essais de bilan statistique et cartographique. Colloque international sur Les villes petites et moyennes dans un monde globalis\u00e9. Quel avenir face \u00e0 la m\u00e9tropolisation\u00a0? Organis\u00e9 par la facult\u00e9 des sciences de la terre et d\u2019architecture, universit\u00e9 d\u2019Oum El Bouaghi 2021 Planification fonci\u00e8re et espaces agricoles p\u00e9riurbains en Alg\u00e9rie.Le cas de l\u2019agglom\u00e9ration de Skikda. Organis\u00e9 par le MRSH de l\u2019Universit\u00e9 de Caen \/ CRASC Oran, WEBINAIRE, 2021. \u0627\u0644\u0625\u0647\u062a\u0645\u0627\u0645\u0627\u062a \u0648 \u0627\u0644\u0645\u0624\u0647\u0644\u0627\u062a \u0645\u062a\u0627\u0628\u0639\u0629 \u0648\u062a\u0639\u0645\u064a\u0642 \u0627\u0644\u0639\u0645\u0644 \u0627\u0644\u0628\u062d\u062b\u064a \u0641\u064a \u200b\u200b\u0645\u062c\u0627\u0644 \u0627\u0644\u062c\u064a\u0648\u0645\u0627\u062a\u0643 \u0633\u0648\u0646\u0638\u0645 \u0627\u0644\u0645\u0639\u0644\u0648\u0645\u0627\u062a \u0627\u0644\u062c\u063a\u0631\u0627\u0641\u064a\u0629\u060c\u0627\u0644\u0645\u0634\u0627\u0631\u0643\u0629\u0641\u064a \u0623\u0646\u062c\u0627\u0632 \u0627\u0644\u0645\u0634\u0627\u0631\u064a\u0639 \u0627\u0644\u0628\u062d\u062b\u064a\u0629\u0627\u0644\u0648\u0637\u0646\u064a\u0629\u0648\u0627\u0644\u062f\u0648\u0644\u064a\u0629\u0628\u0627\u0644\u062a\u0639\u0627\u0648\u0646 \u0645\u0639 \u0627\u0644\u0645\u062e\u062a\u0628\u0631\u0627\u062a \u0641\u064a \u0627\u0644\u062c\u0632\u0627\u0626\u0631\u0648\u062e\u0627\u0631\u062c\u0647\u0627\u061b \u0627\u0644\u0645\u0624\u0647\u0644\u0627\u062a:\u00a0 \u0623\u0643\u062b\u0631 \u0645\u0646 11 \u0639\u0627\u0645\u064b\u0627 \u0645\u0646 \u0627\u0644\u062e\u0628\u0631\u0629 \u0643\u0623\u0633\u062a\u0627\u0630 \u0628\u0627\u062d\u062b \u0641\u064a \u0627\u0644\u062c\u0627\u0645\u0639\u0629 \u0645\u0639 \u0627\u0633\u062a\u062e\u062f\u0627\u0645 \u0623\u0633\u0627\u0644\u064a\u0628 \u0627\u0644\u062a\u062f\u0631\u064a\u0633 \u0627\u0644\u062d\u062f\u064a\u062b\u0629 \u0645\u062b\u0644 \u0627\u0644\u062a\u0639\u0644\u064a\u0645 \u0639\u0646 \u0628\u0639\u062f.<\/p>\n","protected":false},"author":1,"featured_media":0,"parent":0,"menu_order":0,"comment_status":"closed","ping_status":"closed","template":"","meta":{"_eb_attr":"","footnotes":""},"class_list":["post-10277","page","type-page","status-publish","hentry"],"_links":{"self":[{"href":"https:\/\/www.univ-oeb.dz\/igtu\/wp-json\/wp\/v2\/pages\/10277","targetHints":{"allow":["GET"]}}],"collection":[{"href":"https:\/\/www.univ-oeb.dz\/igtu\/wp-json\/wp\/v2\/pages"}],"about":[{"href":"https:\/\/www.univ-oeb.dz\/igtu\/wp-json\/wp\/v2\/types\/page"}],"author":[{"embeddable":true,"href":"https:\/\/www.univ-oeb.dz\/igtu\/wp-json\/wp\/v2\/users\/1"}],"replies":[{"embeddable":true,"href":"https:\/\/www.univ-oeb.dz\/igtu\/wp-json\/wp\/v2\/comments?post=10277"}],"version-history":[{"count":0,"href":"https:\/\/www.univ-oeb.dz\/igtu\/wp-json\/wp\/v2\/pages\/10277\/revisions"}],"wp:attachment":[{"href":"https:\/\/www.univ-oeb.dz\/igtu\/wp-json\/wp\/v2\/media?parent=10277"}],"curies":[{"name":"wp","href":"https:\/\/api.w.org\/{rel}","templated":true}]}}