{"id":9267,"date":"2024-10-28T10:45:16","date_gmt":"2024-10-28T09:45:16","guid":{"rendered":"https:\/\/www.univ-oeb.dz\/fssa\/?page_id=9267"},"modified":"2024-10-29T09:17:34","modified_gmt":"2024-10-29T08:17:34","slug":"decanat-de-la-faculte-en-charge-des-etudes-et-des-questions-relatives-aux-etudiants","status":"publish","type":"page","link":"https:\/\/www.univ-oeb.dz\/fssa\/?page_id=9267&lang=fr","title":{"rendered":"D\u00e9canat de la facult\u00e9 en charge des \u00e9tudes et des questions relatives aux \u00e9tudiants"},"content":{"rendered":"<div class=\"wp-block-image is-style-rounded\">\n<figure class=\"aligncenter size-full is-resized\"><img decoding=\"async\" width=\"108\" height=\"123\" src=\"https:\/\/www.univ-oeb.dz\/fssa\/wp-content\/uploads\/2024\/10\/hadef.jpg\" alt=\"\" class=\"wp-image-9038\" style=\"width:172px;height:auto\"\/><figcaption class=\"wp-element-caption\"><strong>Le vise Doyen ;<\/strong> Hadef Ammar <strong>Email<\/strong>: <br>hadef.amar@univ-oeb.dz<\/figcaption><\/figure>\n<\/div>\n\n\n<p><\/p>\n","protected":false},"excerpt":{"rendered":"<p>Le vise Doyen ; Hadef Ammar Email: hadef.amar@univ-oeb.dz<\/p>\n","protected":false},"author":1,"featured_media":0,"parent":0,"menu_order":0,"comment_status":"closed","ping_status":"closed","template":"","meta":{"footnotes":""},"class_list":["post-9267","page","type-page","status-publish","hentry"],"_links":{"self":[{"href":"https:\/\/www.univ-oeb.dz\/fssa\/index.php?rest_route=\/wp\/v2\/pages\/9267","targetHints":{"allow":["GET"]}}],"collection":[{"href":"https:\/\/www.univ-oeb.dz\/fssa\/index.php?rest_route=\/wp\/v2\/pages"}],"about":[{"href":"https:\/\/www.univ-oeb.dz\/fssa\/index.php?rest_route=\/wp\/v2\/types\/page"}],"author":[{"embeddable":true,"href":"https:\/\/www.univ-oeb.dz\/fssa\/index.php?rest_route=\/wp\/v2\/users\/1"}],"replies":[{"embeddable":true,"href":"https:\/\/www.univ-oeb.dz\/fssa\/index.php?rest_route=%2Fwp%2Fv2%2Fcomments&post=9267"}],"version-history":[{"count":3,"href":"https:\/\/www.univ-oeb.dz\/fssa\/index.php?rest_route=\/wp\/v2\/pages\/9267\/revisions"}],"predecessor-version":[{"id":9331,"href":"https:\/\/www.univ-oeb.dz\/fssa\/index.php?rest_route=\/wp\/v2\/pages\/9267\/revisions\/9331"}],"wp:attachment":[{"href":"https:\/\/www.univ-oeb.dz\/fssa\/index.php?rest_route=%2Fwp%2Fv2%2Fmedia&parent=9267"}],"curies":[{"name":"wp","href":"https:\/\/api.w.org\/{rel}","templated":true}]}}