{"id":9407,"date":"2023-06-08T14:20:03","date_gmt":"2023-06-08T13:20:03","guid":{"rendered":"http:\/\/www.univ-oeb.dz\/fsesnv\/?page_id=9407"},"modified":"2024-12-01T20:02:06","modified_gmt":"2024-12-01T19:02:06","slug":"etudier-en-algerie","status":"publish","type":"page","link":"https:\/\/www.univ-oeb.dz\/fsesnv\/etudier-en-algerie\/","title":{"rendered":"Etudier en Alg\u00e9rie"},"content":{"rendered":"\t\t<div data-elementor-type=\"wp-page\" data-elementor-id=\"9407\" class=\"elementor elementor-9407\">\n\t\t\t\t\t\t<section class=\"elementor-section elementor-top-section elementor-element elementor-element-131218d4 elementor-section-boxed elementor-section-height-default elementor-section-height-default\" data-id=\"131218d4\" data-element_type=\"section\">\n\t\t\t\t\t\t<div class=\"elementor-container elementor-column-gap-default\">\n\t\t\t\t\t<div class=\"elementor-column elementor-col-100 elementor-top-column elementor-element elementor-element-7ecd0564\" data-id=\"7ecd0564\" data-element_type=\"column\">\n\t\t\t<div class=\"elementor-widget-wrap elementor-element-populated\">\n\t\t\t\t\t\t<div class=\"elementor-element elementor-element-2755ce5 elementor-widget elementor-widget-text-editor\" data-id=\"2755ce5\" data-element_type=\"widget\" data-widget_type=\"text-editor.default\">\n\t\t\t\t<div class=\"elementor-widget-container\">\n\t\t\t\t\t\t\t\t\t<p><\/p>\n<div class=\"wp-block-media-text alignwide is-stacked-on-mobile\">\n<figure class=\"wp-block-media-text__media\"><img fetchpriority=\"high\" decoding=\"async\" width=\"1024\" height=\"724\" class=\"wp-image-9220 size-full\" src=\"https:\/\/www.univ-oeb.dz\/fsesnv\/wp-content\/uploads\/2023\/06\/STUDY-In-ALGERIA_LABEL_MESRS_Mars_2023-Final-1_page-0001-1024x724.jpg\" alt=\"\" srcset=\"https:\/\/www.univ-oeb.dz\/fsesnv\/wp-content\/uploads\/2023\/06\/STUDY-In-ALGERIA_LABEL_MESRS_Mars_2023-Final-1_page-0001-1024x724.jpg 1024w, https:\/\/www.univ-oeb.dz\/fsesnv\/wp-content\/uploads\/2023\/06\/STUDY-In-ALGERIA_LABEL_MESRS_Mars_2023-Final-1_page-0001-300x212.jpg 300w, https:\/\/www.univ-oeb.dz\/fsesnv\/wp-content\/uploads\/2023\/06\/STUDY-In-ALGERIA_LABEL_MESRS_Mars_2023-Final-1_page-0001-768x543.jpg 768w, https:\/\/www.univ-oeb.dz\/fsesnv\/wp-content\/uploads\/2023\/06\/STUDY-In-ALGERIA_LABEL_MESRS_Mars_2023-Final-1_page-0001-1536x1086.jpg 1536w, https:\/\/www.univ-oeb.dz\/fsesnv\/wp-content\/uploads\/2023\/06\/STUDY-In-ALGERIA_LABEL_MESRS_Mars_2023-Final-1_page-0001.jpg 1755w\" sizes=\"(max-width: 1024px) 100vw, 1024px\" \/><\/figure>\n<div class=\"wp-block-media-text__content\">\n<p><\/p>\n<p>J&rsquo;\u00e9tudie en Alg\u00e9rie \u00ab\u00a0visant \u00e0 renforcer l&rsquo;attractivit\u00e9 des institutions universitaires, \u00e0 am\u00e9liorer leur visibilit\u00e9 et leur pr\u00e9paration et \u00e0 encourager l&rsquo;enseignement des langues \u00e9trang\u00e8res, en particulier l&rsquo;anglais, ce qui permet d&rsquo;avoir une image r\u00e9elle et positive du syst\u00e8me d&rsquo;enseignement sup\u00e9rieur alg\u00e9rien\u00a0\u00bb.<\/p>\n<p>Afin d&rsquo;attribuer cette note aux \u00e9tablissements universitaires, le ministre ajoute qu&rsquo;un certain nombre de crit\u00e8res et d&rsquo;indicateurs ont \u00e9t\u00e9 adopt\u00e9s, principalement sur la base de \u00ab\u00a0l&rsquo;appr\u00e9ciation du niveau d&rsquo;accompagnement des \u00e9tudiants \u00e9trangers par les \u00e9tablissements universitaires et des conditions de leur accueil, ainsi que ainsi que le respect du contenu d&rsquo;un manuel de r\u00e9f\u00e9rence r\u00e9dig\u00e9 en coordination avec le minist\u00e8re des Affaires \u00e9trang\u00e8res et la Communaut\u00e9 nationale \u00e0 l&rsquo;\u00e9tranger \u00bb.<\/p>\n<p><\/p>\n<\/div>\n<\/div>\n<p><\/p>\n<hr class=\"wp-block-separator has-alpha-channel-opacity\" \/>\n<p><\/p>\n<p class=\"has-text-align-center\" style=\"font-size: 25px; text-align: center;\"><strong>Le responsable des affaires \u00e9tudiantes internationales : Vice-Doyen en charge de la post-graduation, de la recherche scientifique et des relations ext\u00e9rieures<\/strong><\/p>\n<p><\/p>\n<div class=\"wp-block-media-text is-stacked-on-mobile\" style=\"grid-template-columns: 17% auto;\">\n<figure class=\"wp-block-media-text__media\"><img decoding=\"async\" class=\"aligncenter wp-image-5924\" src=\"https:\/\/www.univ-oeb.dz\/fsesnv\/wp-content\/uploads\/2023\/05\/Image1-2.png\" alt=\"\" width=\"50\" height=\"56\" \/><\/figure>\n<div class=\"wp-block-media-text__content\">\n<p><\/p>\n<p style=\"font-size: 16px; text-align: center;\"><span style=\"font-size: 14pt;\"><strong>Dr: ziar aissaoui<\/strong><\/span><\/p>\n<p><span style=\"font-size: 14pt;\"><\/span><\/p>\n<p style=\"font-size: 16px; text-align: center;\"><span style=\"font-size: 14pt;\">Email: ziar.aissaoui@univ-oeb.dz \/ ziaraissaoui@yahoo.fr<\/span><\/p>\n<p><span style=\"font-size: 14pt;\"><\/span><\/p>\n<p style=\"font-size: 16px; text-align: center;\"><span style=\"font-size: 14pt;\">Phone: +213662070724 \/ +32563358<\/span><\/p>\n<p><\/p>\n<\/div>\n<\/div>\n<p><\/p>\n<hr class=\"wp-block-separator has-alpha-channel-opacity\" \/>\n<p><\/p>\n<p><\/p>\t\t\t\t\t\t\t\t<\/div>\n\t\t\t\t<\/div>\n\t\t\t\t\t<\/div>\n\t\t<\/div>\n\t\t\t\t\t<\/div>\n\t\t<\/section>\n\t\t\t\t<section class=\"elementor-section elementor-top-section elementor-element elementor-element-fd0ddeb elementor-section-boxed elementor-section-height-default elementor-section-height-default\" data-id=\"fd0ddeb\" data-element_type=\"section\">\n\t\t\t\t\t\t<div class=\"elementor-container elementor-column-gap-default\">\n\t\t\t\t\t<div class=\"elementor-column elementor-col-100 elementor-top-column elementor-element elementor-element-45f3729\" data-id=\"45f3729\" data-element_type=\"column\">\n\t\t\t<div class=\"elementor-widget-wrap elementor-element-populated\">\n\t\t\t\t\t\t<div class=\"elementor-element elementor-element-0bf5492 elementor-arrows-position-inside elementor-pagination-position-outside elementor-widget elementor-widget-image-carousel\" data-id=\"0bf5492\" data-element_type=\"widget\" data-settings=\"{&quot;slides_to_show&quot;:&quot;1&quot;,&quot;navigation&quot;:&quot;both&quot;,&quot;autoplay&quot;:&quot;yes&quot;,&quot;pause_on_hover&quot;:&quot;yes&quot;,&quot;pause_on_interaction&quot;:&quot;yes&quot;,&quot;autoplay_speed&quot;:5000,&quot;infinite&quot;:&quot;yes&quot;,&quot;effect&quot;:&quot;slide&quot;,&quot;speed&quot;:500}\" data-widget_type=\"image-carousel.default\">\n\t\t\t\t<div class=\"elementor-widget-container\">\n\t\t\t\t\t\t\t<div class=\"elementor-image-carousel-wrapper swiper\" role=\"region\" aria-roledescription=\"carousel\" aria-label=\"Carrousel d\u2019images\" dir=\"ltr\">\n\t\t\t<div class=\"elementor-image-carousel swiper-wrapper\" aria-live=\"off\">\n\t\t\t\t\t\t\t\t<div class=\"swiper-slide\" role=\"group\" aria-roledescription=\"slide\" aria-label=\"1 sur 4\"><figure class=\"swiper-slide-inner\"><img decoding=\"async\" class=\"swiper-slide-image\" src=\"https:\/\/www.univ-oeb.dz\/fsesnv\/wp-content\/uploads\/2023\/06\/20230611_141624-150x150.jpg\" alt=\"20230611_141624\" \/><\/figure><\/div><div class=\"swiper-slide\" role=\"group\" aria-roledescription=\"slide\" aria-label=\"2 sur 4\"><figure class=\"swiper-slide-inner\"><img decoding=\"async\" class=\"swiper-slide-image\" src=\"https:\/\/www.univ-oeb.dz\/fsesnv\/wp-content\/uploads\/2023\/06\/20230611_141604-150x150.jpg\" alt=\"20230611_141604\" \/><\/figure><\/div><div class=\"swiper-slide\" role=\"group\" aria-roledescription=\"slide\" aria-label=\"3 sur 4\"><figure class=\"swiper-slide-inner\"><img decoding=\"async\" class=\"swiper-slide-image\" src=\"https:\/\/www.univ-oeb.dz\/fsesnv\/wp-content\/uploads\/2023\/06\/20230611_141637-150x150.jpg\" alt=\"20230611_141637\" \/><\/figure><\/div><div class=\"swiper-slide\" role=\"group\" aria-roledescription=\"slide\" aria-label=\"4 sur 4\"><figure class=\"swiper-slide-inner\"><img decoding=\"async\" class=\"swiper-slide-image\" src=\"https:\/\/www.univ-oeb.dz\/fsesnv\/wp-content\/uploads\/2023\/06\/20230605_101628-150x150.jpg\" alt=\"20230605_101628\" \/><\/figure><\/div>\t\t\t<\/div>\n\t\t\t\t\t\t\t\t\t\t\t\t<div class=\"elementor-swiper-button elementor-swiper-button-prev\" role=\"button\" tabindex=\"0\">\n\t\t\t\t\t\t<i aria-hidden=\"true\" class=\"eicon-chevron-left\"><\/i>\t\t\t\t\t<\/div>\n\t\t\t\t\t<div class=\"elementor-swiper-button elementor-swiper-button-next\" role=\"button\" tabindex=\"0\">\n\t\t\t\t\t\t<i aria-hidden=\"true\" class=\"eicon-chevron-right\"><\/i>\t\t\t\t\t<\/div>\n\t\t\t\t\n\t\t\t\t\t\t\t\t\t<div class=\"swiper-pagination\"><\/div>\n\t\t\t\t\t\t\t\t\t<\/div>\n\t\t\t\t\t\t<\/div>\n\t\t\t\t<\/div>\n\t\t\t\t\t<\/div>\n\t\t<\/div>\n\t\t\t\t\t<\/div>\n\t\t<\/section>\n\t\t\t\t<\/div>\n\t\t","protected":false},"excerpt":{"rendered":"<p>J&rsquo;\u00e9tudie en Alg\u00e9rie \u00ab\u00a0visant \u00e0 renforcer l&rsquo;attractivit\u00e9 des institutions universitaires, \u00e0 am\u00e9liorer leur visibilit\u00e9 et leur pr\u00e9paration et \u00e0 encourager l&rsquo;enseignement des langues \u00e9trang\u00e8res, en particulier l&rsquo;anglais, ce qui permet d&rsquo;avoir une image r\u00e9elle et positive du syst\u00e8me d&rsquo;enseignement sup\u00e9rieur alg\u00e9rien\u00a0\u00bb. Afin d&rsquo;attribuer cette note aux \u00e9tablissements universitaires, le ministre ajoute qu&rsquo;un certain nombre de &hellip;<\/p>\n","protected":false},"author":1,"featured_media":0,"parent":0,"menu_order":0,"comment_status":"closed","ping_status":"closed","template":"","meta":{"footnotes":""},"class_list":["post-9407","page","type-page","status-publish","hentry"],"_links":{"self":[{"href":"https:\/\/www.univ-oeb.dz\/fsesnv\/wp-json\/wp\/v2\/pages\/9407","targetHints":{"allow":["GET"]}}],"collection":[{"href":"https:\/\/www.univ-oeb.dz\/fsesnv\/wp-json\/wp\/v2\/pages"}],"about":[{"href":"https:\/\/www.univ-oeb.dz\/fsesnv\/wp-json\/wp\/v2\/types\/page"}],"author":[{"embeddable":true,"href":"https:\/\/www.univ-oeb.dz\/fsesnv\/wp-json\/wp\/v2\/users\/1"}],"replies":[{"embeddable":true,"href":"https:\/\/www.univ-oeb.dz\/fsesnv\/wp-json\/wp\/v2\/comments?post=9407"}],"version-history":[{"count":0,"href":"https:\/\/www.univ-oeb.dz\/fsesnv\/wp-json\/wp\/v2\/pages\/9407\/revisions"}],"wp:attachment":[{"href":"https:\/\/www.univ-oeb.dz\/fsesnv\/wp-json\/wp\/v2\/media?parent=9407"}],"curies":[{"name":"wp","href":"https:\/\/api.w.org\/{rel}","templated":true}]}}