{"id":7863,"date":"2023-05-26T19:52:17","date_gmt":"2023-05-26T18:52:17","guid":{"rendered":"http:\/\/www.univ-oeb.dz\/fsesnv\/?page_id=7863"},"modified":"2023-05-26T19:52:20","modified_gmt":"2023-05-26T18:52:20","slug":"curriculum-vitae-kribaa-mohamed","status":"publish","type":"page","link":"https:\/\/www.univ-oeb.dz\/fsesnv\/curriculum-vitae-kribaa-mohamed\/","title":{"rendered":"Curriculum Vitae KRIBAA MOHAMED"},"content":{"rendered":"\n<div class=\"wp-block-media-text is-stacked-on-mobile\" style=\"grid-template-columns:24% auto\"><figure class=\"wp-block-media-text__media\"><img fetchpriority=\"high\" decoding=\"async\" width=\"226\" height=\"258\" src=\"https:\/\/www.univ-oeb.dz\/fsesnv\/wp-content\/uploads\/2023\/05\/Image1-9.jpg\" alt=\"\" class=\"wp-image-7864 size-full\"\/><\/figure><div class=\"wp-block-media-text__content\">\n<ul class=\"wp-block-list\">\n<li>Prof. &nbsp;KRIBAA MOHAMED<\/li>\n\n\n\n<li>Professor, Life Sciences department, University of Oum El Bouaghi, Algeria.<\/li>\n\n\n\n<li>E-mail: kribaa58@gmail.com<\/li>\n\n\n\n<li>Mobile: 0772867161<\/li>\n<\/ul>\n<\/div><\/div>\n\n\n\n<p class=\"has-text-align-center has-very-light-gray-to-cyan-bluish-gray-gradient-background has-background\"><strong>Researcher identity<\/strong><\/p>\n\n\n\n<p>Google Scholar: https:\/\/scholar.google.com\/citations?user=CPMGBjcAAAAJ&amp;amp;hl=fr&amp;amp;oi=sra<\/p>\n\n\n\n<p>Research Gate: Mohamed Kribaa (researchgate.net)<\/p>\n\n\n\n<p>ORCID: https:\/\/orcid.org\/my-orcid?orcid=0000-0003-0925-4640<\/p>\n\n\n\n<p class=\"has-text-align-center has-very-light-gray-to-cyan-bluish-gray-gradient-background has-background\">Education<\/p>\n\n\n\n<ul class=\"wp-block-list\">\n<li><strong>Ph.D.&rsquo;s degree<\/strong> in Agronomy<\/li>\n\n\n\n<li><strong>Master&rsquo;s degree<\/strong> in Agronomy<\/li>\n\n\n\n<li><strong>License&rsquo;s degree<\/strong> in Agronomy<\/li>\n<\/ul>\n\n\n\n<p class=\"has-text-align-center has-very-light-gray-to-cyan-bluish-gray-gradient-background has-background\">Functions and Affiliations<\/p>\n\n\n\n<ul class=\"wp-block-list\">\n<li><strong>Professor, <\/strong>Laboratoire des ressources naturelles et am\u00e9nagement des milieux sensibles<\/li>\n<\/ul>\n\n\n\n<p class=\"has-text-align-center has-very-light-gray-to-cyan-bluish-gray-gradient-background has-background\">Teaching modules<\/p>\n\n\n\n<p>Soil Sciences<\/p>\n\n\n\n<p>Bio Statistics.<\/p>\n\n\n\n<p class=\"has-text-align-center has-very-light-gray-to-cyan-bluish-gray-gradient-background has-background\">International publications<\/p>\n\n\n\n<p>1.N Ababsa, M Kribaa, A Ouldjaoui, L Tamrabet, D Addad, V Hallaire\u200f .<a href=\"javascript:void(0)\">Long-term effects of wastewater reuse on hydro physicals characteristics of grassland grown soil in semi-arid Algeria\u200f<\/a> .<strong><em>Journal of King Saud University-Science(<\/em><\/strong><strong><em>2020<\/em><\/strong><strong><em>)<\/em><\/strong><\/p>\n\n\n\n<p><em>&nbsp;<\/em><em>2. Sonia Boudjabi, <strong>Mohammed Kribaa<\/strong>, Haroun Chenchouni. Sewage sludge fertilization alleviates drought stress and improves physiological adaptation and yield performances in Durum Wheat (Triticum durum): A double-edged sword. <strong>Journal of King Saud University \u2013 Science<\/strong> (2017),<\/em><\/p>\n\n\n\n<p><a href=\"https:\/\/doi.org\/10.1016\/j.jksus.2017.12.012\">https:\/\/doi.org\/10.1016\/j.jksus.2017.12.012<\/a><\/p>\n\n\n\n<p><strong><em>3. Kribaa M<\/em><\/strong><em>. Hallaire V., Curmi P., Lahmar R . 2001. <\/em><em>Effect Of various cultivation methodes on the structure and hydraulic properties of a soil in a semi-aride climate.<strong>Soil and tillage research<\/strong> 60, 43-53.<\/em><\/p>\n\n\n\n<p><a href=\"http:\/\/cat.inist.fr\/?aModele=afficheN&amp;cpsidt=987529\"><em>http:\/\/cat.inist.fr\/?aModele=afficheN&amp;cpsidt=987529<\/em><\/a><em><\/em><\/p>\n\n\n\n<p><em>4. Tamrabet L. Bouzerzour H. <strong>Kribaa M<\/strong>. Makhlouf M. <strong>2008<\/strong>. Response of Durum Wheat (Triticum durum Desf) Cultivar Acsad 1107 to Sewage Sludge Amendement under a Semi-Arid Climate. <strong>Efficient Management of Wastewater<\/strong>, chapter book 9: 103-111.<\/em><\/p>\n\n\n\n<p><a href=\"http:\/\/www.springerlink.com\/content\/pw646733200r210u\/\"><em>http:\/\/www.springerlink.com\/content\/pw646733200r210u\/<\/em><\/a><em><\/em><\/p>\n\n\n\n<p><a href=\"http:\/\/dx.doi.org\/10.1007\/978-3-540-74492-4_9\"><em>http:\/\/dx.doi.org\/10.1007\/978-3-540-74492-4_9<\/em><\/a><em><\/em><\/p>\n\n\n\n<p><em>5. Boudjabi S. <strong>Kribaa M<\/strong>. Tamrabet L. <strong>2008<\/strong>. <\/em><em>Contribution of Sewage Sludge to the Fertility of the Soi land the Growth of Barley (Hordeum Vulgare L) Variety Jaidor. <strong>Efficient Management of Wastewater<\/strong>, chapter book 19: 227-235.<\/em><\/p>\n\n\n\n<p><a href=\"http:\/\/www.springerlink.com\/content\/h8255152m8287168\/\"><em>http:\/\/www.springerlink.com\/content\/h8255152m8287168\/<\/em><\/a><em><\/em><\/p>\n\n\n\n<p><a href=\"http:\/\/dx.doi.org\/10.1007\/978-3-540-74492-4_19\"><em>http:\/\/dx.doi.org\/10.1007\/978-3-540-74492-4_19<\/em><\/a><\/p>\n\n\n\n<p><em>6. Boudjabi S., Kribaa M., Tamrabet L. (2008). Contribution des boues r\u00e9siduaires \u00e0 la fertilit\u00e9 du sol et \u00e0 la production d&rsquo;une plante fourrag\u00e8re (Hordeum vulgare L.). Institut des r\u00e9gions arides, 2:21:862-867.<\/em><\/p>\n\n\n\n<p><em>7. Benmahammed A. <strong>Kribaa M<\/strong>. Bouzerzour H. Djekkoune A. <strong>2008<\/strong>. <\/em><em>Relationships Between F2, F3 and F4-Derived Lines for above Ground Biomass And Harvest Index of Three Barley (Hordeum vulgare L.) Crosses in a Mediterranean-Type <strong>Environment. Agricultural Journal<\/strong> 3 (4): 313-318.<\/em><\/p>\n\n\n\n<p><em>7. Tamrabet L. Bouzerzour H. <strong>Kribaa M<\/strong>. Makhlouf M. 2009. <\/em><em>The Effect of Sewage Sludge Application on Durum Wheat (Triticum durum). <strong>Int. J. Agric. Biol<\/strong>., 11: 741\u2013745<\/em><\/p>\n\n\n\n<p><em>8. Benmahammed A. <strong>Kribaa M<\/strong>. Bouzerzour H. Djekoun A. 2010. Assessment of stress tolerance in barley (Hordeum vulgare L.) advanced breeding lines under semi arid conditions of the eastern high plateaus of Algeria<strong>. <\/strong><\/em><strong><em>Euphytica<\/em><\/strong><em> .<\/em><\/p>\n\n\n\n<p><a href=\"http:\/\/dx.doi.org\/10.1007\/s10681-009-0046-x\"><em>http:\/\/dx.doi.org\/10.1007\/s10681-009-0046-x<\/em><\/a><em><\/em><\/p>\n\n\n\n<p><strong><em>9. Boudjabi S. Kribaa M. 2012. Etude de l\u0384\u00e9pandage des boues sur la fr\u00e9quence des mycorhizes et sur la production du bl\u00e9 dur. Approche \u00e0 l\u0384\u00e9tude du transfert des m\u00e9taux vers le grain. J.hydrocarb.mines environ.res.3(2). 110-116.<\/em><\/strong><strong><em><\/em><\/strong><\/p>\n\n\n\n<p><em>10. Boudjabi S., <strong>Kribaa M<\/strong>., Saadoune T., Tamrabet L. 2014.Etude de l\u00b4aspect&nbsp;&nbsp; toxicologique des boues sur la qualit\u00e9 nutritionnelle du bl\u00e9 dur:Approche \u00e0 l\u00b4\u00e9tude sur la fertilit\u00e9 du sol.<strong> Revue des R\u00e9gions Arides &#8211; Num\u00e9ro Sp\u00e9cial &#8211; n\u00b0 35 (3\/2014).<\/strong><\/em><\/p>\n\n\n\n<p><em>11. D. Gol\u00e9a<sup> <\/sup>, L. Tamrabet, <strong>M. Kribaa<\/strong>, N. Ababsa, S. Boudjabi, S. Tamrabet. 2014.Effets des boues r\u00e9siduaires et de sucrerie sur les propri\u00e9t\u00e9s du sol et la productivit\u00e9 de l\u2019orge (Hordeum Vulgare L. var. Jaidor). <strong>Revue des R\u00e9gions Arides &#8211; Num\u00e9ro Sp\u00e9cial &#8211; n\u00b0 35 (3\/2014).<\/strong><\/em><\/p>\n\n\n\n<p><em>12. L. Tamrabet, D. Gol\u00e9a, <strong>M. Kribaa<\/strong>, N. Marouf, N. Ababsa, S. Boudjabi, S. Tamrabet. <\/em><em>2014. Assessment of spatial and temporal variations of water quality parameters of Oued El Gourzi for suitability to irrigation uses. <\/em><strong><em>Revue des R\u00e9gions Arides &#8211; Num\u00e9ro Sp\u00e9cial &#8211; n\u00b0 35 (3\/2014).<\/em><\/strong><\/p>\n\n\n\n<p><em>13. Sonia Boudjabi, <strong>Mohammed Kribaa<\/strong>, Haroun Chenchouni. <\/em><em>2015.Growth Physiology and yield of durum wheat ( Triticum durum) Treated with sewage sludge under stress conditions. <strong>EXCLI Journal 2015;14:320-334.<\/strong><\/em><\/p>\n\n\n\n<p><em>http:\/\/dx.doi.org\/10.17179\/excli2014-715<\/em><\/p>\n\n\n\n<p><em>14. Ababsa Nawal, <strong>Kribaa Mohammed<\/strong>, Tamrabet Lahbib, Addad Dalila, Zidi Anissa, Mansouri Djawhara . <\/em><em>2016.Relation Entre L\u2019activit\u00e9 Biologique Et Le Comportement Hydro Physique Des Sols Dans Le Contexte Du Syst\u00e9me Prairial Naturel Irrigu\u00e9 A L\u2019eau Us\u00e9e. <\/em><strong><em>European Scientific Journal <\/em><\/strong><em>February 2016 edition vol.12, No.5<\/em><em><\/em><\/p>\n\n\n\n<p><em>&nbsp;doi: 10.19044\/esj.2016.v12n5p76<\/em><em><\/em><\/p>\n\n\n\n<p><em>16. Ababsa N, <strong>Kribaa M<\/strong>, Addad D, Tamrabet L. Baha M. Does earthworms density really modify soil&rsquo;s hydrodynamic properties in irrigated systems with recycled&nbsp; water?. <strong>J. Fundam. Appl. Sci<\/strong>., 2016, 8(2), 627-638.<\/em><\/p>\n\n\n\n<p><em>http:\/\/dx.doi.org\/10.4314\/jfas.v8i2.29<\/em><\/p>\n\n\n\n<p><em>17. Addad D., <strong>Kribaa M<\/strong>., Ababsa N., Tamrabet L., Hafidi M., El Fels L.and&nbsp; Benmahammed A. Impact of earthworm activity on the chemical fertility of irrigated soil with urban effluents. <strong>J. Fundam. Appl. Sci<\/strong>., 2017, 9(3), 1320-1341.<\/em><\/p>\n\n\n\n<p><em>http:\/\/dx.doi.org\/10.4314\/jfas.v9i3.5<\/em><em><\/em><\/p>\n\n\n\n<p><em>18. Kourtel Ghanem Nadra, <strong>Kribaa Mohammed<\/strong>, and El Hadef El Okki Mohammed.<\/em><\/p>\n\n\n\n<p><em>Interaction between Soil Physicochemical Parameters and Earthworm Communities in Irrigated Areas with Natural Water and Wastewaters. <\/em><strong><em>Applied and Environmental Soil Science<\/em><\/strong><em>., Volume 2017.<\/em><\/p>\n\n\n\n<p><a href=\"https:\/\/doi.org\/10.1155\/2017\/5808945\">https:\/\/doi.org\/10.1155\/2017\/5808945<\/a><\/p>\n\n\n\n<p><em>19. SIHEM FELLAH1, ABDELKADER KHIARI, <strong>MOHAMMED KRIBAA<\/strong>, ABDELKRIM ARAR&nbsp; AND HAROUN CHENCHOUNI. EFFECT OF WATER REGIME ON GROWTH PERFORMANCE OF DURUM WHEAT (TRITICUM DURUM DESF.) DURING DIFFERENT VEGETATIVE PHASES. <strong>Irrig. and Drain<\/strong>. <strong>67<\/strong>: 762\u2013778 (2018) <strong>DOI<\/strong>: 10.1002\/ird.2289<\/em><\/p>\n\n\n\n<p><em>20.Sihem Fellah, Abdelkader Khiari, <strong>Mohammed Kribaa<\/strong>, Abdelkrim Arar, Haroun Chenchouni. Control of Supplementary Irrigation and Water Requirements for Durum Wheat in the F\u2019kirina Plain,Indo Am. J. P. Sci, 2018; 05(04).<\/em><\/p>\n\n\n\n<p><em>22. <strong>Kribaa M<\/strong>. (1992) : Contribution \u00e0 l\u2019\u00e9tude de l\u2019irrigation d\u2019appoint et de la fertilisation azot\u00e9e d\u2019un bl\u00e9 due (Waha) en zones semi-arides. Th\u00e8se Magist\u00e8re, INA, Alger,12-45173.<\/em><\/p>\n\n\n\n<p><em>23<strong>.Kribaa M<\/strong>. (2003) : Effet de la jach\u00e8re sur les sols en c\u00e9r\u00e9aliculture pluvialedans les zones semi-arides m\u00e9diterran\u00e9ennes. Cas des hautes plaines s\u00e9tifiennesen Alg\u00e9rie. (Impact des diff\u00e9rentes techniques de travail de la jach\u00e8re sur lescaract\u00e9ristiques structurales et hydrodynamiques du sol). Th\u00e8se de Doctorat d\u2019\u00e9tat enSciences Agronomiques, INA El \u2013Harrach, Alger, 121p.174.<\/em><\/p>\n\n\n\n<h3 class=\"wp-block-heading\"><em>24.H Bouzerzour, L Tamrabet<\/em><em>, M Kribaa&nbsp;. <\/em><em>Response of barley and oat to the wastewater irrigation and to the sludge amendment<\/em><em>\u200f<\/em><em> &#8211; the Proc. Int. Seminar: Biol. and Environ, 2002<\/em><\/h3>\n\n\n\n<p><em>25. Tamrabet, L. Bouzerzour, H. <strong>Kribaa, M<\/strong>. 2002. <\/em><em>R\u00e9ponse des gramin\u00e9es fourrag\u00e8res aux apports d&rsquo;eau us\u00e9e et de boues r\u00e9siduaires. S\u00e9minaire International, Biologie et Environnement, Constantine,20, 21 et 22 Octobre 2002.<\/em><em><\/em><\/p>\n\n\n\n<p><strong><em>26. Kribaa, M<\/em><\/strong><em>. Bouzerzour, H. Tamrabet, L. 2003. <\/em><em>Effect of reduced tillage on soil characteristics and durum wheat grain yeld in mediterranean semi-arid climate type (Algeria). <\/em><em>II World Congres on Conservation Agriculture; Br\u00e9sil, 11-15 Ao\u00fbt 2003.<\/em><\/p>\n\n\n\n<p><em>27. Tamrabet, L. Bouzerzour, H. <strong>Kribaa, M<\/strong>, Gol\u00e9a,D. 2003. Le devenir des boues r\u00e9siduaires: effet des apports de boues sur la production de deux gramin\u00e9es fourrag\u00e8res. Hydrotop, Marseille, 22, 23, et 24 Octobre 2003.<\/em><\/p>\n\n\n\n<p><em>28. Tamrabet, L. Bouzerzour, H. <strong>Kribaa, M<\/strong>, Gol\u00e9a,D. 2003. Le devenir des eaux us\u00e9es trait\u00e9es: r\u00e9ponse de deux gramin\u00e9es fourrag\u00e8res, l&rsquo;orge et l&rsquo;avoine, aux apports d&rsquo;eau us\u00e9e trait\u00e9e. International Colloquium on Oasis, Water and Population, Biskra, 22, 23, et 24 Septembre 2003.<\/em><\/p>\n\n\n\n<p><strong><em>29. Kribaa, M<\/em><\/strong><em>. Tamrabet, L. Gol\u00e9a, D. Bouzerzour, H. 2005. Effet des boues r\u00e9siduaires sur la fertilit\u00e9 du sol et la production fourrag\u00e8re de l&rsquo;orge ( Hodeum Vulgare L.).Watmed 2, Marrakech \u2013 Maroc du 14au 17 Novembre 2005.<\/em><\/p>\n\n\n\n<p><em>31. Tamrabet, L. <strong>Kribaa, M<\/strong>. Gol\u00e9a, D. Bouzerzour, H. 2005. Caract\u00e9risation de la pollution des oueds El Kleb et Boumerzoug (Est Alg\u00e9rien) et leur impact sur l\u2019environnement. Watmed 2, Marrakech \u2013 Maroc du 14au 17 Novembre 2005<\/em><\/p>\n\n\n\n<p><em>32. Gol\u00e9a, D.&nbsp; Tamrabet, L. <strong>Kribaa, M<\/strong>.&nbsp; <\/em><em>2005. Traitement des eaux us\u00e9es et leur valorisation dans l\u2019irrigation des plants de Casuarina (Casuarina EquisestifoliaL.) et du Faux Poivrier ( Schinus Molle). Watmed 2, Marrakech \u2013 Maroc du 14au 17 Novembre 2005.<\/em><\/p>\n\n\n\n<p><em>33. Ftiti, N. <strong>Kribaa, M<\/strong>. 2005. Efficience en eau chez le bl\u00e9 dur. Ier Colloque Euro-M\u00e9diterraneen en biologie v\u00e9g\u00e9tale et environnement, Annaba 28, 29,&nbsp; et 30 Novembre 2005.<\/em><\/p>\n\n\n\n<p><em>34. Tamrabet, L. <strong>Kribaa, M<\/strong>. Hamidi B. Alalata S. Berkani W. Hamdoudi A.&nbsp; 2007. Evaluation de l\u2019aptitude des effluents d\u2019Oued El Gourzi (Batna&nbsp;; nord est d\u2019Alg\u00e9rie) \u00e0 l\u2019irrigation et leur impact sur le sol et la qualit\u00e9 des cultures mara\u00eech\u00e8res et fourrag\u00e8res. Congr\u00e8s international&nbsp;: Eau et D\u00e9chets. Oudjda. Maroc&nbsp;; 22-23 novembre 2007.<\/em><\/p>\n\n\n\n<p><em>35. Gol\u00e9a, D.&nbsp; Tamrabet, L. <strong>Kribaa, M<\/strong>.&nbsp; Bendhia L. Annab W. 2007. Effets des boues r\u00e9siduaires et des d\u00e9chets de betterave sur les propri\u00e9t\u00e9s du sol et la productivit\u00e9 de l\u2019orge <\/em><em>(Hordeum Vulgare L) Variet\u00e9 Jaidor. Congr\u00e8s international&nbsp;: Eau et D\u00e9chets. Oudjda. Maroc&nbsp;; 22-23 novembre 2007.<\/em><\/p>\n\n\n\n<p><em>36. ABABSA N., ADDAD D., <strong>KRIBAA M<\/strong>. et TAMERABET L. 2010. Etude de la valorisation du transfert hydrique de l\u2019azote et de la charge solide&nbsp;: cas d\u2019un sous bassin versant des r\u00e9gions semi arides de l\u2019Est Alg\u00e9rien. S\u00e9minaire internationale sur la pr\u00e9servation et la mise en valeur de l\u2019\u00e9cosyst\u00e8me steppique. Universit\u00e9 de M\u2019sila14 \u2013 16 Mars 2010.<\/em><\/p>\n\n\n\n<p><em>38. ADDAD D., <strong>KRIBAA M<\/strong>., TAMERABET L., ABABSA N<strong>. <\/strong>2010. D\u00e9termination de la qualit\u00e9 des eaux du barrage Foum El Khenga \u00e0 l\u2019EST&nbsp; de l\u2019Alg\u00e9rie. S\u00e9minaire internationale sur la pr\u00e9servation et la mise en valeur de l\u2019\u00e9cosyst\u00e8me steppique. <\/em><em>Universit\u00e9 de M\u2019sila14 \u2013 16 Mars 2010.<\/em><\/p>\n\n\n\n<p><em>39. Tamrabet L<strong>., <\/strong>Bouzerzour H., <strong>Kribaa M<\/strong>., Gol\u00e9a D.(2011)<\/em><em>Assessment of spatial and temporal variations of water quality parameters of Oued El Gourzi (W. Batna) for suitability to irrigation uses. <\/em><em>In: Actes of <\/em><em>Euromediterranean Scientific Congress On Engineering (EMSCE), May 19-20, Alg\u00e9cira, Spain.<\/em><\/p>\n\n\n\n<p><em>40. ABABSA Nawal1, <strong>KRIBAA Mohamed, <\/strong>ADDAD Dlila, Tamrabet Lahbib, ZIDI Anissa et MANSOURI. <\/em><em>2013. Evaluation de l\u2019effet d\u2019irrigation avec les eaux us\u00e9es sur le comportement physique du sol. S\u00e9minaire International sur l&rsquo;Hydrog\u00e9ologie et l&rsquo;Environnement SIHE 2013 Ouargla.<\/em><\/p>\n\n\n\n<p class=\"has-text-align-center has-very-light-gray-to-cyan-bluish-gray-gradient-background has-background\">Interests and Qualifications<\/p>\n\n\n\n<ul class=\"wp-block-list\">\n<li><strong>Interests: <\/strong>Soil science, cultivation methods, Water quality,<\/li>\n\n\n\n<li><strong>Qualifications: <\/strong>Agro ecology, Agronomy<\/li>\n\n\n\n<li><strong>Other: <\/strong>climate changes<\/li>\n<\/ul>\n\n\n\n<figure class=\"wp-block-pullquote has-white-color has-text-color\"><blockquote><p>pdf version: <a href=\"https:\/\/www.univ-oeb.dz\/fsesnv\/wp-content\/uploads\/2023\/05\/Short-CV.pdf\">Short CV<\/a><br>Scopus: <a href=\"https:\/\/www.scopus.com\/inward\/authorDetails.uri?authorID=6504118251&amp;partnerID=5ESL7QZV&amp;md5=2897d288873d23cc2066c64112b9d2ec\" data-type=\"URL\" data-id=\"https:\/\/www.scopus.com\/inward\/authorDetails.uri?authorID=6504118251&amp;partnerID=5ESL7QZV&amp;md5=2897d288873d23cc2066c64112b9d2ec\">kribaa mohamed<\/a><\/p><\/blockquote><\/figure>\n","protected":false},"excerpt":{"rendered":"<p>Prof. &nbsp;KRIBAA MOHAMED Professor, Life Sciences department, University of Oum El Bouaghi, Algeria. E-mail: kribaa58@gmail.com Mobile: 0772867161 Researcher identity Google Scholar: https:\/\/scholar.google.com\/citations?user=CPMGBjcAAAAJ&amp;amp;hl=fr&amp;amp;oi=sra Research Gate: Mohamed Kribaa (researchgate.net) ORCID: https:\/\/orcid.org\/my-orcid?orcid=0000-0003-0925-4640 Education Ph.D.&rsquo;s degree in Agronomy Master&rsquo;s degree in Agronomy License&rsquo;s degree in Agronomy Functions and Affiliations Professor, Laboratoire des ressources naturelles et am\u00e9nagement des milieux sensibles &hellip;<\/p>\n","protected":false},"author":1,"featured_media":0,"parent":0,"menu_order":0,"comment_status":"closed","ping_status":"closed","template":"","meta":{"footnotes":""},"class_list":["post-7863","page","type-page","status-publish","hentry"],"_links":{"self":[{"href":"https:\/\/www.univ-oeb.dz\/fsesnv\/wp-json\/wp\/v2\/pages\/7863","targetHints":{"allow":["GET"]}}],"collection":[{"href":"https:\/\/www.univ-oeb.dz\/fsesnv\/wp-json\/wp\/v2\/pages"}],"about":[{"href":"https:\/\/www.univ-oeb.dz\/fsesnv\/wp-json\/wp\/v2\/types\/page"}],"author":[{"embeddable":true,"href":"https:\/\/www.univ-oeb.dz\/fsesnv\/wp-json\/wp\/v2\/users\/1"}],"replies":[{"embeddable":true,"href":"https:\/\/www.univ-oeb.dz\/fsesnv\/wp-json\/wp\/v2\/comments?post=7863"}],"version-history":[{"count":0,"href":"https:\/\/www.univ-oeb.dz\/fsesnv\/wp-json\/wp\/v2\/pages\/7863\/revisions"}],"wp:attachment":[{"href":"https:\/\/www.univ-oeb.dz\/fsesnv\/wp-json\/wp\/v2\/media?parent=7863"}],"curies":[{"name":"wp","href":"https:\/\/api.w.org\/{rel}","templated":true}]}}