{"id":6753,"date":"2023-05-24T11:34:28","date_gmt":"2023-05-24T10:34:28","guid":{"rendered":"http:\/\/www.univ-oeb.dz\/fsesnv\/?page_id=6753"},"modified":"2023-05-31T08:51:15","modified_gmt":"2023-05-31T07:51:15","slug":"%d9%86%d9%82%d8%a7%d8%b7-%d8%a7%d9%84%d8%b3%d9%86%d8%a9-%d8%a7%d9%84%d8%a3%d9%88%d9%84%d9%89-%d9%84%d9%8a%d8%b3%d8%a7%d9%86%d8%b3-%d8%ac%d8%b0%d8%b9-%d9%85%d8%b4%d8%aa%d8%b1%d9%83-%d9%82%d8%b3%d9%85","status":"publish","type":"page","link":"https:\/\/www.univ-oeb.dz\/fsesnv\/%d9%86%d9%82%d8%a7%d8%b7-%d8%a7%d9%84%d8%b3%d9%86%d8%a9-%d8%a7%d9%84%d8%a3%d9%88%d9%84%d9%89-%d9%84%d9%8a%d8%b3%d8%a7%d9%86%d8%b3-%d8%ac%d8%b0%d8%b9-%d9%85%d8%b4%d8%aa%d8%b1%d9%83-%d9%82%d8%b3%d9%85\/","title":{"rendered":"\u0646\u0642\u0627\u0637 \u0627\u0644\u0633\u0646\u0629 \u0627\u0644\u0623\u0648\u0644\u0649 \u0644\u064a\u0633\u0627\u0646\u0633 \u062c\u0630\u0639 \u0645\u0634\u062a\u0631\u0643 &#8211; \u0642\u0633\u0645 \u0639\u0644\u0648\u0645 \u0627\u0644\u0645\u0627\u062f\u0629-"},"content":{"rendered":"\t\t<div data-elementor-type=\"wp-page\" data-elementor-id=\"6753\" class=\"elementor elementor-6753\">\n\t\t\t\t\t\t<section class=\"elementor-section elementor-top-section elementor-element elementor-element-e7b4be0 elementor-section-boxed elementor-section-height-default elementor-section-height-default\" data-id=\"e7b4be0\" data-element_type=\"section\">\n\t\t\t\t\t\t<div class=\"elementor-container elementor-column-gap-default\">\n\t\t\t\t\t<div class=\"elementor-column elementor-col-100 elementor-top-column elementor-element elementor-element-3c6ab77\" data-id=\"3c6ab77\" data-element_type=\"column\">\n\t\t\t<div class=\"elementor-widget-wrap elementor-element-populated\">\n\t\t\t\t\t\t<div class=\"elementor-element elementor-element-fb80275 elementor-tabs-view-horizontal elementor-widget elementor-widget-tabs\" data-id=\"fb80275\" data-element_type=\"widget\" data-widget_type=\"tabs.default\">\n\t\t\t\t<div class=\"elementor-widget-container\">\n\t\t\t\t\t\t\t<div class=\"elementor-tabs\">\n\t\t\t<div class=\"elementor-tabs-wrapper\" role=\"tablist\" >\n\t\t\t\t\t\t\t\t\t<div id=\"elementor-tab-title-2631\" class=\"elementor-tab-title elementor-tab-desktop-title\" aria-selected=\"true\" data-tab=\"1\" role=\"tab\" tabindex=\"0\" aria-controls=\"elementor-tab-content-2631\" aria-expanded=\"false\">\u062c\u0630\u0639 \u0645\u0634\u062a\u0631\u0643 \u0639\u0644\u0648\u0645 \u0627\u0644\u0645\u0627\u062f\u0629<\/div>\n\t\t\t\t\t\t\t<\/div>\n\t\t\t<div class=\"elementor-tabs-content-wrapper\" role=\"tablist\" aria-orientation=\"vertical\">\n\t\t\t\t\t\t\t\t\t<div class=\"elementor-tab-title elementor-tab-mobile-title\" aria-selected=\"true\" data-tab=\"1\" role=\"tab\" tabindex=\"0\" aria-controls=\"elementor-tab-content-2631\" aria-expanded=\"false\">\u062c\u0630\u0639 \u0645\u0634\u062a\u0631\u0643 \u0639\u0644\u0648\u0645 \u0627\u0644\u0645\u0627\u062f\u0629<\/div>\n\t\t\t\t\t<div id=\"elementor-tab-content-2631\" class=\"elementor-tab-content elementor-clearfix\" data-tab=\"1\" role=\"tabpanel\" aria-labelledby=\"elementor-tab-title-2631\" tabindex=\"0\" hidden=\"false\"><p style=\"text-align: center;\"><strong><span style=\"color: #ff0000;\">\u0646\u0642\u0627\u0637 \u0627\u0644\u0633\u062f\u0627\u0633\u064a \u0627\u0644\u062b\u0627\u0646\u064a \u0627\u0644\u0633\u0646\u0629 \u0623\u0648\u0644\u0649 \u0644\u064a\u0633\u0627\u0646\u0633 \u062c\u0630\u0639 \u0645\u0634\u062a\u0631\u0643 \u0639\u0644\u0648\u0645 \u0627\u0644\u0645\u0627\u062f\u0629<\/span><\/strong><\/p><table width=\"514\"><tbody><tr><td width=\"184\"><p><strong>\u0627\u0644\u0645\u0642\u064a\u0627\u0633<\/strong><\/p><\/td><td width=\"165\"><p><strong>\u0645\u062d\u0627\u0636\u0631 \u0627\u0644\u0646\u0642\u0627\u0637<\/strong><\/p><\/td><td width=\"165\"><p><strong>\u0627\u0644\u0625\u062c\u0627\u0628\u0629 \u0627\u0644\u0646\u0645\u0648\u0630\u062c\u064a\u0629<\/strong><\/p><\/td><\/tr><tr><td width=\"184\"><p><strong>TP Physique<\/strong><\/p><\/td><td width=\"165\"><div dir=\"ltr\"><a href=\"https:\/\/www.univ-oeb.dz\/fsesnv\/wp-content\/uploads\/2023\/05\/TP-physique-TP-D-electricite-\u0627\u0644\u0641\u0648\u062c-19.xlsx\">TP physique TP D electricit\u00e9 ( \u0627\u0644\u0641\u0648\u062c 1)(9)<\/a><\/div><div dir=\"ltr\">\u00a0<\/div><div dir=\"ltr\"><a href=\"https:\/\/www.univ-oeb.dz\/fsesnv\/wp-content\/uploads\/2023\/05\/TP-physique-TP-D-electricite-\u0627\u0644\u0641\u0648\u062c-28.xlsx\">TP physique TP D electricit\u00e9 ( \u0627\u0644\u0641\u0648\u062c 2)(8)<\/a><\/div><div dir=\"ltr\">\u00a0<\/div><div dir=\"ltr\"><a href=\"https:\/\/www.univ-oeb.dz\/fsesnv\/wp-content\/uploads\/2023\/05\/TP-physique-TP-D-electricite-\u0627\u0644\u0641\u0648\u062c-313.xlsx\">TP physique TP D electricit\u00e9 ( \u0627\u0644\u0641\u0648\u062c 3)(13)<\/a><\/div><div dir=\"ltr\">\u00a0<\/div><div dir=\"ltr\"><a href=\"https:\/\/www.univ-oeb.dz\/fsesnv\/wp-content\/uploads\/2023\/05\/TP-physique-TP-D-electricite-\u0627\u0644\u0641\u0648\u062c-46.xlsx\">TP physique TP D electricit\u00e9 ( \u0627\u0644\u0641\u0648\u062c 4)(6)<\/a><\/div><div dir=\"ltr\">\u00a0<\/div><div dir=\"ltr\"><a href=\"https:\/\/www.univ-oeb.dz\/fsesnv\/wp-content\/uploads\/2023\/05\/Liste-des-etudiant-qui-ne-figurent-pas-sur-les-PV-de-note-module-TP-ELECTRICITE.docx\">Liste des \u00e9tudiant qui ne figurent pas sur les PV de note module TP ELECTRICITE<\/a><\/div><div dir=\"ltr\">\u00a0<\/div><div dir=\"ltr\">\u00a0<\/div><div dir=\"ltr\">Une S\u00e9ance de consultation des copies d&rsquo;\u00e9xamen est programm\u00e9e mercredi le 31 mai a 11h:00<\/div><\/td><td width=\"165\"><p><strong> <a href=\"https:\/\/www.univ-oeb.dz\/fsesnv\/wp-content\/uploads\/2023\/05\/Corrige-Examen-TP-Electricite.docx\">Corrig\u00e9 Examen TP Electricit\u00e9<\/a><\/strong><\/p><\/td><\/tr><tr><td width=\"184\"><p><strong>Anglais<\/strong><\/p><\/td><td width=\"165\"><p><strong> <a href=\"https:\/\/www.univ-oeb.dz\/fsesnv\/wp-content\/uploads\/2023\/05\/Langue-Anglais-2-\u0627\u0644\u0641\u0648\u062c-4.xlsx\">Langue Anglais 2( \u0627\u0644\u0641\u0648\u062c 4)<\/a><\/strong><\/p><p><strong> <a href=\"https:\/\/www.univ-oeb.dz\/fsesnv\/wp-content\/uploads\/2023\/05\/Langue-Anglais-2-\u0627\u0644\u0641\u0648\u062c-2.xlsx\">Langue Anglais 2( \u0627\u0644\u0641\u0648\u062c 2)<\/a><\/strong><\/p><p><strong> <a href=\"https:\/\/www.univ-oeb.dz\/fsesnv\/wp-content\/uploads\/2023\/05\/Langue-Anglais-2-\u0627\u0644\u0641\u0648\u062c-1.xlsx\">Langue Anglais 2( \u0627\u0644\u0641\u0648\u062c 1)<\/a><\/strong><\/p><p><strong> <a href=\"https:\/\/www.univ-oeb.dz\/fsesnv\/wp-content\/uploads\/2023\/05\/Langue-Anglais-2-\u0627\u0644\u0641\u0648\u062c-3.xlsx\">Langue Anglais 2( \u0627\u0644\u0641\u0648\u062c 3)<\/a><\/strong><\/p><p><strong> <a href=\"https:\/\/www.univ-oeb.dz\/fsesnv\/wp-content\/uploads\/2023\/05\/\u0642\u0627\u0626\u0645\u0629-\u0627\u0644\u0637\u0644\u0628\u0629-\u0627\u0644\u063a\u064a\u0631-\u0645\u062f\u0631\u062c\u0629-\u0646\u0642\u0627\u0637\u0647\u0645-\u0641\u064a-\u0627\u0644\u0645\u062d\u0627\u0636\u0631.docx\">\u0642\u0627\u0626\u0645\u0629 \u0627\u0644\u0637\u0644\u0628\u0629 \u0627\u0644\u063a\u064a\u0631 \u0645\u062f\u0631\u062c\u0629 \u0646\u0642\u0627\u0637\u0647\u0645 \u0641\u064a \u0627\u0644\u0645\u062d\u0627\u0636\u0631<\/a><\/strong><\/p><\/td><td width=\"165\"><p><strong> <a href=\"https:\/\/www.univ-oeb.dz\/fsesnv\/wp-content\/uploads\/2023\/05\/Second-English-Exam-Correction-L1.pdf\">Second English Exam Correction L1<\/a><\/strong><\/p><\/td><\/tr><tr><td width=\"184\"><p><strong>Energie renouvelable<\/strong><\/p><\/td><td width=\"165\"><p><strong> <a href=\"https:\/\/www.univ-oeb.dz\/fsesnv\/wp-content\/uploads\/2023\/05\/Liste-des-etudiants-qui-ne-figurent-pas-sur-les-PV.docx\">Liste des \u00e9tudiants qui ne figurent pas sur les PV<\/a> <\/strong><\/p><p><strong><a href=\"https:\/\/www.univ-oeb.dz\/fsesnv\/wp-content\/uploads\/2023\/05\/ENERGIE-RENOUVELABLE-\u0627\u0644\u0641\u0648\u062c-1.xlsx\">ENERGIE RENOUVELABLE( \u0627\u0644\u0641\u0648\u062c 1)<\/a> <\/strong><\/p><p><strong><a href=\"https:\/\/www.univ-oeb.dz\/fsesnv\/wp-content\/uploads\/2023\/05\/ENERGIE-RENOUVELABLE-\u0627\u0644\u0641\u0648\u062c-2.xlsx\">ENERGIE RENOUVELABLE( \u0627\u0644\u0641\u0648\u062c 2)<\/a> <\/strong><\/p><p><strong><a href=\"https:\/\/www.univ-oeb.dz\/fsesnv\/wp-content\/uploads\/2023\/05\/ENERGIE-RENOUVELABLE-\u0627\u0644\u0641\u0648\u062c-3.xlsx\">ENERGIE RENOUVELABLE( \u0627\u0644\u0641\u0648\u062c 3)<\/a> <\/strong><\/p><p><strong><a href=\"https:\/\/www.univ-oeb.dz\/fsesnv\/wp-content\/uploads\/2023\/05\/ENERGIE-RENOUVELABLE-\u0627\u0644\u0641\u0648\u062c-4.xlsx\">ENERGIE RENOUVELABLE( \u0627\u0644\u0641\u0648\u062c 4)<\/a><\/strong><\/p><\/td><td width=\"165\"><p><strong> <a href=\"https:\/\/www.univ-oeb.dz\/fsesnv\/wp-content\/uploads\/2023\/05\/corrige-de-lexamen-energies-renouvelables.docx\">corrig\u00e9 de l&rsquo;examen energies renouvelables<\/a><\/strong><\/p><\/td><\/tr><tr><td width=\"184\"><p><strong>Informatique 2<\/strong><\/p><\/td><td width=\"165\"><p><strong> <a href=\"https:\/\/www.univ-oeb.dz\/fsesnv\/wp-content\/uploads\/2023\/05\/Informatique2-Langages-de-programation-\u0627\u0644\u0641\u0648\u062c-1.xlsx\">Informatique2 Langages de programation( \u0627\u0644\u0641\u0648\u062c 1)<\/a><\/strong><\/p><p><strong> <a href=\"https:\/\/www.univ-oeb.dz\/fsesnv\/wp-content\/uploads\/2023\/05\/Informatique2-Langages-de-programation-\u0627\u0644\u0641\u0648\u062c-2.xlsx\">Informatique2 Langages de programation( \u0627\u0644\u0641\u0648\u062c 2)<\/a><\/strong><\/p><p><strong> <a href=\"https:\/\/www.univ-oeb.dz\/fsesnv\/wp-content\/uploads\/2023\/05\/Informatique2-Langages-de-programation-\u0627\u0644\u0641\u0648\u062c-3.xlsx\">Informatique2 Langages de programation( \u0627\u0644\u0641\u0648\u062c 3)<\/a><\/strong><\/p><p><strong> <a href=\"https:\/\/www.univ-oeb.dz\/fsesnv\/wp-content\/uploads\/2023\/05\/Informatique2-Langages-de-programation-\u0627\u0644\u0641\u0648\u062c-4.xlsx\">Informatique2 Langages de programation( \u0627\u0644\u0641\u0648\u062c 4)<\/a><\/strong><\/p><p><strong> <a href=\"https:\/\/www.univ-oeb.dz\/fsesnv\/wp-content\/uploads\/2023\/05\/liste-complementaire.xlsx\">liste complementaire<\/a><\/strong><\/p><\/td><td width=\"165\"><p><strong> <a href=\"https:\/\/www.univ-oeb.dz\/fsesnv\/wp-content\/uploads\/2023\/05\/Corrige-type-informatique-2.docx\">Corrig\u00e9 type informatique 2<\/a><\/strong><\/p><\/td><\/tr><tr><td width=\"184\"><p><strong>Physique 2<\/strong><\/p><\/td><td width=\"165\"><p><strong><a href=\"https:\/\/www.univ-oeb.dz\/fsesnv\/wp-content\/uploads\/2023\/05\/PHYSIQUE-2-Electricite-\u0627\u0644\u0641\u0648\u062c-1.xlsx\">PHYSIQUE 2 Electricit\u00e9( \u0627\u0644\u0641\u0648\u062c 1)<\/a><\/strong><\/p><p><strong> <a href=\"https:\/\/www.univ-oeb.dz\/fsesnv\/wp-content\/uploads\/2023\/05\/PHYSIQUE-2-Electricite-\u0627\u0644\u0641\u0648\u062c-4.xlsx\">PHYSIQUE 2 Electricit\u00e9( \u0627\u0644\u0641\u0648\u062c 4)<\/a><\/strong><\/p><p><strong> <a href=\"https:\/\/www.univ-oeb.dz\/fsesnv\/wp-content\/uploads\/2023\/05\/PHYSIQUE-2-Electricite-\u0627\u0644\u0641\u0648\u062c-2.xlsx\">PHYSIQUE 2 Electricit\u00e9( \u0627\u0644\u0641\u0648\u062c 2)<\/a><\/strong><\/p><p><strong> <a href=\"https:\/\/www.univ-oeb.dz\/fsesnv\/wp-content\/uploads\/2023\/05\/PHYSIQUE-2-Electricite-\u0627\u0644\u0641\u0648\u062c-3.xlsx\">PHYSIQUE 2 Electricit\u00e9( \u0627\u0644\u0641\u0648\u062c 3)<\/a><\/strong><\/p><\/td><td width=\"165\"><p><strong> <a href=\"https:\/\/www.univ-oeb.dz\/fsesnv\/wp-content\/uploads\/2023\/05\/CamScanner-29-05-2023-12.51.pdf\">CamScanner 29-05-2023 12.51<\/a> <\/strong><\/p><\/td><\/tr><tr><td width=\"184\"><p><strong>Mathematique 2<\/strong><\/p><\/td><td width=\"165\"><p><strong> <a href=\"https:\/\/www.univ-oeb.dz\/fsesnv\/wp-content\/uploads\/2023\/05\/la-suite-de-G1.pdf\">la suite de G1<\/a><\/strong><\/p><p><strong> <a href=\"https:\/\/www.univ-oeb.dz\/fsesnv\/wp-content\/uploads\/2023\/05\/Matematiquesb2-Analyse-Algebre-2-\u0627\u0644\u0641\u0648\u062c-1-1.pdf\">Mat\u00e9matiquesb2 Analyse &amp;Alg\u00e8bre 2( \u0627\u0644\u0641\u0648\u062c 1) (1)<\/a><\/strong><\/p><p><strong> <a href=\"https:\/\/www.univ-oeb.dz\/fsesnv\/wp-content\/uploads\/2023\/05\/Matematiquesb2-Analyse-Algebre-2-\u0627\u0644\u0641\u0648\u062c-2-1.pdf\">Mat\u00e9matiquesb2 Analyse &amp;Alg\u00e8bre 2( \u0627\u0644\u0641\u0648\u062c 2) (1)<\/a><\/strong><\/p><p><strong> <a href=\"https:\/\/www.univ-oeb.dz\/fsesnv\/wp-content\/uploads\/2023\/05\/Matematiquesb2-Analyse-Algebre-2-\u0627\u0644\u0641\u0648\u062c-3.pdf\">Mat\u00e9matiquesb2 Analyse &amp;Alg\u00e8bre 2( \u0627\u0644\u0641\u0648\u062c 3)<\/a><\/strong><\/p><p><strong> <a href=\"https:\/\/www.univ-oeb.dz\/fsesnv\/wp-content\/uploads\/2023\/05\/Matematiquesb2-Analyse-Algebre-2-\u0627\u0644\u0641\u0648\u062c-4.pdf\">Mat\u00e9matiquesb2 Analyse &amp;Alg\u00e8bre 2( \u0627\u0644\u0641\u0648\u062c 4)<\/a><\/strong><\/p><\/td><td width=\"165\"><p><strong> <a href=\"https:\/\/www.univ-oeb.dz\/fsesnv\/wp-content\/uploads\/2023\/05\/correction.pdf\">correction<\/a><\/strong><\/p><\/td><\/tr><tr><td width=\"184\"><p><strong>TP-Chimie II<\/strong><\/p><\/td><td width=\"165\"><p><strong> <a href=\"https:\/\/www.univ-oeb.dz\/fsesnv\/wp-content\/uploads\/2023\/05\/TP-chimie-2-\u0627\u0644\u0641\u0648\u062c-4.xlsx\">TP chimie 2( \u0627\u0644\u0641\u0648\u062c 4)<\/a><\/strong><\/p><p><strong> <a href=\"https:\/\/www.univ-oeb.dz\/fsesnv\/wp-content\/uploads\/2023\/05\/TP-chimie-2-\u0627\u0644\u0641\u0648\u062c-3.xlsx\">TP chimie 2( \u0627\u0644\u0641\u0648\u062c 3)<\/a><\/strong><\/p><p><strong> <a href=\"https:\/\/www.univ-oeb.dz\/fsesnv\/wp-content\/uploads\/2023\/05\/TP-chimie-2-\u0627\u0644\u0641\u0648\u062c-2.xlsx\">TP chimie 2( \u0627\u0644\u0641\u0648\u062c 2)<\/a><\/strong><\/p><p><strong> <a href=\"https:\/\/www.univ-oeb.dz\/fsesnv\/wp-content\/uploads\/2023\/05\/TP-chimie-2-\u0627\u0644\u0641\u0648\u062c-1-1.xlsx\">TP chimie 2( \u0627\u0644\u0641\u0648\u062c 1) (1)<\/a><\/strong><\/p><\/td><td width=\"165\"><p><strong> <a href=\"https:\/\/www.univ-oeb.dz\/fsesnv\/wp-content\/uploads\/2023\/05\/Corrige-Type-de-Controle-De-TP-Chimie-I-2023.pdf\">Corrig\u00e9 Type de Contr\u00f4le De TP Chimie I-2023<\/a><\/strong><\/p><\/td><\/tr><tr><td width=\"184\"><p><strong>Chimie 2: Thermodynamique &amp; Cin\u00e9tique Chimique<\/strong><\/p><\/td><td width=\"165\"><p><strong>\u00a0<\/strong><\/p><\/td><td width=\"165\"><p><strong>\u00a0<\/strong><\/p><\/td><\/tr><\/tbody><\/table><\/div>\n\t\t\t\t\t\t\t<\/div>\n\t\t<\/div>\n\t\t\t\t\t\t<\/div>\n\t\t\t\t<\/div>\n\t\t\t\t\t<\/div>\n\t\t<\/div>\n\t\t\t\t\t<\/div>\n\t\t<\/section>\n\t\t\t\t<\/div>\n\t\t","protected":false},"excerpt":{"rendered":"<p>\u062c\u0630\u0639 \u0645\u0634\u062a\u0631\u0643 \u0639\u0644\u0648\u0645 \u0627\u0644\u0645\u0627\u062f\u0629 \u062c\u0630\u0639 \u0645\u0634\u062a\u0631\u0643 \u0639\u0644\u0648\u0645 \u0627\u0644\u0645\u0627\u062f\u0629 \u0646\u0642\u0627\u0637 \u0627\u0644\u0633\u062f\u0627\u0633\u064a \u0627\u0644\u062b\u0627\u0646\u064a \u0627\u0644\u0633\u0646\u0629 \u0623\u0648\u0644\u0649 \u0644\u064a\u0633\u0627\u0646\u0633 \u062c\u0630\u0639 \u0645\u0634\u062a\u0631\u0643 \u0639\u0644\u0648\u0645 \u0627\u0644\u0645\u0627\u062f\u0629 \u0627\u0644\u0645\u0642\u064a\u0627\u0633 \u0645\u062d\u0627\u0636\u0631 \u0627\u0644\u0646\u0642\u0627\u0637 \u0627\u0644\u0625\u062c\u0627\u0628\u0629 \u0627\u0644\u0646\u0645\u0648\u0630\u062c\u064a\u0629 TP Physique TP physique TP D electricit\u00e9 ( \u0627\u0644\u0641\u0648\u062c 1)(9)\u00a0TP physique TP D electricit\u00e9 ( \u0627\u0644\u0641\u0648\u062c 2)(8)\u00a0TP physique TP D electricit\u00e9 ( \u0627\u0644\u0641\u0648\u062c 3)(13)\u00a0TP physique TP D electricit\u00e9 ( \u0627\u0644\u0641\u0648\u062c 4)(6)\u00a0Liste des &hellip;<\/p>\n","protected":false},"author":1,"featured_media":0,"parent":0,"menu_order":0,"comment_status":"closed","ping_status":"closed","template":"","meta":{"footnotes":""},"class_list":["post-6753","page","type-page","status-publish","hentry"],"_links":{"self":[{"href":"https:\/\/www.univ-oeb.dz\/fsesnv\/wp-json\/wp\/v2\/pages\/6753","targetHints":{"allow":["GET"]}}],"collection":[{"href":"https:\/\/www.univ-oeb.dz\/fsesnv\/wp-json\/wp\/v2\/pages"}],"about":[{"href":"https:\/\/www.univ-oeb.dz\/fsesnv\/wp-json\/wp\/v2\/types\/page"}],"author":[{"embeddable":true,"href":"https:\/\/www.univ-oeb.dz\/fsesnv\/wp-json\/wp\/v2\/users\/1"}],"replies":[{"embeddable":true,"href":"https:\/\/www.univ-oeb.dz\/fsesnv\/wp-json\/wp\/v2\/comments?post=6753"}],"version-history":[{"count":0,"href":"https:\/\/www.univ-oeb.dz\/fsesnv\/wp-json\/wp\/v2\/pages\/6753\/revisions"}],"wp:attachment":[{"href":"https:\/\/www.univ-oeb.dz\/fsesnv\/wp-json\/wp\/v2\/media?parent=6753"}],"curies":[{"name":"wp","href":"https:\/\/api.w.org\/{rel}","templated":true}]}}