{"id":6159,"date":"2023-05-09T09:25:28","date_gmt":"2023-05-09T08:25:28","guid":{"rendered":"http:\/\/www.univ-oeb.dz\/fsesnv\/?page_id=6159"},"modified":"2023-05-09T09:25:29","modified_gmt":"2023-05-09T08:25:29","slug":"curriculum-vitae-hamri-salah","status":"publish","type":"page","link":"https:\/\/www.univ-oeb.dz\/fsesnv\/curriculum-vitae-hamri-salah\/","title":{"rendered":"Curriculum Vitae HAMRI Salah"},"content":{"rendered":"\n<div class=\"wp-block-media-text is-stacked-on-mobile\" style=\"grid-template-columns:24% auto\"><figure class=\"wp-block-media-text__media\"><img decoding=\"async\" width=\"65\" height=\"95\" src=\"https:\/\/www.univ-oeb.dz\/fsesnv\/wp-content\/uploads\/2023\/05\/Image1-6.jpg\" alt=\"\" class=\"wp-image-6160 size-full\"\/><\/figure><div class=\"wp-block-media-text__content\">\n<p>Dr. HAMRI Salah<\/p>\n\n\n\n<p>Doctor, Management department, University of Oum El Bouaghi, Algeria.<\/p>\n\n\n\n<p>E-mail&nbsp;: hamri.salah@yahoo.fr<\/p>\n\n\n\n<p>Mobile&nbsp;:&nbsp; 0699100210<\/p>\n<\/div><\/div>\n\n\n\n<p class=\"has-text-align-center has-very-light-gray-to-cyan-bluish-gray-gradient-background has-background\"><strong>Researcher identity<\/strong><\/p>\n\n\n\n<p>Google Scholar : <a href=\"https:\/\/scholar.google.com\/citations?user=rFR0re0B&amp;hl=BBBBJfr\" data-type=\"URL\" data-id=\"https:\/\/scholar.google.com\/citations?user=rFR0re0B&amp;hl=BBBBJfr\">link<\/a><\/p>\n\n\n\n<p>ReaserchGate :\u00a0 <a href=\"https:\/\/www.researchgate.net\/profile\/Salah-Hamri\" data-type=\"URL\" data-id=\"https:\/\/www.researchgate.net\/profile\/Salah-Hamri\">link<\/a><\/p>\n\n\n\n<p>ORCID : <a href=\"https:\/\/www.researchgate.net\/profile\/Salah-Hamri\" data-type=\"URL\" data-id=\"https:\/\/www.researchgate.net\/profile\/Salah-Hamri\">link<\/a><\/p>\n\n\n\n<p class=\"has-text-align-center has-very-light-gray-to-cyan-bluish-gray-gradient-background has-background\">Education<\/p>\n\n\n\n<p><strong>License&rsquo;s degree<\/strong> in Algorithms and Data structures.<\/p>\n\n\n\n<p class=\"has-text-align-center has-very-light-gray-to-cyan-bluish-gray-gradient-background has-background\">Functions and Affiliations<\/p>\n\n\n\n<ul class=\"wp-block-list\">\n<li>Associate professor, university of Oum El Bouaghi<\/li>\n<\/ul>\n\n\n\n<p class=\"has-text-align-center has-very-light-gray-to-cyan-bluish-gray-gradient-background has-background\">Teaching modules<\/p>\n\n\n\n<p><strong>information<\/strong> <strong>&nbsp;System , Data Basis, Algorithms and Data structures .<\/strong><\/p>\n\n\n\n<p class=\"has-text-align-center has-very-light-gray-to-cyan-bluish-gray-gradient-background has-background\">International publications<\/p>\n\n\n\n<ul class=\"wp-block-list\">\n<li>M.K.Kholladi, S.Hamri, \u201cSystem Intelligent of Help to the Resolution of Spatial Requests \u2013 Tool of Regional Scheduling Attended by Computer\u00a0\u00bb, In Proceedings of The International Arab Conference on Information Technology (ACIT\u20192002), pp 461, 470, Qatar 2002.<\/li>\n\n\n\n<li>S.Hamri, \u201cA technique of Optimization for Spatial Indexing\u201d, In Proceedings of The International Conference on Complex Systems (CISC\u201904), September 6-8, 2004, University of&nbsp; Jijel, Algeria. pp 57.<\/li>\n\n\n\n<li>S.Hamri, \u201cA Semantic Integration of Workflows Models\u201d, In Proceedings of The International Conference on Complex Systems (CISC\u201904) September 6-8, 2004, University of Jijel, Algeria; pp 29.<\/li>\n\n\n\n<li>S.Hamri, \u201cOptimization for Mono-layer and Multi-layer Indexing\u201d, In Proceedings of The International Arab Conference on Information Technology (ACIT\u20192004), Constantine 12-15 December 2004, Algeria, pp 671,Volume II, ISSN :1852 \u2013 0857.<\/li>\n\n\n\n<li>S.Hamri, \u201c A Semantic Integration of&nbsp; Workflows Models \u201d, In Proceedings of the International Conference on Complex Systems (CISC\u201904), September 6-8, 2004, University of&nbsp; Jijel, Algeria., pp 29-36.<\/li>\n\n\n\n<li>S.Hamri, \u201c Une Approche Orient\u00e9e MDA pour l\u2019Interop\u00e9rabilit\u00e9 des Workflows d\u2019Entreprise\u201d, In Proceedings of SNIB\u201908, 6\u00e8me S\u00e9minaire National en Informatique de Biskra, 6-8 mai 2008,&nbsp; Universit\u00e9 de Biskra, Alg\u00e9rie, pp 99-106.<\/li>\n\n\n\n<li>S.Hamri, M.Boufaida, N.Boudjlida. \u201c An Architecture for the Interoperability of Workflow Models\u201d, <em>In Proceedings of the first international workshop<\/em> <em>on Interoperability of Heterogeneous Information Systems (IHIS&rsquo;05), <\/em><a href=\"http:\/\/www.acm.org\/\" target=\"_blank\" rel=\"noreferrer noopener\"><em>ACM<\/em><\/a><em> Workshop, <\/em>04 Nov 2005;&nbsp; Bremen, Germany, pp 31-37, ISBN : 1-59593-184-5.<\/li>\n\n\n\n<li>S.Hamri, N. Boudjlida and M. Boufaida.&nbsp;\u201c<a href=\"http:\/\/www.loria.fr\/~nacer\/PUBLI\/2007-boudjlida-Workflow-esa%2707.pdf\">An Approach for Building an OWL Ontology for Workflow Interoperability<\/a>\u201d, <em>In Proceedings of the 3rd International Conference on Interoperability of Enterprise Software and Applications<\/em> <em>(I-ESA&rsquo;o7)<\/em> Madera, Portugal, 26-30 March 2007, pp.357\u2014364. Springer-Verlag, ISBN: 978-1-84628-857-9.<\/li>\n\n\n\n<li>S.Hamri, \u201cBridging MDA and OWL for Workflow Interoperability\u201d, In International Review on Computers and Software (IRECOS), Praise Worthy Prize ed, ISSN 1828-6003. Vol.4, N. 3 May 2009, pages 374 \u2013 381.<\/li>\n\n\n\n<li>H. Salah, B. Nacer, B. Mahmoud, \u2018\u2018Semantic Annotations for Workflow Interoperability \u2019\u2019, In an International Informatica Journal, Volume 38, Number 4, ISSN : 0350-5596, pp 347\u2013366, December 2014.<\/li>\n<\/ul>\n\n\n\n<p class=\"has-text-align-center has-very-light-gray-to-cyan-bluish-gray-gradient-background has-background\">Interests<\/p>\n\n\n\n<ul class=\"wp-block-list\">\n<li><strong>Interests: <\/strong>Workfow,<ul><li>MDA (Model Driven Architecture),<\/li><\/ul><ul><li>services Web,<\/li><\/ul>\n<ul class=\"wp-block-list\">\n<li>Ontologies<\/li>\n\n\n\n<li>Integration and Interoperability of information systems.<\/li>\n<\/ul>\n<\/li>\n<\/ul>\n\n\n\n<figure class=\"wp-block-pullquote has-white-color has-text-color\"><blockquote><p>pdf version: <a href=\"https:\/\/www.univ-oeb.dz\/fsesnv\/wp-content\/uploads\/2023\/05\/Short-CV-hamri-salah.pdf\">Short CV hamri salah<\/a><\/p><\/blockquote><\/figure>\n","protected":false},"excerpt":{"rendered":"<p>Dr. HAMRI Salah Doctor, Management department, University of Oum El Bouaghi, Algeria. E-mail&nbsp;: hamri.salah@yahoo.fr Mobile&nbsp;:&nbsp; 0699100210 Researcher identity Google Scholar : link ReaserchGate :\u00a0 link ORCID : link Education License&rsquo;s degree in Algorithms and Data structures. Functions and Affiliations Associate professor, university of Oum El Bouaghi Teaching modules information &nbsp;System , Data Basis, Algorithms and &hellip;<\/p>\n","protected":false},"author":1,"featured_media":0,"parent":0,"menu_order":0,"comment_status":"closed","ping_status":"closed","template":"","meta":{"footnotes":""},"class_list":["post-6159","page","type-page","status-publish","hentry"],"_links":{"self":[{"href":"https:\/\/www.univ-oeb.dz\/fsesnv\/wp-json\/wp\/v2\/pages\/6159","targetHints":{"allow":["GET"]}}],"collection":[{"href":"https:\/\/www.univ-oeb.dz\/fsesnv\/wp-json\/wp\/v2\/pages"}],"about":[{"href":"https:\/\/www.univ-oeb.dz\/fsesnv\/wp-json\/wp\/v2\/types\/page"}],"author":[{"embeddable":true,"href":"https:\/\/www.univ-oeb.dz\/fsesnv\/wp-json\/wp\/v2\/users\/1"}],"replies":[{"embeddable":true,"href":"https:\/\/www.univ-oeb.dz\/fsesnv\/wp-json\/wp\/v2\/comments?post=6159"}],"version-history":[{"count":0,"href":"https:\/\/www.univ-oeb.dz\/fsesnv\/wp-json\/wp\/v2\/pages\/6159\/revisions"}],"wp:attachment":[{"href":"https:\/\/www.univ-oeb.dz\/fsesnv\/wp-json\/wp\/v2\/media?parent=6159"}],"curies":[{"name":"wp","href":"https:\/\/api.w.org\/{rel}","templated":true}]}}