{"id":5970,"date":"2023-05-05T10:46:58","date_gmt":"2023-05-05T09:46:58","guid":{"rendered":"http:\/\/www.univ-oeb.dz\/fsesnv\/?page_id=5970"},"modified":"2023-05-05T10:46:59","modified_gmt":"2023-05-05T09:46:59","slug":"curriculum-vitae-zouainia-sabrina","status":"publish","type":"page","link":"https:\/\/www.univ-oeb.dz\/fsesnv\/curriculum-vitae-zouainia-sabrina\/","title":{"rendered":"Curriculum Vitae ZOUAINIA SABRINA"},"content":{"rendered":"\n<div class=\"wp-block-media-text is-stacked-on-mobile\" style=\"grid-template-columns:24% auto\"><figure class=\"wp-block-media-text__media\"><img decoding=\"async\" width=\"62\" height=\"110\" src=\"https:\/\/www.univ-oeb.dz\/fsesnv\/wp-content\/uploads\/2023\/05\/Image1-4.jpg\" alt=\"\" class=\"wp-image-5972 size-full\"\/><\/figure><div class=\"wp-block-media-text__content\">\n<ul class=\"wp-block-list\">\n<li>Prof. ZOUAINIA SABRINA<\/li>\n\n\n\n<li>Research Professor . Department of Natural and Life Sciences. University of Oum El Bouaghi, Algeria.<\/li>\n\n\n\n<li>E-mail:&nbsp; &nbsp;zouainia.sabrina@yahoo.fr &nbsp;<\/li>\n\n\n\n<li>Mobile: 0699311748<\/li>\n<\/ul>\n<\/div><\/div>\n\n\n\n<p class=\"has-text-align-center has-very-light-gray-to-cyan-bluish-gray-gradient-background has-background\"><strong>Researcher identity<\/strong><\/p>\n\n\n\n<p>Google Scholar\u00a0: <a href=\"https:\/\/scholar.google.com\/citations?hl=fr&amp;user=8syfJNgAAAAJ\" data-type=\"URL\" data-id=\"https:\/\/scholar.google.com\/citations?hl=fr&amp;user=8syfJNgAAAAJ\">link<\/a><\/p>\n\n\n\n<p>ReaserchGate\u00a0: <a href=\"https:\/\/www.researchgate.net\/profile\/Sabrina-Zouainia\" data-type=\"URL\" data-id=\"https:\/\/www.researchgate.net\/profile\/Sabrina-Zouainia\">link<\/a><\/p>\n\n\n\n<p>ORCID: <a href=\"https:\/\/orcid.org\/0000-0001-6351-4939\" data-type=\"URL\" data-id=\"https:\/\/orcid.org\/0000-0001-6351-4939\">link<\/a><\/p>\n\n\n\n<p class=\"has-text-align-center has-very-light-gray-to-cyan-bluish-gray-gradient-background has-background\">Education<\/p>\n\n\n\n<pre class=\"wp-block-preformatted\">-&nbsp;&nbsp;&nbsp;&nbsp;&nbsp;&nbsp;&nbsp;&nbsp;&nbsp;&nbsp;&nbsp;&nbsp;&nbsp;&nbsp; &nbsp;PhD in plant biotechnology (Badji Mokhtar University - Annaba-)<\/pre>\n\n\n\n<pre class=\"wp-block-preformatted\">-&nbsp;&nbsp;&nbsp;&nbsp;&nbsp;&nbsp;&nbsp;&nbsp;&nbsp;&nbsp;&nbsp;&nbsp;&nbsp;&nbsp; Master of Biology (specialization: Cytotoxicology) (Badji Mokhtar University-Annaba-)<\/pre>\n\n\n\n<pre class=\"wp-block-preformatted\">-&nbsp;&nbsp;&nbsp;&nbsp;&nbsp;&nbsp;&nbsp;&nbsp;&nbsp;&nbsp;&nbsp;&nbsp;&nbsp;&nbsp; Professional Master in Management and Business Administration. Major (Management of Maintenance of Safety and Environment Equipment) University of Paris 13 \u2013 France<\/pre>\n\n\n\n<pre class=\"wp-block-preformatted\">-&nbsp;&nbsp;&nbsp;&nbsp;&nbsp;&nbsp;&nbsp;&nbsp;&nbsp;&nbsp;&nbsp;&nbsp;&nbsp;&nbsp; Master 2 Health Engineering and Medicine. Specialization: Research Methods in Environment and Health. University of Grenoble \u2013 France<\/pre>\n\n\n\n<pre class=\"wp-block-preformatted\">-&nbsp;&nbsp;&nbsp;&nbsp;&nbsp;&nbsp;&nbsp;&nbsp;&nbsp;&nbsp;&nbsp;&nbsp;&nbsp;&nbsp; State Engineer in Ecology and Environment. University of Badji Mokhtar-Annaba.<\/pre>\n\n\n\n<p class=\"has-text-align-center has-very-light-gray-to-cyan-bluish-gray-gradient-background has-background\">Functions and Affiliations<\/p>\n\n\n\n<pre class=\"wp-block-preformatted\">-&nbsp;&nbsp;&nbsp;&nbsp;&nbsp;&nbsp;&nbsp;&nbsp;&nbsp;&nbsp;&nbsp;&nbsp; <strong>Ma\u00eetre of conference <\/strong>Researcher, Larbi Ben M'hidi University, oum El-Bouaghi<\/pre>\n\n\n\n<pre class=\"wp-block-preformatted\">-&nbsp;&nbsp;&nbsp;&nbsp;&nbsp;&nbsp;&nbsp;&nbsp;&nbsp;&nbsp;&nbsp;&nbsp; <strong>Researcher affiliated <\/strong>with the Laboratory of Plant Biotechnology, oum El-Bouaghi University<\/pre>\n\n\n\n<p class=\"has-text-align-center has-very-light-gray-to-cyan-bluish-gray-gradient-background has-background\">Teaching modules<\/p>\n\n\n\n<p>Botanic\/geology\/Ecology\/hygiene and security\/ scientific research methods\/evaluation and management of genetic ressources\/ communication\/ working methods and terminology<\/p>\n\n\n\n<p class=\"has-text-align-center has-very-light-gray-to-cyan-bluish-gray-gradient-background has-background\">International publications<\/p>\n\n\n\n<ul class=\"wp-block-list\">\n<li>Sabrina Zouainia*, Mohamed Reda Djebar, Hana Sbartai, Asma Cherait, Lyes Khene, Houssem Kahli, Houria Berrebbah 1Laboratory of cellular Toxicology, Department of biology, Faculty of science, Badji Mokhtar University, Annaba, Algeria TOXICOLOGICAL IMPACT ASSESSEMENT OF CADMIUM ON AQUATIC MACROPHYTE: ELODEA CANADENSIS. Studia Universitatis \u201cVasile Goldi\u015f\u201d, Seria \u015etiin\u0163ele Vie\u0163ii Vol. 26 issue 3, 2016, pp.375-380<\/li>\n<\/ul>\n\n\n\n<p class=\"has-text-align-center has-very-light-gray-to-cyan-bluish-gray-gradient-background has-background\">Interests and Qualifications<\/p>\n\n\n\n<pre class=\"wp-block-preformatted\">-&nbsp;&nbsp;&nbsp;&nbsp;&nbsp;&nbsp;&nbsp;&nbsp;&nbsp;&nbsp;&nbsp;&nbsp; <strong>Language: <\/strong>Arabic\/French\/English<\/pre>\n\n\n\n<pre class=\"wp-block-preformatted\">-&nbsp;&nbsp;&nbsp;&nbsp;&nbsp;&nbsp;&nbsp;&nbsp;&nbsp;&nbsp;&nbsp;&nbsp; <strong>Qualifications: <\/strong>Computer knowledge<\/pre>\n\n\n\n<figure class=\"wp-block-pullquote has-white-color has-text-color\"><blockquote><p>pdf version: <a href=\"https:\/\/www.univ-oeb.dz\/fsesnv\/wp-content\/uploads\/2023\/05\/Short-CV-of-english-ZOUAINIA-SABRINA.pdf\">Short CV of english ZOUAINIA SABRINA<\/a><\/p><\/blockquote><\/figure>\n","protected":false},"excerpt":{"rendered":"<p>Prof. ZOUAINIA SABRINA Research Professor . Department of Natural and Life Sciences. University of Oum El Bouaghi, Algeria. E-mail:&nbsp; &nbsp;zouainia.sabrina@yahoo.fr &nbsp; Mobile: 0699311748 Researcher identity Google Scholar\u00a0: link ReaserchGate\u00a0: link ORCID: link Education &#8211;&nbsp;&nbsp;&nbsp;&nbsp;&nbsp;&nbsp;&nbsp;&nbsp;&nbsp;&nbsp;&nbsp;&nbsp;&nbsp;&nbsp; &nbsp;PhD in plant biotechnology (Badji Mokhtar University &#8211; Annaba-) &#8211;&nbsp;&nbsp;&nbsp;&nbsp;&nbsp;&nbsp;&nbsp;&nbsp;&nbsp;&nbsp;&nbsp;&nbsp;&nbsp;&nbsp; Master of Biology (specialization: Cytotoxicology) (Badji Mokhtar University-Annaba-) &#8211;&nbsp;&nbsp;&nbsp;&nbsp;&nbsp;&nbsp;&nbsp;&nbsp;&nbsp;&nbsp;&nbsp;&nbsp;&nbsp;&nbsp; Professional Master &hellip;<\/p>\n","protected":false},"author":1,"featured_media":0,"parent":0,"menu_order":0,"comment_status":"closed","ping_status":"closed","template":"","meta":{"footnotes":""},"class_list":["post-5970","page","type-page","status-publish","hentry"],"_links":{"self":[{"href":"https:\/\/www.univ-oeb.dz\/fsesnv\/wp-json\/wp\/v2\/pages\/5970","targetHints":{"allow":["GET"]}}],"collection":[{"href":"https:\/\/www.univ-oeb.dz\/fsesnv\/wp-json\/wp\/v2\/pages"}],"about":[{"href":"https:\/\/www.univ-oeb.dz\/fsesnv\/wp-json\/wp\/v2\/types\/page"}],"author":[{"embeddable":true,"href":"https:\/\/www.univ-oeb.dz\/fsesnv\/wp-json\/wp\/v2\/users\/1"}],"replies":[{"embeddable":true,"href":"https:\/\/www.univ-oeb.dz\/fsesnv\/wp-json\/wp\/v2\/comments?post=5970"}],"version-history":[{"count":0,"href":"https:\/\/www.univ-oeb.dz\/fsesnv\/wp-json\/wp\/v2\/pages\/5970\/revisions"}],"wp:attachment":[{"href":"https:\/\/www.univ-oeb.dz\/fsesnv\/wp-json\/wp\/v2\/media?parent=5970"}],"curies":[{"name":"wp","href":"https:\/\/api.w.org\/{rel}","templated":true}]}}