{"id":4891,"date":"2023-04-21T18:13:30","date_gmt":"2023-04-21T17:13:30","guid":{"rendered":"http:\/\/www.univ-oeb.dz\/fsesnv\/?page_id=4891"},"modified":"2023-05-13T12:37:02","modified_gmt":"2023-05-13T11:37:02","slug":"curriculum-vitae-ababsa-labed","status":"publish","type":"page","link":"https:\/\/www.univ-oeb.dz\/fsesnv\/curriculum-vitae-ababsa-labed\/","title":{"rendered":"Curriculum Vitae ababsa labed"},"content":{"rendered":"\n<div class=\"wp-block-media-text is-stacked-on-mobile\" style=\"grid-template-columns:24% auto\"><figure class=\"wp-block-media-text__media\"><img decoding=\"async\" width=\"124\" height=\"131\" src=\"https:\/\/www.univ-oeb.dz\/fsesnv\/wp-content\/uploads\/2023\/04\/Image1-6.png\" alt=\"\" class=\"wp-image-4892 size-full\"\/><\/figure><div class=\"wp-block-media-text__content\">\n<p class=\"has-text-align-left\">Prof. &nbsp;ABABSA&nbsp; Labed<\/p>\n\n\n\n<p class=\"has-text-align-left\">Professor, &nbsp;biology department, University of Oum El Bouaghi, Algeria.<\/p>\n\n\n\n<p class=\"has-text-align-left\">E-mail: labedababsa@yahoo.fr<\/p>\n\n\n\n<p class=\"has-text-align-left\">Mobile: 066984 3743<\/p>\n\n\n\n<p class=\"has-text-align-left\">Grade<\/p>\n<\/div><\/div>\n\n\n\n<p class=\"has-text-align-center has-very-light-gray-to-cyan-bluish-gray-gradient-background has-background\"><strong>Researcher identity<\/strong><\/p>\n\n\n\n<p class=\"has-text-align-left\">Google Scholar <a href=\"https:\/\/scholar.google.com\/citations?user=MmTPdlIAAAAJ&amp;hl=fr&amp;oi=ao\" data-type=\"URL\" data-id=\"https:\/\/scholar.google.com\/citations?user=MmTPdlIAAAAJ&amp;hl=fr&amp;oi=ao\">Link<\/a><\/p>\n\n\n\n<p class=\"has-text-align-left\">ReaserchGate <a href=\"https:\/\/www.researchgate.net\/profile\/Ababsa-Labed\" data-type=\"URL\" data-id=\"https:\/\/www.researchgate.net\/profile\/Ababsa-Labed\">Link<\/a><\/p>\n\n\n\n<p class=\"has-text-align-left\">ORCID: &nbsp;<a href=\"https:\/\/orcid.org\/0000-0003-1316-5202\" data-type=\"URL\" data-id=\"https:\/\/orcid.org\/0000-0003-1316-5202\">Link<\/a><\/p>\n\n\n\n<p class=\"has-text-align-center has-very-light-gray-to-cyan-bluish-gray-gradient-background has-background\">Education<\/p>\n\n\n\n<p class=\"has-text-align-left\">1984: Baccalaureate<\/p>\n\n\n\n<p class=\"has-text-align-left\">1991: State engineer in agronomy (Speciality: Zootechnics University of Batna)<\/p>\n\n\n\n<p class=\"has-text-align-left\">2005: Magister in agronomic sciences (Speciality: Zoophytiatry; option: Plant Protection I.N.A El-Harrach Algiers)<\/p>\n\n\n\n<p class=\"has-text-align-left\">2012: Doctorate in agronomic sciences (Option: Plant Protection I.N.A El-Harrach Algiers)<\/p>\n\n\n\n<p class=\"has-text-align-left\">2013: University Habilitation (KASDI Merbah Ouargla University)<\/p>\n\n\n\n<p class=\"has-text-align-left\">2018 Professor<\/p>\n\n\n\n<p class=\"has-text-align-center has-very-light-gray-to-cyan-bluish-gray-gradient-background has-background\"><strong>Functions and Affiliations<\/strong><\/p>\n\n\n\n<p class=\"has-text-align-left\">1993-2005: Engineering professor (23\/08\/1994) National Institute for Higher Education in Saharan Agronomy<\/p>\n\n\n\n<p class=\"has-text-align-left\">2005-2008: M.A.B (from 08\/11\/2005) at the Department of Agricultural Sciences, Faculty of Sciences and Engineering Sciences, University of Ouargla.<\/p>\n\n\n\n<p class=\"has-text-align-left\">2008-2012: M.A.A (from 27\/10\/2008) at the Department of Agricultural Sciences, Faculty of Sciences and Engineering Sciences, University of Ouargla.<\/p>\n\n\n\n<p class=\"has-text-align-left\">2012-2013: M.C.B (from 05\/09\/2012) at the Department of Agricultural Sciences, Faculty of Nature and Life Sciences and Earth and Universe Sciences, University of Ouargla.<\/p>\n\n\n\n<p class=\"has-text-align-left\">2013-2014: M.C.A (from 19\/12\/2013) at the Department of Agricultural Sciences, Faculty of Nature and Life Sciences and Earth and Universe Sciences, University of Ouargla<\/p>\n\n\n\n<p class=\"has-text-align-left\">2018: &nbsp;Professor<\/p>\n\n\n\n<p class=\"has-text-align-center has-very-light-gray-to-cyan-bluish-gray-gradient-background has-background\"><strong>Teaching modules<\/strong><\/p>\n\n\n\n<table width=\"669\">\n<tbody>\n<tr>\n<td colspan=\"7\" width=\"669\"><strong>In graduation<\/strong><\/td>\n<\/tr>\n<tr>\n<td colspan=\"2\" rowspan=\"2\" width=\"319\"><strong>Module <\/strong><\/td>\n<td colspan=\"2\" rowspan=\"2\" width=\"123\"><strong>Teaching year<\/strong><\/td>\n<td colspan=\"3\" width=\"227\"><strong>Teaching cycle<\/strong><\/td>\n<\/tr>\n<tr>\n<td colspan=\"2\" width=\"123\"><strong>LMD&nbsp; Licence<\/strong><\/td>\n<td width=\"104\"><strong>Master <\/strong><\/td>\n<\/tr>\n<tr>\n<td width=\"36\"><strong>1 <\/strong><\/td>\n<td width=\"283\">Vertebrates<\/td>\n<td colspan=\"2\" width=\"123\">2012-2017<\/td>\n<td colspan=\"2\" width=\"123\">+<\/td>\n<td width=\"104\">&nbsp;<\/td>\n<\/tr>\n<tr>\n<td width=\"36\"><strong>2 <\/strong><\/td>\n<td width=\"283\">Research preparation workshop<\/td>\n<td colspan=\"2\" width=\"123\">2013-2017<\/td>\n<td colspan=\"2\" width=\"123\">&#8211;<\/td>\n<td width=\"104\">+<\/td>\n<\/tr>\n<tr>\n<td width=\"36\"><strong>3<\/strong><\/td>\n<td width=\"283\">Population dynamics<\/td>\n<td colspan=\"2\" width=\"123\">2015-2016<\/td>\n<td colspan=\"2\" width=\"123\">+<\/td>\n<td width=\"104\">&#8211;<\/td>\n<\/tr>\n<tr>\n<td width=\"36\"><strong>4<\/strong><\/td>\n<td width=\"283\">Sampling and data analysis<\/td>\n<td colspan=\"2\" width=\"123\">2012-2017<\/td>\n<td colspan=\"2\" width=\"123\">+<\/td>\n<td width=\"104\">+<\/td>\n<\/tr>\n<tr>\n<td width=\"36\"><strong>5<\/strong><\/td>\n<td width=\"283\">Conferences and achievements<\/td>\n<td colspan=\"2\" width=\"123\">2014-2017<\/td>\n<td colspan=\"2\" width=\"123\">&#8211;<\/td>\n<td width=\"104\">+<\/td>\n<\/tr>\n<tr>\n<td width=\"36\"><strong>6<\/strong><\/td>\n<td width=\"283\">Zoology (common core)<\/td>\n<td colspan=\"2\" width=\"123\">2014-2017<\/td>\n<td colspan=\"2\" width=\"123\">+<\/td>\n<td width=\"104\">&#8211;<\/td>\n<\/tr>\n<tr>\n<td width=\"36\"><strong>7<\/strong><\/td>\n<td width=\"283\">Sampling technique and data analysis<\/td>\n<td colspan=\"2\" width=\"123\">2017-2018<\/td>\n<td colspan=\"2\" width=\"123\">+<\/td>\n<td width=\"104\">&#8211;<\/td>\n<\/tr>\n<tr>\n<td width=\"36\"><strong>8 <\/strong><\/td>\n<td width=\"283\">Bibliographic research and article analysis<\/td>\n<td colspan=\"2\" width=\"123\">2017-2018<\/td>\n<td colspan=\"2\" width=\"123\">&#8211;<\/td>\n<td width=\"104\">+<\/td>\n<\/tr>\n<tr>\n<td width=\"36\"><strong>9 <\/strong><\/td>\n<td width=\"283\">Zoology<\/td>\n<td colspan=\"2\" width=\"123\">2017-2018<\/td>\n<td colspan=\"2\" width=\"123\">+<\/td>\n<td width=\"104\">&nbsp;<\/td>\n<\/tr>\n<tr>\n<td colspan=\"7\" width=\"669\">&nbsp;<\/td>\n<\/tr>\n<tr>\n<td colspan=\"7\" width=\"669\"><strong>In post-graduation<\/strong><\/td>\n<\/tr>\n<tr>\n<td colspan=\"3\" rowspan=\"2\" width=\"347\"><strong>Module <\/strong><\/td>\n<td colspan=\"2\" rowspan=\"2\" width=\"123\"><strong>Teaching year<\/strong><\/td>\n<td colspan=\"2\" width=\"198\"><strong>Teaching cycle <\/strong><\/td>\n<\/tr>\n<tr>\n<td colspan=\"2\" width=\"198\"><strong>Doctorat<\/strong><\/td>\n<\/tr>\n<tr>\n<td width=\"36\"><strong>1<\/strong><\/td>\n<td colspan=\"2\" width=\"312\">Agricultural interests of birds in phoenicicole environments<\/td>\n<td colspan=\"2\" width=\"123\">2014-2015<\/td>\n<td colspan=\"2\" width=\"198\">+\n\n&nbsp;<\/td>\n<\/tr>\n<tr>\n<td width=\"36\"><strong>2 <\/strong><\/td>\n<td colspan=\"2\" width=\"312\">Ornithology in agricultural areas<\/td>\n<td colspan=\"2\" width=\"123\">2015-2016<\/td>\n<td colspan=\"2\" width=\"198\">+<\/td>\n<\/tr>\n<\/tbody>\n<\/table>\n\n\n\n<p class=\"has-text-align-center has-very-light-gray-to-cyan-bluish-gray-gradient-background has-background\">International publications<\/p>\n\n\n\n<p class=\"has-text-align-left\">Karim Souttou, <strong>Labed<\/strong> <strong>Ababsa<\/strong> , Fatima Abidi, Omar Guezoul, Makhlouf Sekour&nbsp; and Salaheddine Doumandji <strong>2018 &#8211; <\/strong>Composition et&nbsp; structure avifaunistique dans une steppe arbor\u00e9e de pin d\u2019Alep \u00e0 ch\u00eane vert \u00e0 Sehary Guebli (Djelfa, Alg\u00e9rie). <strong><em>Lebanese Science Journal<\/em><\/strong><em>, <\/em>Vol. 19, No. 1, 2018 <a href=\"http:\/\/lsj.cnrs.edu.lb\/wp-content\/uploads\/2018\/04\/LSJ-Karim-Souttou.pdf\"><em>http:\/\/lsj.cnrs.edu.lb\/wp-content\/uploads\/2018\/04\/LSJ-Karim-Souttou.pdf<\/em><\/a><\/p>\n\n\n\n<p class=\"has-text-align-left\">Ahlem bengherier, Labed Ababsa, Hafsa Benras, Makhlouf Sekour, Omar Guezoul, Aicha Benhadjira, Atika Korichi, Arwa Raache 2020- Breeding ecology and the inter-specific relationships between the collareddove Streptopelia decaocto, laughing Dove Streptopelia senegalensis and turtle dove Streptopelia turtur in different habitats in the region of Ouargla (Northeast of Algerian Sahara). PONTE <a href=\"https:\/\/www.researchgate.net\/profile\/Ben-Ghedier-Ahlame\/publication\/344844770\">https:\/\/www.researchgate.net\/profile\/Ben-Ghedier-Ahlame\/publication\/344844770<\/a><\/p>\n\n\n\n<p class=\"has-text-align-left\">Rahma Beddiaf, Yasmina Kherbouche, Rekia Abdouali, Amar Eddoud, Labed Ababsa, Omar Guezoul, Karim Souttou &amp; Makhlouf 2020 &#8211; The Infestation State and Reproduction Biology of Pomegranate Butterfly Virachola Livia (Lepidoptera: Lycaenidae) in Saharan Area of Algeria Sekour. INTERNATIONAL JOURNAL OF FRUIT SCIENCE <a href=\"https:\/\/doi.org\/10.1080\/15538362.2020.1768614\">https:\/\/doi.org\/10.1080\/15538362.2020.1768614<\/a><\/p>\n\n\n\n<p class=\"has-text-align-left\">B. Djellabi, J. Herrero-Schell1, F. Beitia, L. Ababsa and M. Sekour 2021 &#8211;&nbsp; Parasitic fitness of a strain of <em>Diachasmimorpha longicaudata <\/em>(Hymenoptera, Braconidae) reared on irradiated larvae of a Vienna-8 strain of <em>Ceratitis capitata <\/em>(Diptera, Tephritidae). International Journal of Tropical and Subtropical Horticulture. &nbsp;Fruits <em>76<\/em>(6), 282\u2013288 | ISSN 0248-1294 print, 1625-967X online | https:\/\/doi.org\/10.17660\/th2021\/76.6.4<\/p>\n\n\n\n<p class=\"has-text-align-left\">Aicha BENHADJIRA, Labed ABABSA, Atika KORICHI, Abdelhakim BOUZID,Amar EDDOUD, Makhlouf SEKOUR et Ahlam BENGHEDIER 2022 &#8211; Notes biologiques sur le <strong>crat\u00e9rope fauve <em>Argya fulva <\/em><\/strong>dans des agrosyst\u00e8mes du sahara septentrional alg\u00e9rien. <strong>Alauda, <\/strong>90(1) : 9-18. <a href=\"http:\/\/seofalauda.wixsite.com\/seof\/archives-dalauda\">http:\/\/seofalauda.wixsite.com\/seof\/archives-dalauda<\/a><\/p>\n\n\n\n<p class=\"has-text-align-center has-very-light-gray-to-cyan-bluish-gray-gradient-background has-background\">Interests and Qualifications<\/p>\n\n\n\n<p class=\"has-text-align-left\"><strong>Interests: &nbsp;Ecology and Birds<\/strong>.<\/p>\n\n\n\n<figure class=\"wp-block-pullquote has-white-color has-text-color\"><blockquote><p>PDF version: <a href=\"https:\/\/www.univ-oeb.dz\/fsesnv\/wp-content\/uploads\/2023\/04\/ababsa-labed.pdf\">ababsa labed<\/a><br>Scopus: <a href=\"https:\/\/www.scopus.com\/authid\/detail.uri?authorId=35271428100\" data-type=\"URL\" data-id=\"https:\/\/www.scopus.com\/authid\/detail.uri?authorId=35271428100\">ababsa labed<\/a><\/p><\/blockquote><\/figure>\n","protected":false},"excerpt":{"rendered":"<p>Prof. &nbsp;ABABSA&nbsp; Labed Professor, &nbsp;biology department, University of Oum El Bouaghi, Algeria. E-mail: labedababsa@yahoo.fr Mobile: 066984 3743 Grade Researcher identity Google Scholar Link ReaserchGate Link ORCID: &nbsp;Link Education 1984: Baccalaureate 1991: State engineer in agronomy (Speciality: Zootechnics University of Batna) 2005: Magister in agronomic sciences (Speciality: Zoophytiatry; option: Plant Protection I.N.A El-Harrach Algiers) 2012: Doctorate &hellip;<\/p>\n","protected":false},"author":1,"featured_media":0,"parent":0,"menu_order":0,"comment_status":"closed","ping_status":"closed","template":"","meta":{"footnotes":""},"class_list":["post-4891","page","type-page","status-publish","hentry"],"_links":{"self":[{"href":"https:\/\/www.univ-oeb.dz\/fsesnv\/wp-json\/wp\/v2\/pages\/4891","targetHints":{"allow":["GET"]}}],"collection":[{"href":"https:\/\/www.univ-oeb.dz\/fsesnv\/wp-json\/wp\/v2\/pages"}],"about":[{"href":"https:\/\/www.univ-oeb.dz\/fsesnv\/wp-json\/wp\/v2\/types\/page"}],"author":[{"embeddable":true,"href":"https:\/\/www.univ-oeb.dz\/fsesnv\/wp-json\/wp\/v2\/users\/1"}],"replies":[{"embeddable":true,"href":"https:\/\/www.univ-oeb.dz\/fsesnv\/wp-json\/wp\/v2\/comments?post=4891"}],"version-history":[{"count":0,"href":"https:\/\/www.univ-oeb.dz\/fsesnv\/wp-json\/wp\/v2\/pages\/4891\/revisions"}],"wp:attachment":[{"href":"https:\/\/www.univ-oeb.dz\/fsesnv\/wp-json\/wp\/v2\/media?parent=4891"}],"curies":[{"name":"wp","href":"https:\/\/api.w.org\/{rel}","templated":true}]}}