{"id":4871,"date":"2023-04-21T14:10:06","date_gmt":"2023-04-21T13:10:06","guid":{"rendered":"http:\/\/www.univ-oeb.dz\/fsesnv\/?page_id=4871"},"modified":"2023-04-21T14:11:55","modified_gmt":"2023-04-21T13:11:55","slug":"curriculum-vitae-boussaada-amina","status":"publish","type":"page","link":"https:\/\/www.univ-oeb.dz\/fsesnv\/curriculum-vitae-boussaada-amina\/","title":{"rendered":"Curriculum Vitae BOUSSAADA AMINA"},"content":{"rendered":"\n<div class=\"wp-block-media-text is-stacked-on-mobile\" style=\"grid-template-columns:24% auto\"><figure class=\"wp-block-media-text__media\"><img fetchpriority=\"high\" decoding=\"async\" width=\"881\" height=\"906\" src=\"https:\/\/www.univ-oeb.dz\/fsesnv\/wp-content\/uploads\/2023\/04\/Image1.jpg\" alt=\"\" class=\"wp-image-4873 size-full\" srcset=\"https:\/\/www.univ-oeb.dz\/fsesnv\/wp-content\/uploads\/2023\/04\/Image1.jpg 881w, https:\/\/www.univ-oeb.dz\/fsesnv\/wp-content\/uploads\/2023\/04\/Image1-292x300.jpg 292w, https:\/\/www.univ-oeb.dz\/fsesnv\/wp-content\/uploads\/2023\/04\/Image1-768x790.jpg 768w\" sizes=\"(max-width: 881px) 100vw, 881px\" \/><\/figure><div class=\"wp-block-media-text__content\">\n<p class=\"has-text-align-left\">BOUSSAADA AMINA<\/p>\n\n\n\n<p class=\"has-text-align-left\">Associate professor, Biological Sciences department, Oum El Bouaghi University, Algeria.<\/p>\n\n\n\n<p class=\"has-text-align-left\">E-mail: amina.boussaada@yahoo.fr<\/p>\n\n\n\n<p class=\"has-text-align-left\">Mobile: \u00a00663039323<\/p>\n\n\n\n<p class=\"has-text-align-left\">Grade<\/p>\n<\/div><\/div>\n\n\n\n<p class=\"has-text-align-center has-very-light-gray-to-cyan-bluish-gray-gradient-background has-background\"><strong>Researcher identity<\/strong><\/p>\n\n\n\n<p class=\"has-text-align-left\">Google Scholar: <a href=\"https:\/\/scholar.google.fr\/citations?user=9ju4imIAAAAJ&amp;hl=fr\" data-type=\"URL\" data-id=\"https:\/\/scholar.google.fr\/citations?user=9ju4imIAAAAJ&amp;hl=fr\" target=\"_blank\" rel=\"noreferrer noopener\">Link<\/a><\/p>\n\n\n\n<p class=\"has-text-align-left\">ReaserchGate: <a href=\"https:\/\/www.researchgate.net\/profile\/Amina-Boussaada\" data-type=\"URL\" data-id=\"https:\/\/www.researchgate.net\/profile\/Amina-Boussaada\" target=\"_blank\" rel=\"noreferrer noopener\">Link<\/a><\/p>\n\n\n\n<p class=\"has-text-align-left\">ORCID: \u00a0<a href=\"https:\/\/orcid.org\/my-orcid?orcid=0000-0001-5685-4708\" data-type=\"URL\" data-id=\"https:\/\/orcid.org\/my-orcid?orcid=0000-0001-5685-4708\" target=\"_blank\" rel=\"noreferrer noopener\">Link<\/a><\/p>\n\n\n\n<p class=\"has-text-align-center has-very-light-gray-to-cyan-bluish-gray-gradient-background has-background\"><strong>Education<\/strong><strong><\/strong><\/p>\n\n\n\n<p class=\"has-text-align-left\"><strong>Ph.D.&rsquo;s degree<\/strong> in Veterinary sciences , Batna 1University, Algeria &nbsp;<\/p>\n\n\n\n<p class=\"has-text-align-left\"><strong>Master&rsquo;s degree<\/strong> in Veterinary sciences&nbsp; Batna 1University, Algeria&nbsp;<\/p>\n\n\n\n<p class=\"has-text-align-left\"><strong>Doctor\u2019s degree<\/strong> in Veterinary sciences&nbsp; Batna 1University, Algeria&nbsp;<\/p>\n\n\n\n<p class=\"has-text-align-center has-very-light-gray-to-cyan-bluish-gray-gradient-background has-background\"><strong>Functions and Affiliations<\/strong><strong><\/strong><\/p>\n\n\n\n<p class=\"has-text-align-left\">department of natural and life sciences, faculty of exact sciences and natural and life sciences, Larbi Ben Mhidi University, Oum El Bouaghi, Algeria.<\/p>\n\n\n\n<p class=\"has-text-align-center has-very-light-gray-to-cyan-bluish-gray-gradient-background has-background\"><strong>Teaching modules<\/strong><strong><\/strong><\/p>\n\n\n\n<p class=\"has-text-align-left\">&#8211; Cytology<\/p>\n\n\n\n<p class=\"has-text-align-left\">&#8211; &nbsp;&nbsp;Comparative Anatomy (Practical work)<\/p>\n\n\n\n<p class=\"has-text-align-left\">&#8211; Zoology (Courses and practical work for the 2nd Year Veterinary Doctor)<\/p>\n\n\n\n<p class=\"has-text-align-left\">&#8211; Parasitology (practical work for the Third Year Veterinary Doctor)<\/p>\n\n\n\n<p class=\"has-text-align-left\">&#8211; Zoology&nbsp; (Courses and practical work for the 2nd Year Biological Sciences)<\/p>\n\n\n\n<p class=\"has-text-align-left\">&#8211; Biochemical processes and purification<\/p>\n\n\n\n<p class=\"has-text-align-left\">-Life sciences and socio-economic impacts<\/p>\n\n\n\n<p class=\"has-text-align-center has-very-light-gray-to-cyan-bluish-gray-gradient-background has-background\"><strong>International publications<\/strong><strong><\/strong><\/p>\n\n\n\n<p class=\"has-text-align-left\">Boussaada, A.,Grazioli, R., Musco, N., Ferrara, M., Tudisco, R., Arhab, R. et S. Calabr\u00f2, (2017). Effect of Quercetin on Methane Production: In Vitro Evaluation. J. Nutr. Ecol. Food Res., 4 (1-3).<\/p>\n\n\n\n<p class=\"has-text-align-left\">Boussaada, A., Arhab, R., Calabro, S., Grazioli, S., Ferrara, M. G., Musco, N., Cutrignelli, M. I. et Tlidjane, M., (2017).Comparison of the Effect of Olives Leaves Extracts (Olea europaea) on In vitro Methane Production, Fermentation Efficiency and Protozoa Activity, Global Veterinaria 18 (6): 445-453.<\/p>\n\n\n\n<p class=\"has-text-align-left\">Boussaada, A., Djabri, B. et Arhab, R. (2014). Impact des Flavono\u00efdes Purifi\u00e9s des Plantes Pastorales sur la M\u00e9thanog\u00e9n\u00e8se et la Digestibilit\u00e9 Ruminale d\u2019Ovins. Revue des R\u00e9gions Arides, Num\u00e9ro Sp\u00e9cial N\u00b0 35 (3- 2014).<\/p>\n\n\n\n<p class=\"has-text-align-left\">Boussaada, A., Arhab, R.., Calabro, S., Grazioli, R.., Ferrara, M. G., Musco, N., Cutrignelli, M. I. et Tlidjane, M. (2018). Effect of Eucalyptus globulus Leaves Extract on Rumen Fermentation, Methanogenesis, in Vitro Degradability and Protozoa Population. Ann.Anim.Sci., vol.18, No.3(2018)753-767.<\/p>\n\n\n\n<p class=\"has-text-align-left\">Aggoun, M., Boussaada, A., Arhab, R., Amokrane, S., Barkat, M. Effect of natural bioflavonoid on in vitro ruminal microbiota activity in sheep rumen liquor. J. BioSci. Biotechnol. 2017, 6(1): 31-35.<\/p>\n\n\n\n<p class=\"has-text-align-left\"><strong>Communications<\/strong><strong><\/strong><\/p>\n\n\n\n<p class=\"has-text-align-left\"><strong>Boussaada A <\/strong>, Djabri B, Arhab R,2012.Impact des flavono\u00efdes purifies des plantes \u00a0pastorales sur la m\u00e9thanog\u00e9n\u00e8se et la digestibilit\u00e9 ruminale d\u2019ovins.24\u00e9me forum international \u00a0des sciences biologiques et de biotechnologie de l\u2019ATSB,Sousse-Tunisie (Communication \u00a0orale).<\/p>\n\n\n\n<p class=\"has-text-align-left\"><strong>Boussaada A<\/strong> , Djabri B, Arhab R,2012.Impact des flavono\u00efdes purifies des plantes \u00a0pastorales sur la m\u00e9thanog\u00e9n\u00e8se et la digestibilit\u00e9 ruminale d\u2019ovins.4\u00e9mes journ\u00e9es \u00a0scientifiques de l\u2019ATT et 1\u00e9res journ\u00e9es de la FMT \u00ab processus toxiques d\u2019origine urbaine et environementale,pathologies induites \u00bb ,Monastir-Tunisie. (Communication orale).<\/p>\n\n\n\n<p class=\"has-text-align-left\"><strong>Boussaada A<\/strong> , Djabri B, Arhab R,2013.Impact of purified flavonoids of pastoral plant on \u00a0methanogenesis and ruminal digestibility in sheep.4th International Workshop on Industrial \u00a0Biotechnology. Tlemcen-Algeria (Poster).<\/p>\n\n\n\n<p class=\"has-text-align-left\"><strong>Boussaada A<\/strong> , Djabri B, Arhab R,2013. Impact des flavono\u00efdes purifies des plantes pastorales sur la m\u00e9thanog\u00e9n\u00e8se et la digestibilit\u00e9 ruminale d\u2019ovins. Projets de lutte contre la \u00a0d\u00e9sertification des parcours steppiques en Alg\u00e9rie. Quels impacts pour un r\u00e9el \u00a0D\u00e9veloppement ? PLD-QID Tlemcen (Poster).<\/p>\n\n\n\n<p class=\"has-text-align-left\"><strong>Boussaada A<\/strong> , Djabri B, Arhab R,2013. Impact des flavono\u00efdes purifies des plantes pastorales sur la m\u00e9thanog\u00e9n\u00e8se et la digestibilit\u00e9 ruminale d\u2019ovins. \u00ab 1 er seminaire National \u00a0sur la Biotechnologie des mol\u00e9cules Bioactives et\u00a0 Pathologies Cellulaires \u00bb Batna- Alg\u00e9rie \u00a0(Poster)<\/p>\n\n\n\n<p class=\"has-text-align-left\">Grazioli, R.,<strong>Boussaada A.,<\/strong> Musco N., Ferrara M., Tudisco R. et Calabr\u00f2 S. (2017) Effetto Della Quercitina Sulla Produzione Di Metano: Valutazione in vitro. 1 Congresso di Fitoterapia Umana e Animale, la Fitoterapia Possibile:l\u2019Animale el\u2019Uomo Per Un Bene Essere Olistico. Sala Villa Comuunale-Sant\u2019Andrea Del Garigliano (FR). 23-30 aprile 2017.<\/p>\n\n\n\n<p class=\"has-text-align-left\">Grazioli R., <strong>Boussaada A.,<\/strong> Caruso, V., Maurelli, M.P, Rinaldi L. et Calabr\u00f2 S. \u00a0(2017). The Effect of Quercitine on In Vitro Methane Production and Ruminal \u00a0Protozoa Detected by Flotac.71 CONVEGNO SISVET.<\/p>\n\n\n\n<p class=\"has-text-align-left\">Arhab R.,<strong>Boussaada A.,<\/strong> Grazioli R., Djermane N. et Calabro S. (2017). Effect of \u00a0Quercetin on Methane Production: In Vitro Evaluation. S\u00e9minaire International: \u00a0CIPA- ICV.29-30 Octobre 2017Univ M.B. de Msila.<\/p>\n\n\n\n<p class=\"has-text-align-left\"><strong>Boussaada A<\/strong>., Arhab R., Djermane N., Calabro S. et Grazioli R. (2017).Effect of \u00a0Eucalyptus globulus Leaves Extract on Rumen Fermentation, Methanogenesis, In Vitro Degradability and Protozoa Population. S\u00e9minaire International: CIPA- ICV.29- 30 Octobre 2017Univ M.B. de Msila.<\/p>\n\n\n\n<p class=\"has-text-align-left\">Musco, N., Cutrignelli, M I., <strong>Boussaada, A<\/strong> and Calabr\u00f2, S. (2018). Effect of Plant \u00a0Extracts on In Vitro Rumen Fermentation and Methanogenesis.72 CONVEGNO SISVET. Torino, Italy.<\/p>\n\n\n\n<p class=\"has-text-align-left\"><strong>Boussaada A,<\/strong> Arhab R, Calabro S, Grazioli R, Musco N, Ferrara M.G, Tudisco R.(2021)..Effect of Quercetin on In Vitro Methane Production and Protozoa detected by Flotac Technique. 1st National Seminar on Biotechnology of Medicinal Plants and their involvement in the Pharmaceutical and Food Industries.13-14 December, Larbi Ben Mhidi University.OEB, Algeria.<\/p>\n\n\n\n<p class=\"has-text-align-left\"><strong>Boussaada A,<\/strong> Arhab R, Calabro S, Grazioli R, Musco N, Ferrara M.G, Tudisco R.(2021). Effect of some extracts rich on ph\u00e9nolic compounds from Eucalyptus globulus leaves on in vitro ruminal fermentation. 1st International Conference on Environnement Biotechnology and Biodiversity.14-16 December.Algeria.<\/p>\n\n\n\n<p class=\"has-text-align-left\"><strong>Educational materials<\/strong><strong><\/strong><\/p>\n\n\n\n<p class=\"has-text-align-left\"><strong>Handout pedagogical support<\/strong> (for the 2nd Year Veterinary Doctor), <strong>entitled:<\/strong> &nbsp;Zoologie (Crustac\u00e9s , Mollusques et Poissons).<\/p>\n\n\n\n<p class=\"has-text-align-center has-very-light-gray-to-cyan-bluish-gray-gradient-background has-background\"><strong>Interests and Qualifications<\/strong><strong><\/strong><\/p>\n\n\n\n<p class=\"has-text-align-left\"><strong>Interests:<\/strong><\/p>\n\n\n\n<p class=\"has-text-align-left\">Animal nutrition, Ruminant nutrition, Animal production, Dairy science, Rumen microbiology, Animal biotechnology , Feed evaluation, Rumen, Effect of Natural extracts on fermentation and ruminal methanogenesis.<\/p>\n\n\n\n<p class=\"has-text-align-left\"><strong>Qualifications:<\/strong><\/p>\n\n\n\n<p class=\"has-text-align-left\"><strong>2014:<\/strong> Certificate of qualification for the training of initiation to the creation of an online course online course on the platform of the University Batna1.<\/p>\n\n\n\n<p class=\"has-text-align-left\"><strong>2014:<\/strong> Teacher training &#8211; Laboratory of foreign languages- University Batna 1.<\/p>\n\n\n\n<p class=\"has-text-align-left\"><strong>2015-2016:<\/strong> Short internship (1 month), Faculty of Veterinary Medicine and Animal Production. Animal Production. University Federico II- Napoli, Italy.<\/p>\n\n\n\n<p class=\"has-text-align-left\"><strong>2016-2017:<\/strong> Short internship (1 month), Faculty of Veterinary Medicine and Animal Production. production. University Federico II- Napoli, Italy.<\/p>\n\n\n\n<p class=\"has-text-align-left\"><strong>2018:<\/strong> Short term internship (1 month) at CRBt constantine.<\/p>\n\n\n\n<p class=\"has-text-align-left\"><strong>2019:<\/strong> Training in biostatistics and data processing -level 1- for university teachers and researchers University teachers and researchers -Scandinavia Center, Constantine, Algeria.<\/p>\n\n\n\n<p class=\"has-text-align-left\"><strong>2019:<\/strong> Training in biostatistics and data processing level 2 for university teachers and and researchers -Scandinavia Center, Scandinavia Center, Constantine, Algeria.<\/p>\n\n\n\n<p class=\"has-text-align-left\"><strong>2022:<\/strong> Practical training. The 1st Practical Workshops on Biological and Physiological Activities of Experimental Mice, Larbi Ben Mhidi University, OEB, Algeria.<\/p>\n\n\n\n<p class=\"has-text-align-left\"><strong>Other:<\/strong><\/p>\n\n\n\n<p class=\"has-text-align-left\"><strong>Mother tongue: <\/strong>Arabic<\/p>\n\n\n\n<p class=\"has-text-align-left\"><strong>Other languages: French: <\/strong>Comprehension, spoken and writing<\/p>\n\n\n\n<p class=\"has-text-align-left\"><strong>English: <\/strong>Comprehension (listening B1, reading B1), spoken (interaction B1, oral production B1), writing (B1)<strong>.<\/strong><\/p>\n\n\n\n<figure class=\"wp-block-pullquote has-white-color has-text-color\"><blockquote><p>PDF version: <a href=\"https:\/\/www.univ-oeb.dz\/fsesnv\/wp-content\/uploads\/2023\/04\/Short-CV-BOUSSAADA-Amina.pdf\">Short CV BOUSSAADA Amina<\/a><\/p><\/blockquote><\/figure>\n","protected":false},"excerpt":{"rendered":"<p>BOUSSAADA AMINA Associate professor, Biological Sciences department, Oum El Bouaghi University, Algeria. E-mail: amina.boussaada@yahoo.fr Mobile: \u00a00663039323 Grade Researcher identity Google Scholar: Link ReaserchGate: Link ORCID: \u00a0Link Education Ph.D.&rsquo;s degree in Veterinary sciences , Batna 1University, Algeria &nbsp; Master&rsquo;s degree in Veterinary sciences&nbsp; Batna 1University, Algeria&nbsp; Doctor\u2019s degree in Veterinary sciences&nbsp; Batna 1University, Algeria&nbsp; Functions and &hellip;<\/p>\n","protected":false},"author":1,"featured_media":0,"parent":0,"menu_order":0,"comment_status":"closed","ping_status":"closed","template":"","meta":{"footnotes":""},"class_list":["post-4871","page","type-page","status-publish","hentry"],"_links":{"self":[{"href":"https:\/\/www.univ-oeb.dz\/fsesnv\/wp-json\/wp\/v2\/pages\/4871","targetHints":{"allow":["GET"]}}],"collection":[{"href":"https:\/\/www.univ-oeb.dz\/fsesnv\/wp-json\/wp\/v2\/pages"}],"about":[{"href":"https:\/\/www.univ-oeb.dz\/fsesnv\/wp-json\/wp\/v2\/types\/page"}],"author":[{"embeddable":true,"href":"https:\/\/www.univ-oeb.dz\/fsesnv\/wp-json\/wp\/v2\/users\/1"}],"replies":[{"embeddable":true,"href":"https:\/\/www.univ-oeb.dz\/fsesnv\/wp-json\/wp\/v2\/comments?post=4871"}],"version-history":[{"count":0,"href":"https:\/\/www.univ-oeb.dz\/fsesnv\/wp-json\/wp\/v2\/pages\/4871\/revisions"}],"wp:attachment":[{"href":"https:\/\/www.univ-oeb.dz\/fsesnv\/wp-json\/wp\/v2\/media?parent=4871"}],"curies":[{"name":"wp","href":"https:\/\/api.w.org\/{rel}","templated":true}]}}