{"id":4805,"date":"2023-04-21T11:32:52","date_gmt":"2023-04-21T10:32:52","guid":{"rendered":"http:\/\/www.univ-oeb.dz\/fsesnv\/?page_id=4805"},"modified":"2023-04-22T12:49:42","modified_gmt":"2023-04-22T11:49:42","slug":"curriculum-vitae-hafid-hinda","status":"publish","type":"page","link":"https:\/\/www.univ-oeb.dz\/fsesnv\/curriculum-vitae-hafid-hinda\/","title":{"rendered":"Curriculum Vitae Hafid Hinda"},"content":{"rendered":"\n<div class=\"wp-block-media-text is-stacked-on-mobile\" style=\"grid-template-columns:24% auto\"><figure class=\"wp-block-media-text__media\"><img fetchpriority=\"high\" decoding=\"async\" width=\"340\" height=\"329\" src=\"https:\/\/www.univ-oeb.dz\/fsesnv\/wp-content\/uploads\/2023\/04\/Image1-4.jpg\" alt=\"\" class=\"wp-image-5006 size-full\" srcset=\"https:\/\/www.univ-oeb.dz\/fsesnv\/wp-content\/uploads\/2023\/04\/Image1-4.jpg 340w, https:\/\/www.univ-oeb.dz\/fsesnv\/wp-content\/uploads\/2023\/04\/Image1-4-300x290.jpg 300w\" sizes=\"(max-width: 340px) 100vw, 340px\" \/><\/figure><div class=\"wp-block-media-text__content\">\n<p class=\"has-text-align-left\">Dr. <strong>HAFID Hinda<\/strong><\/p>\n\n\n\n<p class=\"has-text-align-left\">Dr, Life Science department, University of Oum El Bouaghi, Algeria.<\/p>\n\n\n\n<p class=\"has-text-align-left\">E-mail: &nbsp;&nbsp;&nbsp;&nbsp;&nbsp;hafidhinda@yahoo.fr<\/p>\n\n\n\n<p class=\"has-text-align-left\">Mobile:+ 213550673331<\/p>\n\n\n\n<p class=\"has-text-align-left\">Grade<\/p>\n<\/div><\/div>\n\n\n\n<p class=\"has-text-align-center has-very-light-gray-to-cyan-bluish-gray-gradient-background has-background has-medium-font-size\"><strong>Researcher identity<\/strong><\/p>\n\n\n\n<p class=\"has-text-align-left\">Google Scholar<a href=\"https:\/\/scholar.google.com\/citations?hl=en&amp;user=xLcAGI0AAAAJ\" data-type=\"URL\" data-id=\"https:\/\/scholar.google.com\/citations?hl=en&amp;user=xLcAGI0AAAAJ\">:  <\/a><a href=\"https:\/\/scholar.google.com\/citations?hl=en&amp;user=xLcAGI0AAAAJ\" data-type=\"URL\" data-id=\"https:\/\/scholar.google.com\/citations?hl=en&amp;user=xLcAGI0AAAAJ\">Link<\/a><\/p>\n\n\n\n<p class=\"has-text-align-left\">ReaserchGate: <a href=\"https:\/\/www.researchgate.net\/profile\/Hinda-Hafid\" data-type=\"URL\" data-id=\"https:\/\/www.researchgate.net\/profile\/Hinda-Hafid\">Link<\/a><\/p>\n\n\n\n<p class=\"has-text-align-left\">ORCID :<strong> &nbsp;&nbsp;<\/strong><a href=\"https:\/\/orcid.org\/0000-0002-4180-2945\" data-type=\"URL\" data-id=\"https:\/\/orcid.org\/0000-0002-4180-2945\">Link<\/a><\/p>\n\n\n\n<p class=\"has-text-align-center has-very-light-gray-to-cyan-bluish-gray-gradient-background has-background has-medium-font-size\">Education<\/p>\n\n\n\n<p class=\"has-text-align-left\"><strong>Ph.D.&rsquo;s degree<\/strong> in Biological Sciences<\/p>\n\n\n\n<p class=\"has-text-align-left\">&nbsp;<strong>Master&rsquo;s degree<\/strong> in Ecophysiology in semi arid regions<\/p>\n\n\n\n<p class=\"has-text-align-left\"><strong>License&rsquo;s degree<\/strong> in Normal hight school (ENS) Oum El Bouaghi<strong><\/strong><\/p>\n\n\n\n<p class=\"has-text-align-center has-very-light-gray-to-cyan-bluish-gray-gradient-background has-background has-medium-font-size\">Functions and Affiliations<\/p>\n\n\n\n<p class=\"has-text-align-left\"><strong>Professor,<\/strong><\/p>\n\n\n\n<p class=\"has-text-align-left\">Laboratory of Natural Resources and Management of Sensitive Environments \u2018RNAMS\u2019, Larbi Ben M\u2019hidi University, Oum-El-Bouaghi 04000, Algeria<\/p>\n\n\n\n<p class=\"has-text-align-center has-very-light-gray-to-cyan-bluish-gray-gradient-background has-background\"><strong>Teaching modules<\/strong><\/p>\n\n\n\n<p class=\"has-text-align-left\"><strong>Activit\u00e9 P\u00e9dagogique<\/strong><\/p>\n\n\n\n<p class=\"has-text-align-left\">Modules dispens\u00e9s :<\/p>\n\n\n\n<p class=\"has-text-align-left\">Enseignant Vac\u00e2taire (Tp Les invert\u00e9br\u00e9s 2e Ann\u00e9e TC) (2001-2002)<\/p>\n\n\n\n<p class=\"has-text-align-left\">Biologie v\u00e9g\u00e9tale 2003\/2004 ( Cours et TP 1\u00e8re ann\u00e9e)<\/p>\n\n\n\n<p class=\"has-text-align-left\">Biologie cellulaire et mol\u00e9culaire v\u00e9g\u00e9tale (cours et TD) (pour les \u00e9tudiants de 3\u00e8me Ann\u00e9e Licence syst\u00e8me classique)<\/p>\n\n\n\n<p class=\"has-text-align-left\">Ecologie g\u00e9n\u00e9rale TC (Cours er TD)<\/p>\n\n\n\n<p class=\"has-text-align-left\">Taxonomie et Biog\u00e9ographie (Ing\u00e9niorat : Pathologie des \u00e9cosyst\u00e8mes)<\/p>\n\n\n\n<p class=\"has-text-align-left\">Bioclimatologie (Licence et Master II)<\/p>\n\n\n\n<p class=\"has-text-align-left\">M\u00e9thodes d&rsquo;\u00e9tude des peuplements v\u00e9g\u00e9taux (Ing\u00e9nieurs pathologie des \u00e9cosyst\u00e8mes)<\/p>\n\n\n\n<p class=\"has-text-align-left\">Hydrologie, caract\u00e9ristiques et gestion des \u00e9cosyst\u00e8mes aquatiques (Licence LMD)<\/p>\n\n\n\n<p class=\"has-text-align-left\">Biodiversit\u00e9 et changements globaux<\/p>\n\n\n\n<p class=\"has-text-align-left\">Conservation et d\u00e9veloppement durable (Licence LMD)<\/p>\n\n\n\n<p class=\"has-text-align-left\">D\u00e9gradation, et conservation des Milieux Nanturels (Master I)<\/p>\n\n\n\n<p class=\"has-text-align-left\">Botanique (Travaux Pratiques) (Licence LMD \u00e9cologie et environnement)<\/p>\n\n\n\n<p class=\"has-text-align-left\">Aspects des Changements globaux<\/p>\n\n\n\n<p class=\"has-text-align-left\">Biodiversit\u00e9 des entit\u00e9s biologiques<\/p>\n\n\n\n<p class=\"has-text-align-left\">Biodiversit\u00e9 et D\u00e9veloppement durable<\/p>\n\n\n\n<p class=\"has-text-align-left\">Pollution de l\u2019environnement<\/p>\n\n\n\n<p class=\"has-text-align-left\">Biologie du sol<\/p>\n\n\n\n<p class=\"has-text-align-left\">Dynamique des \u00e9cosyst\u00e8mes<\/p>\n\n\n\n<p class=\"has-text-align-left\">Biodiversit\u00e9 des \u00e9cosyst\u00e8mes limniques et Marins<\/p>\n\n\n\n<p class=\"has-text-align-center has-very-light-gray-to-cyan-bluish-gray-gradient-background has-background has-medium-font-size\"><strong>International publications<\/strong><\/p>\n\n\n\n<p class=\"has-text-align-left\"><strong>Hafid, H<\/strong>., Hanane, S., Saheb, M. &amp; Houhamdi, M. (2013). Dynamique spatio-temporelle de l\u2019hivernage des Grues cendr\u00e9es <em>Grus grus<\/em> en Alg\u00e9rie. Alauda 81 (3): 201-208.<\/p>\n\n\n\n<p class=\"has-text-align-left\">Houhamdi, M., <strong>Hafid, H<\/strong>., Seddik, S., Bouzgag, A., Nouidjem, Y., Bensaci, T., Maazi, M-C &amp;<strong> <\/strong>Saheb, M (2008). Hivernage des Grues cendr\u00e9es <em>Grus grus <\/em>dans le complexe des zones humides des hautes plaines de l\u2019Est alg\u00e9rien. <em>Aves<\/em>. 45 (2): 93-103.<\/p>\n\n\n\n<p class=\"has-text-align-left\">SEDDIK Sihem, MAAZI Mohamed-Ch\u00e9rif, <strong>Hafid Hinda<\/strong>,SAHEB Menouar,MAYACHE Boualem et HOUHAMDI Moussa(2010). Statut et \u00e9cologie des peuplements Laro-Limicoles et Echassiers dans les zones humides des hauts plateaux de l\u2019Est de l\u2019Alg\u00e9rie. <em>Bulletin de l\u2019Institut Scientifique de Rabat<\/em><em>. <\/em>32(2): 111-118.<\/p>\n\n\n\n<p class=\"has-text-align-left\">H.Zaidi, A.Khiari, N.Gherraf, D.Merzoug, D.Dib, <strong>H.Hafid<\/strong>, N.Meza.(2011). Reduction kinetics of Cr(VI) using limonite in aqueous solution. Advences in applied Science Research, Pelagia Research Library, 2(3): 30-36<\/p>\n\n\n\n<p class=\"has-text-align-left\"><a href=\"http:\/\/booksandjournals.brillonline.com\/search;jsessionid=7d3f71fke0rh1.x-brill-live-02?value1=&amp;option1=all&amp;value2=Christophe+Piscart&amp;option2=author\">Christophe PISCARD<\/a>, <a href=\"http:\/\/booksandjournals.brillonline.com\/search;jsessionid=7d3f71fke0rh1.x-brill-live-02?value1=&amp;option1=all&amp;value2=Djemoi+Merzoug&amp;option2=author\">Djemoi MERZOUG<\/a>&nbsp;and&nbsp;<a href=\"http:\/\/booksandjournals.brillonline.com\/search;jsessionid=7d3f71fke0rh1.x-brill-live-02?value1=&amp;option1=all&amp;value2=Hinda+Hafid&amp;option2=author\"><strong>Hinda HAFID<\/strong><\/a> (2013) A new species of Echinogammarus from Algerian fresh waters, Echinogammarus haraktis n. sp. (Peracarida, Amphipoda). <a href=\"http:\/\/booksandjournals.brillonline.com\/content\/journals\/15685403;jsessionid=7d3f71fke0rh1.x-brill-live-02\">Crustaceana<\/a>, <a href=\"http:\/\/booksandjournals.brillonline.com\/content\/journals\/15685403\/86\/13-14;jsessionid=7d3f71fke0rh1.x-brill-live-02\">Volume 86, Issue 13-14<\/a><\/p>\n\n\n\n<p class=\"has-text-align-left\">Noua ALLAOUA, <strong>Hinda HAFID<\/strong>, Djemoi MERZOUG, Noureddine GHERRAF and Moussa HOUHAMDI. (2015). Evaluation of Physic-chemical Quality of Well Water in the Area of Oum El-Bouaghi (High Plains of Eastern Algeria) Characterization and Analysis in Principal Component. Advances in Environmental Biology. ISSN-1995-0756 EISSN-1998-1066.<\/p>\n\n\n\n<p class=\"has-text-align-left\">MARIE-JOSE DOLE-OLIVIER<strong>, HINDA HAFID <\/strong>&amp;CHRISTOPHE PISCART<strong>. (<\/strong>2018).&nbsp; A new groundwater species of <em>Pseudoniphargus<\/em> (Amphipoda: Pseudoniphargidae) fromAlgeria. Zootaxa&nbsp;; ISSN 1175-5334 (online edition).<\/p>\n\n\n\n<p class=\"has-text-align-left\">Lounis Khawla , Saheb Menouar , <strong>Hafid Hinda<\/strong> , Bougoudjil Sabrina.(2018) Inventory and Ecology of Macroinvertebrates in Temporary Pools in the Region of Oum El Bouaghi. World Journ. Env.Biosc. Volume.7, Issue 3<strong><\/strong><\/p>\n\n\n\n<p class=\"has-text-align-left\"><strong>Hinda Hafid, <\/strong>Noua Allaoua1,&nbsp; Amir Hamlaoui1, Abderraouf Chouaib Rebbah and Djemoi Merzoug (2018). Structure and Diversity of Arthropod Communities in the Jebel SidiR&rsquo;ghiss Forest (Oum El Bouaghi) North East Algerian. &nbsp;World Journ. of Environ. Biosc.&nbsp; Volume7, Issue 4: 95-101<\/p>\n\n\n\n<p class=\"has-text-align-left\">Noua, ALLAOUA., Mouna, MENAHK., <strong>Hinda, HAFID<\/strong>., Sana, CHENTOUH., &amp; Souad, BOULAHBEL. Relation entre facteurs environnementaux et densit\u00e9s larvaires de <em>culex pipiens<\/em> l. 1758 (diptera-culicidae) dans la r\u00e9gion d&rsquo;Oum El Bouaghi (hautes plaines de l&rsquo;Est alg\u00e9rien).<\/p>\n\n\n\n<p class=\"has-text-align-left\">N. Hammoudi<sup>,<\/sup>, <strong>H. Hafid<\/strong>, Y. Moumen, S. Chentou<sup>a<\/sup>, H. Djebaili<sup>&nbsp; <\/sup>and S. Boulahbel,&nbsp;&nbsp;&nbsp;&nbsp; (2020) Effect of organic materials extract from <em>Bunium incrassatum<\/em> (Talghouda) roots on hematological and histological parameters of the adrenal glands in the pregnant rabbits, <em>Oryctolagus cuniculus <\/em>Journal of New Technology and Materials (JNTM) Vol. 10, N\u00b001 (2020) 38-43<\/p>\n\n\n\n<p class=\"has-text-align-left\">ABDELLATIF SATOUR, NOUA ALLAOUA &amp; <strong>HINDA HAFID <\/strong>(2022).&nbsp; Bio-Evaluation of Groundwater Quality inthe Souk Naamane and Ain M&rsquo;lila region (Oum El Bouaghi, High Plain of Eastern Algeria<a href=\"file:\/\/\/C:\/Users\/admin\/Desktop\/Doctorat%2022-23\/Genetics%20and%20Biodiversity%20Journal\">Genetics and Biodiversity Journal<\/a>&nbsp;<a href=\"https:\/\/doi.org\/10.46325\/gabj.v6i2.186\">https:\/\/doi.org\/10.46325\/gabj.v6i2.186<\/a><\/p>\n\n\n\n<p class=\"has-text-align-left\">Chorfi, A., <strong>Hafid, H<\/strong>., Baaloudj, A., Rizi, H., Aouissi, H. A., Chaib, S., &#8230; &amp; Houhamdi, M. (2022). Characterization and diversity of macroin-vertebrates in groundwater in the region of Souk-Ahras (North-East of Algeria).&nbsp;<em>Ekol\u00f3gia (Bratislava)<\/em>,&nbsp;<em>41<\/em>(3), 219-227.<\/p>\n\n\n\n<p class=\"has-text-align-center has-very-light-gray-to-cyan-bluish-gray-gradient-background has-background has-medium-font-size\"><strong>Books&nbsp;&nbsp;&nbsp;&nbsp;&nbsp; &nbsp;&nbsp;&nbsp;&nbsp;&nbsp;&nbsp;&nbsp;&nbsp;&nbsp;&nbsp;&nbsp;&nbsp;&nbsp;&nbsp;&nbsp;&nbsp;&nbsp;&nbsp;&nbsp;&nbsp;&nbsp;<\/strong><\/p>\n\n\n\n<p class=\"has-text-align-left\">&nbsp;Allaoua, Noua, and <strong>HINDA HAFID<\/strong>.&nbsp;Biodiversit\u00e9 et \u00e9cologie de la faune aquatique de l&rsquo;est Alg\u00e9rien: identification des principaux groupes et familles des eaux souterraines \u00c9ditions universitaires europ\u00e9ennes, 2019.<\/p>\n\n\n\n<p class=\"has-text-align-center has-very-light-gray-to-cyan-bluish-gray-gradient-background has-background has-medium-font-size\"><strong>Interests and Qualifications<\/strong><\/p>\n\n\n\n<p class=\"has-text-align-left\"><strong>Interests: Hydrobiology, Biodiversity, Biog\u00e9ography, Climate changes, Wetland ecology<\/strong><\/p>\n\n\n\n<p class=\"has-text-align-left\"><strong>Qualifications: Natural resources management, Water quality, Applied ecology, environmental protection and pollution, biodiversity conservation<\/strong><\/p>\n\n\n\n<p class=\"has-text-align-left\">Mes domaines de recherche et d\u2019enseignement sont assez vastes, portant sur les interactions biologiques et \u00e9cologiques des communaut\u00e9s dans les r\u00e9gions sub -humides et semi-arides de l&rsquo;Afrique du Nord. Mes travaux traitent l&rsquo;\u00e9cologie des oiseaux, biodiversit\u00e9 des esp\u00e8ces, alimentation, reproduction, \u00e9cologie et hivernage, ainsi que la dynamique des populations, de leur diversit\u00e9 et leur distribution, des invert\u00e9br\u00e9s des milieux terrestres, et aquatiques naturels et anthropis\u00e9s, je m\u2019int\u00e9resse \u00e9galement \u00e0 la conservation de la diversit\u00e9 et la syst\u00e9matique et la description de nouvelles esp\u00e8ces d\u2019invert\u00e9br\u00e9s des milieux souterrains.<br><\/p>\n\n\n\n<figure class=\"wp-block-pullquote\"><blockquote><p>PDF version: <a href=\"https:\/\/www.univ-oeb.dz\/fsesnv\/wp-content\/uploads\/2023\/04\/Short-CV-SNV-Hafid-Hinda.pdf\">Short CV SNV Hafid Hinda<\/a><br>Scopus: <a href=\"https:\/\/www.scopus.com\/authid\/detail.uri?authorId=55906893300\" data-type=\"URL\" data-id=\"https:\/\/www.scopus.com\/authid\/detail.uri?authorId=55906893300\">hafid hinda<\/a><\/p><\/blockquote><\/figure>\n","protected":false},"excerpt":{"rendered":"<p>Dr. HAFID Hinda Dr, Life Science department, University of Oum El Bouaghi, Algeria. E-mail: &nbsp;&nbsp;&nbsp;&nbsp;&nbsp;hafidhinda@yahoo.fr Mobile:+ 213550673331 Grade Researcher identity Google Scholar: Link ReaserchGate: Link ORCID : &nbsp;&nbsp;Link Education Ph.D.&rsquo;s degree in Biological Sciences &nbsp;Master&rsquo;s degree in Ecophysiology in semi arid regions License&rsquo;s degree in Normal hight school (ENS) Oum El Bouaghi Functions and Affiliations &hellip;<\/p>\n","protected":false},"author":1,"featured_media":0,"parent":0,"menu_order":0,"comment_status":"closed","ping_status":"closed","template":"","meta":{"footnotes":""},"class_list":["post-4805","page","type-page","status-publish","hentry"],"_links":{"self":[{"href":"https:\/\/www.univ-oeb.dz\/fsesnv\/wp-json\/wp\/v2\/pages\/4805","targetHints":{"allow":["GET"]}}],"collection":[{"href":"https:\/\/www.univ-oeb.dz\/fsesnv\/wp-json\/wp\/v2\/pages"}],"about":[{"href":"https:\/\/www.univ-oeb.dz\/fsesnv\/wp-json\/wp\/v2\/types\/page"}],"author":[{"embeddable":true,"href":"https:\/\/www.univ-oeb.dz\/fsesnv\/wp-json\/wp\/v2\/users\/1"}],"replies":[{"embeddable":true,"href":"https:\/\/www.univ-oeb.dz\/fsesnv\/wp-json\/wp\/v2\/comments?post=4805"}],"version-history":[{"count":0,"href":"https:\/\/www.univ-oeb.dz\/fsesnv\/wp-json\/wp\/v2\/pages\/4805\/revisions"}],"wp:attachment":[{"href":"https:\/\/www.univ-oeb.dz\/fsesnv\/wp-json\/wp\/v2\/media?parent=4805"}],"curies":[{"name":"wp","href":"https:\/\/api.w.org\/{rel}","templated":true}]}}