{"id":2383,"date":"2023-01-25T09:53:19","date_gmt":"2023-01-25T08:53:19","guid":{"rendered":"http:\/\/www.univ-oeb.dz\/fsesnv\/?page_id=2383"},"modified":"2023-02-14T13:34:55","modified_gmt":"2023-02-14T12:34:55","slug":"%d8%b9%d9%84%d9%88%d9%85-%d8%a7%d9%84%d9%85%d8%a7%d8%af%d8%a9-%d9%86%d9%82%d8%a7%d8%b7-%d8%a3%d9%88%d9%84%d9%89-%d9%84%d9%8a%d8%b3%d8%a7%d9%86%d8%b3","status":"publish","type":"page","link":"https:\/\/www.univ-oeb.dz\/fsesnv\/%d8%b9%d9%84%d9%88%d9%85-%d8%a7%d9%84%d9%85%d8%a7%d8%af%d8%a9-%d9%86%d9%82%d8%a7%d8%b7-%d8%a3%d9%88%d9%84%d9%89-%d9%84%d9%8a%d8%b3%d8%a7%d9%86%d8%b3\/","title":{"rendered":"\u0639\u0644\u0648\u0645 \u0627\u0644\u0645\u0627\u062f\u0629 -\u0646\u0642\u0627\u0637 \u0623\u0648\u0644\u0649 \u0644\u064a\u0633\u0627\u0646\u0633-"},"content":{"rendered":"\n<figure class=\"wp-block-table\"><table class=\"has-fixed-layout\"><tbody><tr><td>\u0627\u0644\u0645\u0642\u064a\u0627\u0633<\/td><td>\u0627\u0644\u0639\u0644\u0627\u0645\u0629<\/td><td>\u0627\u0644\u062a\u0635\u062d\u064a\u062d \u0627\u0644\u0646\u0645\u0648\u0630\u062c\u064a<\/td><\/tr><tr><td>TP Chimie 1<\/td><td><a href=\"https:\/\/www.univ-oeb.dz\/fsesnv\/wp-content\/uploads\/2023\/01\/TP-Chimie-1-\u0627\u0644\u0641\u0648\u062c-1.xlsx\">TP Chimie 1( \u0627\u0644\u0641\u0648\u062c 1)<\/a> <br><a href=\"https:\/\/www.univ-oeb.dz\/fsesnv\/wp-content\/uploads\/2023\/01\/TP-Chimie-1-\u0627\u0644\u0641\u0648\u062c-2.xlsx\">TP Chimie 1( \u0627\u0644\u0641\u0648\u062c 2)<\/a><br> <a href=\"https:\/\/www.univ-oeb.dz\/fsesnv\/wp-content\/uploads\/2023\/01\/TP-Chimie-1-\u0627\u0644\u0641\u0648\u062c-3.xlsx\">TP Chimie 1( \u0627\u0644\u0641\u0648\u062c 3)<\/a><br> <a href=\"https:\/\/www.univ-oeb.dz\/fsesnv\/wp-content\/uploads\/2023\/01\/TP-Chimie-1-\u0627\u0644\u0641\u0648\u062c-4.xlsx\">TP Chimie 1( \u0627\u0644\u0641\u0648\u062c 4)<\/a> <br><a href=\"https:\/\/www.univ-oeb.dz\/fsesnv\/wp-content\/uploads\/2023\/01\/\u0646\u0642\u0627\u0637-\u0627\u0644\u0637\u0644\u0628\u0629-\u0627\u0644\u063a\u064a\u0631-\u0645\u0643\u062a\u0648\u0628-\u0623\u0633\u0645\u0627\u0626\u0647\u0645-.doc\">\u0646\u0642\u0627\u0637 \u0627\u0644\u0637\u0644\u0628\u0629 \u0627\u0644\u063a\u064a\u0631 \u0645\u0643\u062a\u0648\u0628 \u0623\u0633\u0645\u0627\u0626\u0647\u0645<\/a><\/td><td><a href=\"https:\/\/www.univ-oeb.dz\/fsesnv\/wp-content\/uploads\/2023\/01\/Corrigie-Type-Controle-de-TP-chimie-01-2023.pdf\">Corrigie Type Controle de TP chimie 01-2023<\/a><\/td><\/tr><tr><td>Physique 1<\/td><td><a href=\"https:\/\/www.univ-oeb.dz\/fsesnv\/wp-content\/uploads\/2023\/02\/Physique1-Mecanique-du-point-\u0627\u0644\u0641\u0648\u062c-2.xlsx\">Physique1 M\u00e9canique du point ( \u0627\u0644\u0641\u0648\u062c 2)<\/a> <br><a href=\"https:\/\/www.univ-oeb.dz\/fsesnv\/wp-content\/uploads\/2023\/02\/Physique1-Mecanique-du-point-\u0627\u0644\u0641\u0648\u062c-3.xlsx\">Physique1 M\u00e9canique du point ( \u0627\u0644\u0641\u0648\u062c 3)<\/a> <br><a href=\"https:\/\/www.univ-oeb.dz\/fsesnv\/wp-content\/uploads\/2023\/02\/Physique1-Mecanique-du-point-\u0627\u0644\u0641\u0648\u062c-4.xlsx\">Physique1 M\u00e9canique du point ( \u0627\u0644\u0641\u0648\u062c 4)<\/a> <br><a href=\"https:\/\/www.univ-oeb.dz\/fsesnv\/wp-content\/uploads\/2023\/02\/Physique1-Mecanique-du-point-\u0627\u0644\u0641\u0648\u062c-1.xlsx\">Physique1 M\u00e9canique du point ( \u0627\u0644\u0641\u0648\u062c 1)<\/a> <br><a href=\"https:\/\/www.univ-oeb.dz\/fsesnv\/wp-content\/uploads\/2023\/02\/dettes-1.xlsx\">dettes<\/a><\/td><td>une s\u00e9ance de consultation des copies d&rsquo;examen est programm\u00e9e Mardi le 14 f\u00e9vrier  11h:00mn-12:00mn ,Amphi 4.<\/td><\/tr><tr><td>Environnement<\/td><td><a href=\"https:\/\/www.univ-oeb.dz\/fsesnv\/wp-content\/uploads\/2023\/02\/Environnement-\u0627\u0644\u0641\u0648\u062c-1.xlsx\">Environnement( \u0627\u0644\u0641\u0648\u062c 1)<\/a><br><a href=\"https:\/\/www.univ-oeb.dz\/fsesnv\/wp-content\/uploads\/2023\/02\/Environnement-\u0627\u0644\u0641\u0648\u062c-2.xlsx\">Environnement( \u0627\u0644\u0641\u0648\u062c 2)<\/a><br><a href=\"https:\/\/www.univ-oeb.dz\/fsesnv\/wp-content\/uploads\/2023\/02\/Environnement-\u0627\u0644\u0641\u0648\u062c-3.xlsx\">Environnement( \u0627\u0644\u0641\u0648\u062c 3)<\/a><br><a href=\"https:\/\/www.univ-oeb.dz\/fsesnv\/wp-content\/uploads\/2023\/02\/Environnement-\u0627\u0644\u0641\u0648\u062c-4.xlsx\">Environnement( \u0627\u0644\u0641\u0648\u062c 4)<\/a><br><a href=\"https:\/\/www.univ-oeb.dz\/fsesnv\/wp-content\/uploads\/2023\/02\/Liste-des-etudiant-qui-ne-figurent-pas-sur-les-PV-de-note-module-Environnement.docx\">Liste des \u00e9tudiant qui ne figurent pas sur les PV de note module Environnement<\/a><br>une s\u00e9ance de consultation des copies d&rsquo;examen est programm\u00e9e Dimanche le 5 f\u00e9vrier \u00e0 11h:15mn , la salle E10.<\/td><td><a href=\"https:\/\/www.univ-oeb.dz\/fsesnv\/wp-content\/uploads\/2023\/02\/corrige-de-lexamen-Environnement.docx\">corrig\u00e9 de l&rsquo;examen Environnement<\/a><\/td><\/tr><tr><td>Chimie 1<\/td><td><a href=\"https:\/\/www.univ-oeb.dz\/fsesnv\/wp-content\/uploads\/2023\/01\/dettes.pdf\">dettes<\/a><br>\u064a\u0648\u0645 \u0627\u0644\u0645\u0639\u0627\u064a\u0646\u0629 : \u0627\u0644\u0627\u0631\u0628\u0639\u0627\u0621 1 \u0641\u064a\u0641\u0631\u064a 2023 \u0641\u064a \u0642\u0627\u0639\u0629 \u0627\u0644\u0627\u0633\u0627\u062a\u0630\u0629&nbsp;<br><a href=\"https:\/\/www.univ-oeb.dz\/fsesnv\/wp-content\/uploads\/2023\/02\/dettes.xlsx\">dettes<\/a> <br><a href=\"https:\/\/www.univ-oeb.dz\/fsesnv\/wp-content\/uploads\/2023\/02\/Chimie1-Structure-de-la-matiere-\u0627\u0644\u0641\u0648\u062c-4.xlsx\">Chimie1 Structure de la mati\u00e8re( \u0627\u0644\u0641\u0648\u062c 4)<\/a><br> <a href=\"https:\/\/www.univ-oeb.dz\/fsesnv\/wp-content\/uploads\/2023\/02\/Chimie1-Structure-de-la-matiere-\u0627\u0644\u0641\u0648\u062c-3.xlsx\">Chimie1 Structure de la mati\u00e8re( \u0627\u0644\u0641\u0648\u062c 3)<\/a><br> <a href=\"https:\/\/www.univ-oeb.dz\/fsesnv\/wp-content\/uploads\/2023\/02\/Chimie1-Structure-de-la-matiere-\u0627\u0644\u0641\u0648\u062c-2.xlsx\">Chimie1 Structure de la mati\u00e8re( \u0627\u0644\u0641\u0648\u062c 2)<\/a> <br><a href=\"https:\/\/www.univ-oeb.dz\/fsesnv\/wp-content\/uploads\/2023\/02\/Chimie1-Structure-de-la-matiere-\u0627\u0644\u0641\u0648\u062c-1.xlsx\">Chimie1 Structure de la mati\u00e8re( \u0627\u0644\u0641\u0648\u062c 1)<\/a><\/td><td><a href=\"https:\/\/www.univ-oeb.dz\/fsesnv\/wp-content\/uploads\/2023\/02\/corrige-type-L-1-Chimie-1-2023.pdf\">corrig\u00e9 type L 1 Chimie 1 2023<\/a><\/td><\/tr><tr><td>Informatique 1<\/td><td><a href=\"https:\/\/www.univ-oeb.dz\/fsesnv\/wp-content\/uploads\/2023\/01\/Informatique-1-\u0627\u0644\u0641\u0648\u062c-1.xlsx\">Informatique 1( \u0627\u0644\u0641\u0648\u062c 1)<\/a> <br><a href=\"https:\/\/www.univ-oeb.dz\/fsesnv\/wp-content\/uploads\/2023\/01\/Informatique-1-\u0627\u0644\u0641\u0648\u062c-2.xlsx\">Informatique 1( \u0627\u0644\u0641\u0648\u062c 2)<\/a> <br><a href=\"https:\/\/www.univ-oeb.dz\/fsesnv\/wp-content\/uploads\/2023\/01\/Informatique-1-\u0627\u0644\u0641\u0648\u062c-3.xlsx\">Informatique 1( \u0627\u0644\u0641\u0648\u062c 3)<\/a> <br><a href=\"https:\/\/www.univ-oeb.dz\/fsesnv\/wp-content\/uploads\/2023\/01\/Informatique-1-\u0627\u0644\u0641\u0648\u062c-4.xlsx\">Informatique 1( \u0627\u0644\u0641\u0648\u062c 4)<\/a> <br><a href=\"https:\/\/www.univ-oeb.dz\/fsesnv\/wp-content\/uploads\/2023\/01\/liste-complementaire.xlsx\">liste complementaire<\/a><\/td><td><a href=\"https:\/\/www.univ-oeb.dz\/fsesnv\/wp-content\/uploads\/2023\/01\/Corrige-type.pdf\">Corrig\u00e9 type<\/a><\/td><\/tr><tr><td>Anglais<\/td><td><\/td><td><\/td><\/tr><tr><td> Math\u00e9matique 1<\/td><td><a href=\"https:\/\/www.univ-oeb.dz\/fsesnv\/wp-content\/uploads\/2023\/01\/Mathematiques-1-Analyse-et-Algebre1-\u0627\u0644\u0641\u0648\u062c-1.pdf\">Math\u00e9matiques 1 Analyse et Alg\u00e8bre1( \u0627\u0644\u0641\u0648\u062c 1)<\/a><br><a href=\"https:\/\/www.univ-oeb.dz\/fsesnv\/wp-content\/uploads\/2023\/01\/Mathematiques-1-Analyse-et-Algebre1-\u0627\u0644\u0641\u0648\u062c-2.pdf\">Math\u00e9matiques 1 Analyse et Alg\u00e8bre1( \u0627\u0644\u0641\u0648\u062c 2)<\/a><br><a href=\"https:\/\/www.univ-oeb.dz\/fsesnv\/wp-content\/uploads\/2023\/01\/Mathematiques-1-Analyse-et-Algebre1-\u0627\u0644\u0641\u0648\u062c-3.pdf\">Math\u00e9matiques 1 Analyse et Alg\u00e8bre1( \u0627\u0644\u0641\u0648\u062c 3)<\/a><br><a href=\"https:\/\/www.univ-oeb.dz\/fsesnv\/wp-content\/uploads\/2023\/01\/Mathematiques-1-Analyse-et-Algebre1-\u0627\u0644\u0641\u0648\u062c-4.pdf\">Math\u00e9matiques 1 Analyse et Alg\u00e8bre1( \u0627\u0644\u0641\u0648\u062c 4)<\/a><br><a href=\"https:\/\/www.univ-oeb.dz\/fsesnv\/wp-content\/uploads\/2023\/01\/\u0627\u0644\u0637\u0644\u0628\u0629-\u063a\u064a\u0631-\u0645\u0648\u062c\u0648\u062f\u064a\u0646-\u0641\u064a-\u0627\u0644\u0642\u0627\u0626\u0645\u0629.pdf\">\u0627\u0644\u0637\u0644\u0628\u0629 \u063a\u064a\u0631 \u0645\u0648\u062c\u0648\u062f\u064a\u0646 \u0641\u064a \u0627\u0644\u0642\u0627\u0626\u0645\u0629<\/a><br>\u064a\u0648\u0645 \u0627\u0644\u0645\u0639\u0627\u064a\u0646\u0629 : \u0627\u0644\u0627\u0631\u0628\u0639\u0627\u0621 1 \u0641\u064a\u0641\u0631\u064a 2023 \u0641\u064a \u0642\u0627\u0639\u0629 \u0627\u0644\u0627\u0633\u0627\u062a\u0630\u0629&nbsp;<\/td><td><a href=\"https:\/\/www.univ-oeb.dz\/fsesnv\/wp-content\/uploads\/2023\/01\/Correction.pdf\">Correction<\/a><\/td><\/tr><tr><td>TP Physique 1<\/td><td><a href=\"https:\/\/www.univ-oeb.dz\/fsesnv\/wp-content\/uploads\/2023\/02\/Liste-des-etudiant-qui-ne-figurent-pas-sur-les-PV-de-note-module-Environnement1.docx\">Liste des \u00e9tudiant qui ne figurent pas sur les PV de note module Environnement(1)<\/a><br> <a href=\"https:\/\/www.univ-oeb.dz\/fsesnv\/wp-content\/uploads\/2023\/02\/TP-Mecanique-\u0627\u0644\u0641\u0648\u062c-1.xlsx\">TP M\u00e9canique( \u0627\u0644\u0641\u0648\u062c 1)<\/a><br> <a href=\"https:\/\/www.univ-oeb.dz\/fsesnv\/wp-content\/uploads\/2023\/02\/TP-Mecanique-\u0627\u0644\u0641\u0648\u062c-2.xlsx\">TP M\u00e9canique( \u0627\u0644\u0641\u0648\u062c 2)<\/a> <br><a href=\"https:\/\/www.univ-oeb.dz\/fsesnv\/wp-content\/uploads\/2023\/02\/TP-Mecanique-\u0627\u0644\u0641\u0648\u062c-3.xlsx\">TP M\u00e9canique( \u0627\u0644\u0641\u0648\u062c 3)<\/a><br> <a href=\"https:\/\/www.univ-oeb.dz\/fsesnv\/wp-content\/uploads\/2023\/02\/TP-Mecanique-\u0627\u0644\u0641\u0648\u062c-4.xlsx\">TP M\u00e9canique( \u0627\u0644\u0641\u0648\u062c 4)<\/a><\/td><td><a href=\"https:\/\/www.univ-oeb.dz\/fsesnv\/wp-content\/uploads\/2023\/02\/Corrige-de-lExamen-de-TP-Physique-1-1.pdf\">Corrig\u00e9 de l&rsquo;Examen de TP Physique 1<\/a><br><br>La sc\u00e9ance de consultation des copies d&rsquo;examen est programm\u00e9e Mercredi le 15\/02\/2023<br>\u00e0 15h30 Amphi 5<\/td><\/tr><\/tbody><\/table><\/figure>\n","protected":false},"excerpt":{"rendered":"<p>\u0627\u0644\u0645\u0642\u064a\u0627\u0633\u0627\u0644\u0639\u0644\u0627\u0645\u0629\u0627\u0644\u062a\u0635\u062d\u064a\u062d \u0627\u0644\u0646\u0645\u0648\u0630\u062c\u064aTP Chimie 1TP Chimie 1( \u0627\u0644\u0641\u0648\u062c 1) TP Chimie 1( \u0627\u0644\u0641\u0648\u062c 2) TP Chimie 1( \u0627\u0644\u0641\u0648\u062c 3) TP Chimie 1( \u0627\u0644\u0641\u0648\u062c 4) \u0646\u0642\u0627\u0637 \u0627\u0644\u0637\u0644\u0628\u0629 \u0627\u0644\u063a\u064a\u0631 \u0645\u0643\u062a\u0648\u0628 \u0623\u0633\u0645\u0627\u0626\u0647\u0645Corrigie Type Controle de TP chimie 01-2023Physique 1Physique1 M\u00e9canique du point ( \u0627\u0644\u0641\u0648\u062c 2) Physique1 M\u00e9canique du point ( \u0627\u0644\u0641\u0648\u062c 3) Physique1 M\u00e9canique du point ( \u0627\u0644\u0641\u0648\u062c 4) &hellip;<\/p>\n","protected":false},"author":1,"featured_media":0,"parent":0,"menu_order":0,"comment_status":"closed","ping_status":"closed","template":"","meta":{"footnotes":""},"class_list":["post-2383","page","type-page","status-publish","hentry"],"_links":{"self":[{"href":"https:\/\/www.univ-oeb.dz\/fsesnv\/wp-json\/wp\/v2\/pages\/2383","targetHints":{"allow":["GET"]}}],"collection":[{"href":"https:\/\/www.univ-oeb.dz\/fsesnv\/wp-json\/wp\/v2\/pages"}],"about":[{"href":"https:\/\/www.univ-oeb.dz\/fsesnv\/wp-json\/wp\/v2\/types\/page"}],"author":[{"embeddable":true,"href":"https:\/\/www.univ-oeb.dz\/fsesnv\/wp-json\/wp\/v2\/users\/1"}],"replies":[{"embeddable":true,"href":"https:\/\/www.univ-oeb.dz\/fsesnv\/wp-json\/wp\/v2\/comments?post=2383"}],"version-history":[{"count":0,"href":"https:\/\/www.univ-oeb.dz\/fsesnv\/wp-json\/wp\/v2\/pages\/2383\/revisions"}],"wp:attachment":[{"href":"https:\/\/www.univ-oeb.dz\/fsesnv\/wp-json\/wp\/v2\/media?parent=2383"}],"curies":[{"name":"wp","href":"https:\/\/api.w.org\/{rel}","templated":true}]}}