{"id":1462,"date":"2023-01-19T09:41:18","date_gmt":"2023-01-19T08:41:18","guid":{"rendered":"http:\/\/www.univ-oeb.dz\/fsesnv\/?page_id=1462"},"modified":"2023-02-08T11:22:39","modified_gmt":"2023-02-08T10:22:39","slug":"%d8%b9%d9%84%d9%88%d9%85-%d8%a7%d9%84%d9%85%d8%a7%d8%af%d8%a9-%d9%86%d9%82%d8%a7%d8%b7-%d9%85%d8%a7%d8%b3%d8%aa%d8%b1-1","status":"publish","type":"page","link":"https:\/\/www.univ-oeb.dz\/fsesnv\/%d8%b9%d9%84%d9%88%d9%85-%d8%a7%d9%84%d9%85%d8%a7%d8%af%d8%a9-%d9%86%d9%82%d8%a7%d8%b7-%d9%85%d8%a7%d8%b3%d8%aa%d8%b1-1\/","title":{"rendered":"\u0639\u0644\u0648\u0645 \u0627\u0644\u0645\u0627\u062f\u0629 -\u0646\u0642\u0627\u0637 \u0645\u0627\u0633\u062a\u0631 1-"},"content":{"rendered":"\n<p class=\"has-text-align-center\"><strong>Chimie Analytiques<\/strong><\/p>\n\n\n\n<figure class=\"wp-block-table\"><table class=\"has-fixed-layout\"><tbody><tr><td>\u0627\u0644\u0645\u0642\u064a\u0627\u0633<\/td><td>\u0627\u0644\u0639\u0644\u0627\u0645\u0629<\/td><td>\u0627\u0644\u062a\u0635\u062d\u064a\u062d \u0627\u0644\u0646\u0645\u0648\u0630\u062c\u064a<\/td><\/tr><tr><td><strong>M\u00e9thodes de caract\u00e9risation des mat\u00e9riaux I<\/strong><\/td><td><a href=\"https:\/\/www.univ-oeb.dz\/fsesnv\/wp-content\/uploads\/2023\/01\/Methodes-d-caracterisation-d-materiauxI-\u0627\u0644\u0641\u0648\u062c-1.xlsx\">M\u00e9thodes d caract\u00e9risation d mat\u00e9riauxI ( \u0627\u0644\u0641\u0648\u062c 1)<\/a><br>\u0645\u0639\u0627\u064a\u0646\u0629 \u0627\u0648\u0631\u0627\u0642 \u0627\u0644\u0627\u0645\u062a\u062d\u0627\u0646 \u064a\u0648\u0645 \u0627\u0644\u0627\u062d\u062f 29 -01-2023 \u0639\u0644\u0649 \u0627\u0644\u0633\u0627\u0639\u0629 \u0627\u0644\u0639\u0627\u0634\u0631\u0629 \u0628\u0627\u0644\u0642\u0627\u0639\u0629&nbsp; D9<\/td><td><a href=\"https:\/\/www.univ-oeb.dz\/fsesnv\/wp-content\/uploads\/2023\/01\/2022-2023\u062d\u0644-\u0627\u0645\u062a\u062d\u0627\u0646-\u0627\u0644\u0633\u062f\u0627\u0633\u064a-\u0627\u0644\u0627\u0648\u0644-\u0645\u0642\u064a\u0627\u0633-\u062e\u0648\u0627\u0635-\u0627\u0644\u0645\u0648\u0627\u062f.pdf\">2022 2023\u062d\u0644 \u0627\u0645\u062a\u062d\u0627\u0646 \u0627\u0644\u0633\u062f\u0627\u0633\u064a \u0627\u0644\u0627\u0648\u0644 \u0645\u0642\u064a\u0627\u0633 \u062e\u0648\u0627\u0635 \u0627\u0644\u0645\u0648\u0627\u062f<\/a><br><br><a href=\"https:\/\/www.univ-oeb.dz\/fsesnv\/wp-content\/uploads\/2023\/01\/\u0627\u0645\u062a\u062d\u0627\u0646-\u0627\u0644\u0633\u062f\u0627\u0633\u064a-\u0627\u0644\u0627\u0648\u0644-\u0641\u064a-\u0645\u0642\u064a\u0627\u0633-\u0637\u0631\u0642-\u062a\u062d\u0644\u064a\u0644-\u0627\u0644\u0645\u0648\u0627\u062f-2022-2023-2.pdf\">\u0627\u0645\u062a\u062d\u0627\u0646 \u0627\u0644\u0633\u062f\u0627\u0633\u064a \u0627\u0644\u0627\u0648\u0644 \u0641\u064a \u0645\u0642\u064a\u0627\u0633 \u0637\u0631\u0642 \u062a\u062d\u0644\u064a\u0644 \u0627\u0644\u0645\u0648\u0627\u062f 2022 2023 (2)<\/a><br>&nbsp;<\/td><\/tr><tr><td><strong>SAE 4 : M\u00e9thodes chromatographiques I<\/strong><\/td><td><a href=\"https:\/\/www.univ-oeb.dz\/fsesnv\/wp-content\/uploads\/2023\/01\/Copie-de-pv-note-TD-M1-Ch-Anal.xls\">Copie de pv note TD M1 Ch Anal<\/a> <br><a href=\"https:\/\/www.univ-oeb.dz\/fsesnv\/wp-content\/uploads\/2023\/01\/METHODE-CHROMATOGRAPHIE1-\u0627\u0644\u0641\u0648\u062c-1.xlsx\">METHODE CHROMATOGRAPHIE1( \u0627\u0644\u0641\u0648\u062c 1)<\/a><\/td><td><a href=\"https:\/\/www.univ-oeb.dz\/fsesnv\/wp-content\/uploads\/2023\/01\/%D8%AA%D8%B5%D8%AD%D9%8A%D8%AD-%D8%A7%D9%85%D8%AA%D8%AD%D8%A7%D9%86-2023.docx\">\u062a\u0635\u062d\u064a\u062d \u0627\u0645\u062a\u062d\u0627\u0646 2023<\/a><br><a href=\"https:\/\/www.univ-oeb.dz\/fsesnv\/wp-content\/uploads\/2023\/01\/%D8%A7%D9%85%D8%AA%D8%AD%D8%A7%D9%86-2023.docx\">\u0627\u0645\u062a\u062d\u0627\u0646 2023<\/a><\/td><\/tr><tr><td><strong>Anglais<\/strong><\/td><td><a href=\"https:\/\/www.univ-oeb.dz\/fsesnv\/wp-content\/uploads\/2023\/01\/ANGLAIS-\u0627\u0644\u0641\u0648\u062c-1-1.xlsx\">ANGLAIS ( \u0627\u0644\u0641\u0648\u062c 1)<\/a><\/td><td><\/td><\/tr><tr><td><strong>SAE 5 : M\u00e9thodes de pr\u00e9l\u00e8vement et d\u2019analyses<\/strong><\/td><td><a href=\"https:\/\/www.univ-oeb.dz\/fsesnv\/wp-content\/uploads\/2023\/01\/Methodes-de-prelevement-et-d-analyses-\u0627\u0644\u0641\u0648\u062c-1.pdf\">M\u00e9thodes de pr\u00e9l\u00e8vement et d analyses( \u0627\u0644\u0641\u0648\u062c 1)<\/a><br>Date de consultation: 26\/01\/2023 \u00e0 09h00 . Salle D17<\/td><td><a href=\"https:\/\/www.univ-oeb.dz\/fsesnv\/wp-content\/uploads\/2023\/01\/methodes-de-prelevement-et-danalyse-2023.pdf\">m\u00e9thodes de pr\u00e9l\u00e8vement et d&rsquo;analyse 2023<\/a><\/td><\/tr><tr><td><strong>SAE2: statistiques et chimiom\u00e9trie<\/strong><\/td><td><a href=\"https:\/\/www.univ-oeb.dz\/fsesnv\/wp-content\/uploads\/2023\/02\/Statistiques-et-Chimimiometrie-examTD.xlsx\">Statistiques et Chimimiom\u00e9trie exam+TD<\/a><\/td><td><\/td><\/tr><tr><td><strong>SAE 6 : M\u00e9thodes de s\u00e9parations<\/strong><\/td><td><a href=\"https:\/\/www.univ-oeb.dz\/fsesnv\/wp-content\/uploads\/2023\/01\/Methodes-de-separations-\u0627\u0644\u0641\u0648\u062c-1.xlsx\">M\u00e9thodes de s\u00e9parations( \u0627\u0644\u0641\u0648\u062c 1)<\/a><\/td><td><\/td><\/tr><tr><td><strong>SAE 1 : Instrumentation Chromatographique<\/strong><\/td><td><a href=\"https:\/\/www.univ-oeb.dz\/fsesnv\/wp-content\/uploads\/2023\/01\/INSTRUMENTATION-CHROMATOGRAPHIQUE-\u0627\u0644\u0641\u0648\u062c-1.xlsx\">INSTRUMENTATION CHROMATOGRAPHIQUE( \u0627\u0644\u0641\u0648\u062c 1)<\/a><br>\u0645\u0639\u0627\u064a\u0646\u0629 \u0627\u0648\u0631\u0627\u0642 \u0627\u0644\u0627\u0645\u062a\u062d\u0627\u0646 \u064a\u0648\u0645 \u0627\u0644\u0627\u062d\u062f 29 -01-2023 \u0639\u0644\u0649 \u0627\u0644\u0633\u0627\u0639\u0629 \u0627\u0644\u0639\u0627\u0634\u0631\u0629 \u0628\u0627\u0644\u0642\u0627\u0639\u0629&nbsp; D9 \u0627\u0644\u0627\u0633\u062a\u0627\u062f \u062d\u0645\u0627\u062f\u0629 \u062d\u0643\u064a\u0645<\/td><td><a href=\"https:\/\/www.univ-oeb.dz\/fsesnv\/wp-content\/uploads\/2023\/01\/\u062d\u0644-\u0627\u0645\u062a\u062d\u0627\u0646-\u0627\u0644\u0633\u062f\u0627\u0633\u064a-\u0627\u0644\u0623\u0648\u0644-\u0641\u064a-\u0645\u0642\u064a\u0627\u0633-\u0623\u062c\u0647\u0632\u0629-\u0627\u0644\u0643\u0631\u0648\u0645\u0627\u062a\u0648\u063a\u0631\u0627\u0641\u064a\u0627-2.pdf\">\u062d\u0644 \u0627\u0645\u062a\u062d\u0627\u0646 \u0627\u0644\u0633\u062f\u0627\u0633\u064a \u0627\u0644\u0623\u0648\u0644 \u0641\u064a \u0645\u0642\u064a\u0627\u0633 \u0623\u062c\u0647\u0632\u0629 \u0627\u0644\u0643\u0631\u0648\u0645\u0627\u062a\u0648\u063a\u0631\u0627\u0641\u064a\u0627 (2)<\/a><br><br><a href=\"https:\/\/www.univ-oeb.dz\/fsesnv\/wp-content\/uploads\/2023\/01\/\u0627\u0645\u062a\u062d\u0627\u0646-\u0627\u0644\u0633\u062f\u0627\u0633\u064a-\u0627\u0644\u0627\u0648\u0644-\u0641\u064a-\u0645\u0642\u064a\u0627\u0633-\u0627\u062c\u0647\u0632\u0629-\u0627\u0644\u0643\u0631\u0648\u0645\u0627\u062a\u0648\u063a\u0631\u0627\u0641\u064a\u0627-2023-2022-2.pdf\">\u0627\u0645\u062a\u062d\u0627\u0646 \u0627\u0644\u0633\u062f\u0627\u0633\u064a \u0627\u0644\u0627\u0648\u0644 \u0641\u064a \u0645\u0642\u064a\u0627\u0633 \u0627\u062c\u0647\u0632\u0629 \u0627\u0644\u0643\u0631\u0648\u0645\u0627\u062a\u0648\u063a\u0631\u0627\u0641\u064a\u0627 2023 2022 (2)<\/a><\/td><\/tr><tr><td><strong>M\u00e9thodes spectroscopiques<\/strong><\/td><td><\/td><td><\/td><\/tr><\/tbody><\/table><\/figure>\n\n\n\n<p class=\"has-text-align-center\"><strong>Chimie Pharmaceutique<\/strong><\/p>\n\n\n\n<figure class=\"wp-block-table\"><table class=\"has-fixed-layout\"><tbody><tr><td>\u0627\u0644\u0645\u0642\u064a\u0627\u0633<\/td><td>\u0627\u0644\u0639\u0644\u0627\u0645\u0629<\/td><td>\u0627\u0644\u062a\u0635\u062d\u064a\u062d \u0627\u0644\u0646\u0645\u0648\u0630\u062c\u064a<\/td><\/tr><tr><td>Chimie organique et m\u00e9canisme r\u00e9actionnel<\/td><td><a href=\"https:\/\/www.univ-oeb.dz\/fsesnv\/wp-content\/uploads\/2023\/01\/Chimie-Organique-et-Mecanisme-Reactionne-\u0627\u0644\u0641\u0648\u062c-1.xlsx\">Chimie Organique et M\u00e9canisme R\u00e9actionne( \u0627\u0644\u0641\u0648\u062c 1)<\/a><\/td><td><a href=\"https:\/\/www.univ-oeb.dz\/fsesnv\/wp-content\/uploads\/2023\/01\/IMG20230125211156.pdf\">IMG20230125211156<\/a> <br><a href=\"https:\/\/www.univ-oeb.dz\/fsesnv\/wp-content\/uploads\/2023\/01\/IMG20230125211304.pdf\">IMG20230125211304<\/a> <br><a href=\"https:\/\/www.univ-oeb.dz\/fsesnv\/wp-content\/uploads\/2023\/01\/IMG20230125211243.pdf\">IMG20230125211243<\/a><\/td><\/tr><tr><td>Droit pharmaceutique<\/td><td><a href=\"https:\/\/www.univ-oeb.dz\/fsesnv\/wp-content\/uploads\/2023\/02\/Droit-pharmaceutique-et-droit-de-proprie-%D8%A7%D9%84%D9%81%D9%88%D8%AC-1.xlsx\">Droit pharmaceutique et droit de propri\u00e9( \u0627\u0644\u0641\u0648\u062c 1)<\/a><br>AHMANE Rayane elle a eu 18 en droit pharmaceutique<\/td><td><a href=\"https:\/\/www.univ-oeb.dz\/fsesnv\/wp-content\/uploads\/2023\/01\/consultation-master-1-chim-pharm.docx\">consultation master 1 chim pharm<\/a><br><a href=\"https:\/\/www.univ-oeb.dz\/fsesnv\/wp-content\/uploads\/2023\/02\/bareme-et-corrige-type-de-lexamen-de-droit-pharmaceutique-2023.docx\">bar\u00e8me et corrig\u00e9 type de l&rsquo;examen de droit pharmaceutique 2023<\/a><\/td><\/tr><tr><td>Toxicologie \u2013pharmacologie<\/td><td><\/td><td><\/td><\/tr><tr><td>substances naturelles<\/td><td> <a href=\"https:\/\/www.univ-oeb.dz\/fsesnv\/wp-content\/uploads\/2023\/01\/Substances-naturelles-vegetales-pharmaco-\u0627\u0644\u0641\u0648\u062c-1.xlsx\">Substances naturelles v\u00e9g\u00e9tales pharmaco( \u0627\u0644\u0641\u0648\u062c 1)<\/a><br><br><a href=\"https:\/\/www.univ-oeb.dz\/fsesnv\/wp-content\/uploads\/2023\/01\/Consultation-Master1.pdf\">Consultation Master1<\/a><\/td><td><a href=\"https:\/\/www.univ-oeb.dz\/fsesnv\/wp-content\/uploads\/2023\/01\/Corrige-du-controle-de-master-1-2022-2023.pdf\">Corrig\u00e9 du contr\u00f4le de master 1 2022-2023<\/a><br><a href=\"https:\/\/www.univ-oeb.dz\/fsesnv\/wp-content\/uploads\/2023\/01\/Examen-de-master-1-2022-2023.pdf\">Examen de master 1 2022-2023<\/a><\/td><\/tr><tr><td>MCHPH02<\/td><td><a href=\"https:\/\/www.univ-oeb.dz\/fsesnv\/wp-content\/uploads\/2023\/02\/Chimie-analytique-Methodes-electrochimiq-\u0627\u0644\u0641\u0648\u062c-1-1.xlsx\">Chimie analytique M\u00e9thodes electrochimiq( \u0627\u0644\u0641\u0648\u062c 1) (1)<\/a><\/td><td><a href=\"https:\/\/www.univ-oeb.dz\/fsesnv\/wp-content\/uploads\/2023\/02\/MCHPH02-S1-EMD-Corrige-2022-20231.pdf\">MCHPH02 S1 EMD Corrig\u00e9 2022 20231<\/a><\/td><\/tr><tr><td>Connaissance des m\u00e9dicaments<\/td><td> <a href=\"https:\/\/www.univ-oeb.dz\/fsesnv\/wp-content\/uploads\/2023\/02\/Connaissance-du-medicament-\u0627\u0644\u0641\u0648\u062c-1-1.xlsx\">Connaissance du m\u00e9dicament( \u0627\u0644\u0641\u0648\u062c 1) (1)<\/a><br>Date de consultation 05\/02\/2023 &nbsp;&nbsp;11h 30 bloc D<\/td><td><a href=\"https:\/\/www.univ-oeb.dz\/fsesnv\/wp-content\/uploads\/2023\/02\/corrige-type-M1-CHIMIE-PHARM.pdf\">corrig\u00e9 type M1 CHIMIE PHARM<\/a><\/td><\/tr><tr><td>Pharmacie gal\u00e9nique et biopharmacie<\/td><td><a href=\"https:\/\/www.univ-oeb.dz\/fsesnv\/wp-content\/uploads\/2023\/02\/Pharmacie-galenique-et-biopharmcie-\u0627\u0644\u0641\u0648\u062c-1.xlsx\">Pharmacie gal\u00e9nique et biopharmcie ( \u0627\u0644\u0641\u0648\u062c 1)<\/a><br>AHMANE Rayane elle a eu 7,5 dans l\u2019examen et 10,41 en TP.<\/td><td><a href=\"https:\/\/www.univ-oeb.dz\/fsesnv\/wp-content\/uploads\/2023\/01\/consultation-master-1-chim-pharm.docx\">consultation master 1 chim pharm<\/a><br><br><a href=\"https:\/\/www.univ-oeb.dz\/fsesnv\/wp-content\/uploads\/2023\/02\/bareme-et-corrige-type-de-lexamen-pharmacie-galenique-2023.docx\">bar\u00e8me et corrig\u00e9 type de l&rsquo;examen pharmacie gal\u00e9nique 2023<\/a><\/td><\/tr><tr><td>Anglais<\/td><td><a href=\"https:\/\/www.univ-oeb.dz\/fsesnv\/wp-content\/uploads\/2023\/01\/Anglais-I-\u0627\u0644\u0641\u0648\u062c-1-1.xlsx\">Anglais I( \u0627\u0644\u0641\u0648\u062c 1)<\/a><\/td><td><\/td><\/tr><\/tbody><\/table><\/figure>\n\n\n\n<p class=\"has-text-align-center\"><strong>Chimie Des Mat\u00e9riaux<\/strong><\/p>\n\n\n\n<figure class=\"wp-block-table\"><table class=\"has-fixed-layout\"><tbody><tr><td>\u0627\u0644\u0645\u0642\u064a\u0627\u0633<\/td><td>\u0627\u0644\u0639\u0644\u0627\u0645\u0629<\/td><td>\u0627\u0644\u062a\u0635\u062d\u064a\u062d \u0627\u0644\u0646\u0645\u0648\u0630\u062c\u064a<\/td><\/tr><tr><td>Relations universit\u00e9 et le secteur socio-\u00e9conomique<\/td><td><\/td><td><\/td><\/tr><tr><td>Ph\u00e9nom\u00e8nes de transfert<\/td><td><a href=\"https:\/\/www.univ-oeb.dz\/fsesnv\/wp-content\/uploads\/2023\/01\/Phenomenes-de-transfert-M1-chim-mater-\u0627\u0644\u0641\u0648\u062c-1.xlsx\">Ph\u00e9nom\u00e8nes de transfert M1 chim mater( \u0627\u0644\u0641\u0648\u062c 1)<\/a><\/td><td><\/td><\/tr><tr><td>Mat\u00e9riaux<\/td><td><\/td><td><\/td><\/tr><tr><td>Anglais<\/td><td><a href=\"https:\/\/www.univ-oeb.dz\/fsesnv\/wp-content\/uploads\/2023\/01\/Langue-\u0627\u0644\u0641\u0648\u062c-1.xlsx\">Langue( \u0627\u0644\u0641\u0648\u062c 1)<\/a><\/td><td><\/td><\/tr><tr><td>Chimie quantique<\/td><td><\/td><td><\/td><\/tr><tr><td>Programmation informatique<\/td><td><\/td><td><\/td><\/tr><tr><td>Propri\u00e9t\u00e9s physicochimique des mat\u00e9riaux<\/td><td><\/td><td><\/td><\/tr><tr><td>TP Propri\u00e9t\u00e9s physicochimique des mat\u00e9riaux<\/td><td><\/td><td><\/td><\/tr><tr><td>Chimie de coordination<\/td><td><\/td><td><\/td><\/tr><tr><td>Chimie des surfaces<\/td><td><\/td><td><\/td><\/tr><\/tbody><\/table><\/figure>\n\n\n\n<p class=\"has-text-align-center\"><strong>Physique&nbsp; Appliqu\u00e9e<\/strong><\/p>\n\n\n\n<figure class=\"wp-block-table\"><table class=\"has-fixed-layout\"><tbody><tr><td>\u0627\u0644\u0645\u0642\u064a\u0627\u0633<\/td><td>\u0627\u0644\u0639\u0644\u0627\u0645\u0629<\/td><td>\u0627\u0644\u062a\u0635\u062d\u064a\u062d \u0627\u0644\u0646\u0645\u0648\u0630\u062c\u064a<\/td><\/tr><tr><td>Mod\u00e9lisation Num\u00e9rique1<\/td><td><a href=\"https:\/\/www.univ-oeb.dz\/fsesnv\/wp-content\/uploads\/2023\/02\/Modelisation-Numerique.pdf\">Mod\u00e9lisation Num\u00e9rique<\/a><\/td><td><\/td><\/tr><tr><td>Physique des dispositifs \u00e0 semi-conducteur<\/td><td><a href=\"https:\/\/www.univ-oeb.dz\/fsesnv\/wp-content\/uploads\/2023\/01\/pv-note-TD-M1-Phy-App.xls\">pv note TD M1 Phy App<\/a> <br><a href=\"https:\/\/www.univ-oeb.dz\/fsesnv\/wp-content\/uploads\/2023\/01\/Physique-des-Dispositifs-Semi-conducteur-\u0627\u0644\u0641\u0648\u062c-1.xlsx\">Physique des Dispositifs Semi conducteur( \u0627\u0644\u0641\u0648\u062c 1)<\/a><\/td><td><\/td><\/tr><tr><td>Traitement de signal<\/td><td><\/td><td><\/td><\/tr><tr><td>Micro-ondes Hyperfr\u00e9quences<\/td><td><\/td><td><\/td><\/tr><tr><td>Anglais pour la Recherche<\/td><td><a href=\"https:\/\/www.univ-oeb.dz\/fsesnv\/wp-content\/uploads\/2023\/01\/Anglais-La-Recherche-\u0627\u0644\u0641\u0648\u062c-1.xlsx\">Anglais La Recherche( \u0627\u0644\u0641\u0648\u062c 1)<\/a><\/td><td><a href=\"https:\/\/www.univ-oeb.dz\/fsesnv\/wp-content\/uploads\/2023\/01\/La-date-de-la-consultation-AR.pdf\">La date de la consultation AR<\/a><\/td><\/tr><tr><td>Mat\u00e9riaux isolants et haute tension<\/td><td><a href=\"https:\/\/www.univ-oeb.dz\/fsesnv\/wp-content\/uploads\/2023\/01\/Materiaux-Isolants-Et-Haute-Tension-\u0627\u0644\u0641\u0648\u062c-1.xlsx\">Mat\u00e9riaux Isolants Et Haute Tension( \u0627\u0644\u0641\u0648\u062c 1)<\/a><\/td><td><\/td><\/tr><tr><td>Programmation Matlab1<\/td><td><a href=\"https:\/\/www.univ-oeb.dz\/fsesnv\/wp-content\/uploads\/2023\/01\/Programmation-Matlab.pdf\">Programmation Matlab<\/a><br>Etudiante Chaibrassou 17.50<br><br><br><\/td><td><\/td><\/tr><\/tbody><\/table><\/figure>\n\n\n\n<p class=\"has-text-align-center\"><strong>Physique des mat\u00e9riaux<\/strong><\/p>\n\n\n\n<figure class=\"wp-block-table\"><table class=\"has-fixed-layout\"><tbody><tr><td>\u0627\u0644\u0645\u0642\u064a\u0627\u0633<\/td><td>\u0627\u0644\u0639\u0644\u0627\u0645\u0629<\/td><td>\u0627\u0644\u062a\u0635\u062d\u064a\u062d \u0627\u0644\u0646\u0645\u0648\u0630\u062c\u064a<\/td><\/tr><tr><td>Anglais<\/td><td><\/td><td><\/td><\/tr><tr><td>management<\/td><td><\/td><td><\/td><\/tr><tr><td>Interaction rayonnement mati\u00e8re<\/td><td><a href=\"https:\/\/www.univ-oeb.dz\/fsesnv\/wp-content\/uploads\/2023\/02\/Interaction-rayonnement-matiere-\u0627\u0644\u0641\u0648\u062c-1.xls\">Interaction rayonnement mati\u00e8re( \u0627\u0644\u0641\u0648\u062c 1)<\/a><\/td><td><a href=\"https:\/\/www.univ-oeb.dz\/fsesnv\/wp-content\/uploads\/2023\/02\/Corrige-Examen-Interaction-Rayonnement-Matiere-Master-1-Physique-des-Materiaux.pdf\">Corrig\u00e9 Examen Interaction Rayonnement Mati\u00e8re Master 1 Physique des Mat\u00e9riaux<\/a><\/td><\/tr><tr><td>Physique des semi-conducteur<\/td><td><a href=\"https:\/\/www.univ-oeb.dz\/fsesnv\/wp-content\/uploads\/2023\/01\/Physique-des-semi-conducteurs-\u0627\u0644\u0641\u0648\u062c-1.pdf\">Physique des semi-conducteurs ( \u0627\u0644\u0641\u0648\u062c 1)<\/a><br>\u0644\u064a\u0643\u0646 \u0641\u064a \u0639\u0644\u0645 \u0637\u0644\u0628\u0629 \u0645\u0627\u0633\u062a\u0631 1 \u0641\u064a\u0632\u064a\u0627\u0621 \u0627\u0644\u0645\u0648\u0627\u062f \u0623\u0646 \u0645\u0639\u0627\u064a\u0646\u0629 \u0623\u0648\u0631\u0627\u0642 \u0625\u0645\u062a\u062d\u0627\u0646 \u0641\u064a\u0632\u064a\u0627\u0621 \u0627\u0646\u0635\u0627\u0641 \u0627\u0644\u0646\u0648\u0627\u0642\u0644 \u0633\u064a\u0643\u0648\u0646 \u064a\u0648\u0645 \u0627\u0627\u0644\u062e\u0645\u064a\u0633 26 \u062c\u0627\u0646\u0641\u064a 2023 \u0645\u0646 \u0627\u0644\u0633\u0627\u0639\u0629 09 \u0627\u0644\u0649 9h 30 \u0628\u0627\u0644\u0642\u0627\u0639\u0629 D02 .<\/td><td><\/td><\/tr><tr><td>Travaux pratiques<\/td><td><\/td><td><\/td><\/tr><tr><td>transformations de phases<\/td><td><\/td><td><\/td><\/tr><tr><td>Propri\u00e9t\u00e9s Physiques des Mat\u00e9riaux<\/td><td><a href=\"https:\/\/www.univ-oeb.dz\/fsesnv\/wp-content\/uploads\/2023\/02\/Proprietes-Physiques-des-Materiaux-\u0627\u0644\u0641\u0648\u062c-1.xlsx\">Propri\u00e9t\u00e9s Physiques des Mat\u00e9riaux( \u0627\u0644\u0641\u0648\u062c 1)<\/a><\/td><td><\/td><\/tr><tr><td>M\u00e9thodes de simulation<\/td><td><a href=\"https:\/\/www.univ-oeb.dz\/fsesnv\/wp-content\/uploads\/2023\/01\/M1-Methodes-de-simulation.xls\">M1 M\u00e9thodes de simulation<\/a><\/td><td><\/td><\/tr><tr><td>simulation en science des mat\u00e9riaux <\/td><td><a href=\"https:\/\/www.univ-oeb.dz\/fsesnv\/wp-content\/uploads\/2023\/01\/Corrnotes-Simul.pdf\">Corr+notes Simul<\/a><\/td><td><\/td><\/tr><\/tbody><\/table><\/figure>\n\n\n\n<p><\/p>\n","protected":false},"excerpt":{"rendered":"<p>Chimie Analytiques \u0627\u0644\u0645\u0642\u064a\u0627\u0633\u0627\u0644\u0639\u0644\u0627\u0645\u0629\u0627\u0644\u062a\u0635\u062d\u064a\u062d \u0627\u0644\u0646\u0645\u0648\u0630\u062c\u064aM\u00e9thodes de caract\u00e9risation des mat\u00e9riaux IM\u00e9thodes d caract\u00e9risation d mat\u00e9riauxI ( \u0627\u0644\u0641\u0648\u062c 1)\u0645\u0639\u0627\u064a\u0646\u0629 \u0627\u0648\u0631\u0627\u0642 \u0627\u0644\u0627\u0645\u062a\u062d\u0627\u0646 \u064a\u0648\u0645 \u0627\u0644\u0627\u062d\u062f 29 -01-2023 \u0639\u0644\u0649 \u0627\u0644\u0633\u0627\u0639\u0629 \u0627\u0644\u0639\u0627\u0634\u0631\u0629 \u0628\u0627\u0644\u0642\u0627\u0639\u0629&nbsp; D92022 2023\u062d\u0644 \u0627\u0645\u062a\u062d\u0627\u0646 \u0627\u0644\u0633\u062f\u0627\u0633\u064a \u0627\u0644\u0627\u0648\u0644 \u0645\u0642\u064a\u0627\u0633 \u062e\u0648\u0627\u0635 \u0627\u0644\u0645\u0648\u0627\u062f\u0627\u0645\u062a\u062d\u0627\u0646 \u0627\u0644\u0633\u062f\u0627\u0633\u064a \u0627\u0644\u0627\u0648\u0644 \u0641\u064a \u0645\u0642\u064a\u0627\u0633 \u0637\u0631\u0642 \u062a\u062d\u0644\u064a\u0644 \u0627\u0644\u0645\u0648\u0627\u062f 2022 2023 (2)&nbsp;SAE 4 : M\u00e9thodes chromatographiques ICopie de pv note TD M1 Ch &hellip;<\/p>\n","protected":false},"author":1,"featured_media":0,"parent":0,"menu_order":0,"comment_status":"closed","ping_status":"closed","template":"","meta":{"footnotes":""},"class_list":["post-1462","page","type-page","status-publish","hentry"],"_links":{"self":[{"href":"https:\/\/www.univ-oeb.dz\/fsesnv\/wp-json\/wp\/v2\/pages\/1462","targetHints":{"allow":["GET"]}}],"collection":[{"href":"https:\/\/www.univ-oeb.dz\/fsesnv\/wp-json\/wp\/v2\/pages"}],"about":[{"href":"https:\/\/www.univ-oeb.dz\/fsesnv\/wp-json\/wp\/v2\/types\/page"}],"author":[{"embeddable":true,"href":"https:\/\/www.univ-oeb.dz\/fsesnv\/wp-json\/wp\/v2\/users\/1"}],"replies":[{"embeddable":true,"href":"https:\/\/www.univ-oeb.dz\/fsesnv\/wp-json\/wp\/v2\/comments?post=1462"}],"version-history":[{"count":0,"href":"https:\/\/www.univ-oeb.dz\/fsesnv\/wp-json\/wp\/v2\/pages\/1462\/revisions"}],"wp:attachment":[{"href":"https:\/\/www.univ-oeb.dz\/fsesnv\/wp-json\/wp\/v2\/media?parent=1462"}],"curies":[{"name":"wp","href":"https:\/\/api.w.org\/{rel}","templated":true}]}}