{"id":5488,"date":"2023-06-12T12:24:57","date_gmt":"2023-06-12T09:24:57","guid":{"rendered":"http:\/\/www.univ-oeb.dz\/fdsp\/?page_id=5488"},"modified":"2023-06-12T12:26:39","modified_gmt":"2023-06-12T09:26:39","slug":"3eme-annee-organisation-politique-et-administrative","status":"publish","type":"page","link":"https:\/\/www.univ-oeb.dz\/fdsp\/fr\/3eme-annee-organisation-politique-et-administrative\/","title":{"rendered":"3\u00e8me ann\u00e9e &#8211; organisation politique et administrative"},"content":{"rendered":"\n<p>Description du programme:<\/p>\n\n\n\n<p>Les sciences politiques et administratives se concentrent sur l&#8217;\u00e9tude des gouvernements, des nations, de la politique, des \u00c9tats et de leurs politiques socio-\u00e9conomiques, politiques et environnementales. La discipline implique d&#8217;analyser la situation politique d&#8217;un pays, d&#8217;apprendre quels facteurs affectent cette situation et d&#8217;\u00eatre capable de trouver des solutions efficaces \u00e0 tout type de probl\u00e8mes qui en d\u00e9coulent. La discipline vise \u00e9galement \u00e0 guider les politiciens dans leur prise de d\u00e9cision, que ce soit dans les gouvernements locaux ou nationaux, ou dans d&#8217;autres contextes comme les organisations internationales et les ONG.<\/p>\n\n\n\n<p>Les \u00e9tudiants de notre licence en sciences politiques et administratives sont form\u00e9s pour d\u00e9tecter tous les facteurs qui influencent une situation politique sp\u00e9cifique. Le cours de premier cycle leur permet d&#8217; analyser ces facteurs en profondeur et d&#8217;offrir des solutions \u00e0 tout type de probl\u00e8mes connexes. Pendant toute la dur\u00e9e du dipl\u00f4me, ils deviennent des experts en politique et en administration gouvernementale, acqu\u00e9rant les comp\u00e9tences n\u00e9cessaires pour comprendre les caract\u00e9ristiques de toute nation qu&#8217;ils souhaitent \u00e9tudier.<\/p>\n\n\n\n<p>Les \u00e9tudiants qui terminent notre dipl\u00f4me ont des perspectives d&#8217;emploi dans un large \u00e9ventail de domaines. Par exemple, ils peuvent travailler aussi bien dans le secteur public que priv\u00e9 en tant qu&#8217;analystes politiques, conseillers nationaux et internationaux, gestionnaires d&#8217;organisations , chercheurs ou enseignants. Les experts en sciences politiques et administratives sont tr\u00e8s recherch\u00e9s dans de nombreux pays. Ils sont particuli\u00e8rement recherch\u00e9s dans les organisations internationales , les ONG et par les gouvernements \u00e9trangers lors des processus de n\u00e9gociation.<\/p>\n\n\n\n<p>Les experts dans ce domaine apprennent \u00e0 d\u00e9tecter et \u00e0 analyser la r\u00e9alit\u00e9 complexe d&#8217;une situation politique donn\u00e9e, \u00e0 la modifier et \u00e0 l&#8217;am\u00e9liorer. Ils sont indispensables au bon fonctionnement de notre soci\u00e9t\u00e9.<\/p>\n\n\n\n<p>Le programme de formation actuel comprend les mati\u00e8res suivantes qui sont enseign\u00e9es dans les diff\u00e9rentes unit\u00e9s d&#8217;enseignement (fondamentales, m\u00e9thodologiques, exploratoires, horizontales):<\/p>\n\n\n\n<ul class=\"wp-block-list\">\n<li>Th\u00e9ories de l&#8217;organisation et de la gestion<\/li>\n\n\n\n<li>Gestion des ressources humaines<\/li>\n\n\n\n<li>D\u00e9veloppement administratif<\/li>\n\n\n\n<li>comparaison politique<\/li>\n\n\n\n<li>Gestion du d\u00e9veloppement local<\/li>\n\n\n\n<li>Stage de management<\/li>\n\n\n\n<li>R\u00e9daction administrative<\/li>\n\n\n\n<li>R\u00e9forme politique dans la r\u00e9gion arabe<\/li>\n\n\n\n<li>Gestion de la communaut\u00e9 locale<\/li>\n\n\n\n<li>Syst\u00e8me l\u00e9gislatif en Alg\u00e9rie<\/li>\n\n\n\n<li>Libert\u00e9s et droits de l&#8217;homme<\/li>\n\n\n\n<li>Finance publique<\/li>\n\n\n\n<li>politiques \u00c9conomiques en Alg\u00e9rie<\/li>\n\n\n\n<li>Langue anglaise<\/li>\n<\/ul>\n\n\n\n<p>officiel de l&#8217;universit\u00e9&nbsp;: <a href=\"http:\/\/www.univ-oeb.dz\/\">http:\/\/www.univ-oeb.dz\/<\/a><\/p>\n\n\n\n<p>Obtenir plus de d\u00e9tails (email ): Le vice-doyen charg\u00e9 de la p\u00e9dagogie L&#8217; email professionnel du responsable de terrain ou<\/p>\n\n\n\n<p>Dur\u00e9e de l&#8217;unit\u00e9 : 03 ans<\/p>\n","protected":false},"excerpt":{"rendered":"<p>Description du programme: Les sciences politiques et administratives se concentrent sur l&#8217;\u00e9tude des gouvernements, des nations, de la politique, des \u00c9tats et de leurs politiques socio-\u00e9conomiques, politiques et environnementales. La discipline implique d&#8217;analyser la situation politique d&#8217;un pays, d&#8217;apprendre quels facteurs affectent cette situation et d&#8217;\u00eatre capable de trouver des solutions efficaces \u00e0 tout type de probl\u00e8mes qui en d\u00e9coulent. La discipline vise \u00e9galement \u00e0 guider les politiciens dans leur prise de d\u00e9cision, que ce soit dans les gouvernements locaux ou nationaux, ou dans d&#8217;autres contextes comme les organisations internationales et les ONG. Les \u00e9tudiants de notre licence en sciences politiques et administratives sont form\u00e9s pour d\u00e9tecter tous les facteurs qui influencent une situation politique sp\u00e9cifique. Le cours de premier cycle leur permet d&#8217; analyser ces facteurs en profondeur et d&#8217;offrir des solutions \u00e0 tout type de probl\u00e8mes connexes. Pendant toute la dur\u00e9e du dipl\u00f4me, ils deviennent des experts en politique et en administration gouvernementale, acqu\u00e9rant les comp\u00e9tences n\u00e9cessaires pour comprendre les caract\u00e9ristiques de toute nation qu&#8217;ils souhaitent \u00e9tudier. Les \u00e9tudiants qui terminent notre dipl\u00f4me ont des perspectives d&#8217;emploi dans un large \u00e9ventail de domaines. Par exemple, ils peuvent travailler aussi bien dans le secteur public que priv\u00e9 en tant qu&#8217;analystes politiques, conseillers nationaux et internationaux, gestionnaires d&#8217;organisations , chercheurs ou enseignants. Les experts en sciences politiques et administratives sont tr\u00e8s recherch\u00e9s dans de nombreux pays. Ils sont particuli\u00e8rement recherch\u00e9s dans les organisations internationales , les ONG et par les gouvernements \u00e9trangers lors des processus de n\u00e9gociation. Les experts dans ce domaine apprennent \u00e0 d\u00e9tecter et \u00e0 analyser la r\u00e9alit\u00e9 complexe d&#8217;une situation politique donn\u00e9e, \u00e0 la modifier et \u00e0 l&#8217;am\u00e9liorer. Ils sont indispensables au bon fonctionnement de notre soci\u00e9t\u00e9. Le programme de formation actuel comprend les mati\u00e8res suivantes qui sont enseign\u00e9es dans les diff\u00e9rentes unit\u00e9s d&#8217;enseignement (fondamentales, m\u00e9thodologiques, exploratoires, horizontales): Th\u00e9ories de l&#8217;organisation et de la gestion Gestion des ressources humaines D\u00e9veloppement administratif comparaison politique Gestion du d\u00e9veloppement local Stage de management R\u00e9daction administrative R\u00e9forme politique dans la r\u00e9gion arabe Gestion de la communaut\u00e9 locale Syst\u00e8me l\u00e9gislatif en Alg\u00e9rie Libert\u00e9s et droits de l&#8217;homme Finance publique politiques \u00c9conomiques en Alg\u00e9rie Langue anglaise officiel de l&#8217;universit\u00e9&nbsp;: http:\/\/www.univ-oeb.dz\/ Obtenir plus de d\u00e9tails (email ): Le vice-doyen charg\u00e9 de la p\u00e9dagogie L&#8217; email professionnel du responsable de terrain ou Dur\u00e9e de l&#8217;unit\u00e9 : 03 ans<\/p>\n","protected":false},"author":1,"featured_media":0,"parent":0,"menu_order":0,"comment_status":"closed","ping_status":"closed","template":"","meta":{"footnotes":""},"class_list":["post-5488","page","type-page","status-publish","hentry"],"_links":{"self":[{"href":"https:\/\/www.univ-oeb.dz\/fdsp\/wp-json\/wp\/v2\/pages\/5488","targetHints":{"allow":["GET"]}}],"collection":[{"href":"https:\/\/www.univ-oeb.dz\/fdsp\/wp-json\/wp\/v2\/pages"}],"about":[{"href":"https:\/\/www.univ-oeb.dz\/fdsp\/wp-json\/wp\/v2\/types\/page"}],"author":[{"embeddable":true,"href":"https:\/\/www.univ-oeb.dz\/fdsp\/wp-json\/wp\/v2\/users\/1"}],"replies":[{"embeddable":true,"href":"https:\/\/www.univ-oeb.dz\/fdsp\/wp-json\/wp\/v2\/comments?post=5488"}],"version-history":[{"count":1,"href":"https:\/\/www.univ-oeb.dz\/fdsp\/wp-json\/wp\/v2\/pages\/5488\/revisions"}],"predecessor-version":[{"id":5491,"href":"https:\/\/www.univ-oeb.dz\/fdsp\/wp-json\/wp\/v2\/pages\/5488\/revisions\/5491"}],"wp:attachment":[{"href":"https:\/\/www.univ-oeb.dz\/fdsp\/wp-json\/wp\/v2\/media?parent=5488"}],"curies":[{"name":"wp","href":"https:\/\/api.w.org\/{rel}","templated":true}]}}