{"id":10534,"date":"2024-12-30T22:37:01","date_gmt":"2024-12-30T19:37:01","guid":{"rendered":"https:\/\/www.univ-oeb.dz\/fdsp\/?page_id=10534"},"modified":"2024-12-30T22:42:26","modified_gmt":"2024-12-30T19:42:26","slug":"departement-des-sciences-politiques","status":"publish","type":"page","link":"https:\/\/www.univ-oeb.dz\/fdsp\/fr\/departement-des-sciences-politiques\/","title":{"rendered":"D\u00e9partement des sciences politiques"},"content":{"rendered":"\t\t<div data-elementor-type=\"wp-page\" data-elementor-id=\"10534\" class=\"elementor elementor-10534\">\n\t\t\t\t\t\t<section class=\"elementor-section elementor-top-section elementor-element elementor-element-bdb2439 elementor-section-boxed elementor-section-height-default elementor-section-height-default wpr-particle-no wpr-jarallax-no wpr-parallax-no wpr-sticky-section-no\" data-id=\"bdb2439\" data-element_type=\"section\">\n\t\t\t\t\t\t<div class=\"elementor-container elementor-column-gap-default\">\n\t\t\t\t\t<div class=\"elementor-column elementor-col-100 elementor-top-column elementor-element elementor-element-f82bee5\" data-id=\"f82bee5\" data-element_type=\"column\">\n\t\t\t<div class=\"elementor-widget-wrap elementor-element-populated\">\n\t\t\t\t\t\t<div class=\"elementor-element elementor-element-57e8997 elementor-widget elementor-widget-image\" data-id=\"57e8997\" data-element_type=\"widget\" data-widget_type=\"image.default\">\n\t\t\t\t<div class=\"elementor-widget-container\">\n\t\t\t\t\t\t\t\t\t\t\t\t<figure class=\"wp-caption\">\n\t\t\t\t\t\t\t\t\t\t<img decoding=\"async\" width=\"150\" height=\"150\" src=\"https:\/\/www.univ-oeb.dz\/fdsp\/wp-content\/uploads\/2024\/12\/11zon_cropped-1-1-150x150.png\" class=\"attachment-thumbnail size-thumbnail wp-image-10211\" alt=\"\" srcset=\"https:\/\/www.univ-oeb.dz\/fdsp\/wp-content\/uploads\/2024\/12\/11zon_cropped-1-1-150x150.png 150w, https:\/\/www.univ-oeb.dz\/fdsp\/wp-content\/uploads\/2024\/12\/11zon_cropped-1-1-300x300.png 300w, https:\/\/www.univ-oeb.dz\/fdsp\/wp-content\/uploads\/2024\/12\/11zon_cropped-1-1.png 462w\" sizes=\"(max-width: 150px) 100vw, 150px\" \/>\t\t\t\t\t\t\t\t\t\t\t<figcaption class=\"widget-image-caption wp-caption-text\">D\/ Mhazem Abd El Malek<\/figcaption>\n\t\t\t\t\t\t\t\t\t\t<\/figure>\n\t\t\t\t\t\t\t\t\t<\/div>\n\t\t\t\t<\/div>\n\t\t\t\t\t<\/div>\n\t\t<\/div>\n\t\t\t\t\t<\/div>\n\t\t<\/section>\n\t\t\t\t<section class=\"elementor-section elementor-top-section elementor-element elementor-element-e2e5e80 elementor-section-boxed elementor-section-height-default elementor-section-height-default wpr-particle-no wpr-jarallax-no wpr-parallax-no wpr-sticky-section-no\" data-id=\"e2e5e80\" data-element_type=\"section\">\n\t\t\t\t\t\t<div class=\"elementor-container elementor-column-gap-default\">\n\t\t\t\t\t<div class=\"elementor-column elementor-col-100 elementor-top-column elementor-element elementor-element-b597f79\" data-id=\"b597f79\" data-element_type=\"column\">\n\t\t\t<div class=\"elementor-widget-wrap elementor-element-populated\">\n\t\t\t\t\t\t<div class=\"elementor-element elementor-element-8b5a31b elementor-widget elementor-widget-text-editor\" data-id=\"8b5a31b\" data-element_type=\"widget\" data-widget_type=\"text-editor.default\">\n\t\t\t\t<div class=\"elementor-widget-container\">\n\t\t\t\t\t\t\t\t\t<figure class=\"wp-block-table\"><table class=\"has-fixed-layout\"><tbody><tr><td class=\"has-text-align-right\" data-align=\"right\"><strong>T\u00e9l\u00e9phone\/Fax : 032563138<\/strong><\/td><\/tr><tr><td class=\"has-text-align-right\" data-align=\"right\"><strong>Email professionnel : flps.headpsd@univ-oeb.dz<\/strong><\/td><\/tr><\/tbody><\/table><\/figure><p><!-- \/wp:table --><\/p>\t\t\t\t\t\t\t\t<\/div>\n\t\t\t\t<\/div>\n\t\t\t\t\t<\/div>\n\t\t<\/div>\n\t\t\t\t\t<\/div>\n\t\t<\/section>\n\t\t\t\t<section class=\"elementor-section elementor-top-section elementor-element elementor-element-b71f972 elementor-section-boxed elementor-section-height-default elementor-section-height-default wpr-particle-no wpr-jarallax-no wpr-parallax-no wpr-sticky-section-no\" data-id=\"b71f972\" data-element_type=\"section\">\n\t\t\t\t\t\t<div class=\"elementor-container elementor-column-gap-default\">\n\t\t\t\t\t<div class=\"elementor-column elementor-col-100 elementor-top-column elementor-element elementor-element-47e46cb\" data-id=\"47e46cb\" data-element_type=\"column\">\n\t\t\t<div class=\"elementor-widget-wrap elementor-element-populated\">\n\t\t\t\t\t\t<div class=\"elementor-element elementor-element-fac6301 elementor-widget elementor-widget-eael-adv-tabs\" data-id=\"fac6301\" data-element_type=\"widget\" data-widget_type=\"eael-adv-tabs.default\">\n\t\t\t\t<div class=\"elementor-widget-container\">\n\t\t\t\t\t        <div data-scroll-on-click=\"\" data-scroll-speed=\"300\" id=\"eael-advance-tabs-fac6301\" class=\"eael-advance-tabs eael-tabs-vertical eael-tab-auto-active \" data-tabid=\"fac6301\">\n            <div class=\"eael-tabs-nav\">\n                <ul class=\"eael-tab-inline-icon\" role=\"tablist\">\n                                            <li id=\"vice-president-of-department-in-charge-of-pedagogy\" class=\"inactive eael-tab-item-trigger eael-tab-nav-item\" aria-selected=\"true\" data-tab=\"1\" role=\"tab\" tabindex=\"0\" aria-controls=\"vice-president-of-department-in-charge-of-pedagogy-tab\" aria-expanded=\"false\">\n                            \n                                                                <i class=\"fas fa-home\"><\/i>                                                            \n                                                            <span class=\"eael-tab-title title-after-icon\" >Vice President of Department in charge of Pedagogy<\/span>                            \n                                                    <\/li>\n                                            <li id=\"vice-prsident-du-dpartement-charg-de-la-pdagogie\" class=\"inactive eael-tab-item-trigger eael-tab-nav-item\" aria-selected=\"false\" data-tab=\"2\" role=\"tab\" tabindex=\"-1\" aria-controls=\"vice-prsident-du-dpartement-charg-de-la-pdagogie-tab\" aria-expanded=\"false\">\n                            \n                                                                <i class=\"fas fa-home\"><\/i>                                                            \n                                                            <span class=\"eael-tab-title title-after-icon\" >Vice-pr\u00e9sident du d\u00e9partement charg\u00e9 de la p\u00e9dagogie<\/span>                            \n                                                    <\/li>\n                                            <li id=\"liste-des-professeurs\" class=\"inactive eael-tab-item-trigger eael-tab-nav-item\" aria-selected=\"false\" data-tab=\"3\" role=\"tab\" tabindex=\"-1\" aria-controls=\"liste-des-professeurs-tab\" aria-expanded=\"false\">\n                            \n                                                                <i class=\"fas fa-home\"><\/i>                                                            \n                                                            <span class=\"eael-tab-title title-after-icon\" >Liste des professeurs<\/span>                            \n                                                    <\/li>\n                                    <\/ul>\n            <\/div>\n            \n            <div class=\"eael-tabs-content\">\n\t\t        \n                    <div id=\"vice-president-of-department-in-charge-of-pedagogy-tab\" class=\"clearfix eael-tab-content-item inactive\" data-title-link=\"vice-president-of-department-in-charge-of-pedagogy-tab\">\n\t\t\t\t        <h4 class=\"elementor-author-box__name\"><span style=\"color: #800000;\"><strong>Vice President of Department in charge of Pedagogy<\/strong><\/span><\/h4><h4 class=\"elementor-author-box__name\"><span style=\"color: #800000;\"><strong><span style=\"color: #ff6600;\">Dr.Kamal Belasel<\/span><br \/><span style=\"color: #ff6600;\">E-mail professionnel : kamel.belacel@univ-oeb.dz<\/span><\/strong><\/span><\/h4>                    <\/div>\n\t\t        \n                    <div id=\"vice-prsident-du-dpartement-charg-de-la-pdagogie-tab\" class=\"clearfix eael-tab-content-item inactive\" data-title-link=\"vice-prsident-du-dpartement-charg-de-la-pdagogie-tab\">\n\t\t\t\t        <div id=\"content\" class=\"site-content container\"><div id=\"main-content-row\" class=\"tie-row main-content-row\"><div class=\"main-content tie-col-md-12\" role=\"main\"><article id=\"the-post\" class=\"container-wrapper post-content tie-standard\"><div class=\"entry-content entry clearfix\"><div class=\"elementor elementor-10527\" data-elementor-type=\"wp-page\" data-elementor-id=\"10527\"><section class=\"elementor-section elementor-top-section elementor-element elementor-element-d874a78 elementor-section-boxed elementor-section-height-default elementor-section-height-default wpr-particle-no wpr-jarallax-no wpr-parallax-no wpr-sticky-section-no\" data-id=\"d874a78\" data-element_type=\"section\"><div class=\"elementor-container elementor-column-gap-default\"><div class=\"elementor-column elementor-col-100 elementor-top-column elementor-element elementor-element-73fd7cb\" data-id=\"73fd7cb\" data-element_type=\"column\"><div class=\"elementor-widget-wrap elementor-element-populated\"><div class=\"elementor-element elementor-element-f015c17 elementor-widget elementor-widget-eael-adv-tabs\" data-id=\"f015c17\" data-element_type=\"widget\" data-widget_type=\"eael-adv-tabs.default\"><div class=\"elementor-widget-container\"><div id=\"eael-advance-tabs-f015c17\" class=\"eael-advance-tabs eael-tabs-vertical eael-tab-auto-active \" data-scroll-on-click=\"\" data-scroll-speed=\"300\" data-tabid=\"f015c17\"><div class=\"eael-tabs-content\"><div id=\"vice-prsident-du-dpartement-charg-de-la-pdagogie-tab\" class=\"clearfix eael-tab-content-item active\" data-title-link=\"vice-prsident-du-dpartement-charg-de-la-pdagogie-tab\"><p><span style=\"color: #800000;\"><strong>Vice-pr\u00e9sident du d\u00e9partement charg\u00e9 de la p\u00e9dagogie<\/strong><\/span><\/p><\/div><\/div><\/div><\/div><\/div><\/div><\/div><\/div><\/section><\/div><\/div><\/article><\/div><\/div><\/div>                    <\/div>\n\t\t        \n                    <div id=\"liste-des-professeurs-tab\" class=\"clearfix eael-tab-content-item inactive\" data-title-link=\"liste-des-professeurs-tab\">\n\t\t\t\t        <table><thead><tr><th class=\"has-text-align-center\" data-align=\"center\">N\u00b0<\/th><th class=\"has-text-align-center\" data-align=\"center\">Nom et pr\u00e9nom<\/th><th class=\"has-text-align-center\" data-align=\"center\">Degr\u00e9<\/th><\/tr><\/thead><tbody><tr><td class=\"has-text-align-center\" data-align=\"center\">01<\/td><td class=\"has-text-align-center\" data-align=\"center\">\u0645\u0628\u0631\u0648\u0643 \u0633\u0627\u062d\u0644\u064a<\/td><td class=\"has-text-align-center\" data-align=\"center\">\u0623\u0633\u062a\u0627\u0630<\/td><\/tr><tr><td class=\"has-text-align-center\" data-align=\"center\">02<\/td><td class=\"has-text-align-center\" data-align=\"center\">\u0637\u0627\u0631\u0642 \u0631\u062f\u0627\u0641<\/td><td class=\"has-text-align-center\" data-align=\"center\">\u0623\u0633\u062a\u0627\u0630 \u0645\u062d\u0627\u0636\u0631 \u0642\u0633\u0645 \u2013 \u0623-<\/td><\/tr><tr><td class=\"has-text-align-center\" data-align=\"center\">03<\/td><td class=\"has-text-align-center\" data-align=\"center\">\u0639\u0628\u062f \u0627\u0644\u0645\u0627\u0644\u0643 \u0645\u062d\u0632\u0645<\/td><td class=\"has-text-align-center\" data-align=\"center\">\u0623\u0633\u062a\u0627\u0630 \u0645\u062d\u0627\u0636\u0631 \u0642\u0633\u0645 \u2013 \u0623-<\/td><\/tr><tr><td class=\"has-text-align-center\" data-align=\"center\">04<\/td><td class=\"has-text-align-center\" data-align=\"center\">\u00a0\u0627\u062f\u0631\u064a \u0635\u0641\u064a\u0629<\/td><td class=\"has-text-align-center\" data-align=\"center\">\u0623\u0633\u062a\u0627\u0630 \u0645\u062d\u0627\u0636\u0631 \u0642\u0633\u0645 \u2013 \u0623-<\/td><\/tr><tr><td class=\"has-text-align-center\" data-align=\"center\">05<\/td><td class=\"has-text-align-center\" data-align=\"center\">\u00a0\u0642\u0648\u0627\u062f\u0631\u0629 \u062d\u0633\u064a\u0646<\/td><td class=\"has-text-align-center\" data-align=\"center\">\u0623\u0633\u062a\u0627\u0630 \u0645\u062d\u0627\u0636\u0631 \u0642\u0633\u0645 \u2013 \u0623-<\/td><\/tr><tr><td class=\"has-text-align-center\" data-align=\"center\">06<\/td><td class=\"has-text-align-center\" data-align=\"center\">\u062d\u0644\u064a\u0645\u0629 \u0628\u0648\u0645\u0632\u0628\u0631<\/td><td class=\"has-text-align-center\" data-align=\"center\">\u0623\u0633\u062a\u0627\u0630 \u0645\u062d\u0627\u0636\u0631 \u0642\u0633\u0645 \u2013 \u0628-<\/td><\/tr><tr><td class=\"has-text-align-center\" data-align=\"center\">07<\/td><td class=\"has-text-align-center\" data-align=\"center\">\u00a0\u063a\u0631\u0627\u0641 \u0639\u0628\u062f \u0627\u0644\u0631\u0632\u0627\u0642<\/td><td class=\"has-text-align-center\" data-align=\"center\">\u0623\u0633\u062a\u0627\u0630 \u0645\u062d\u0627\u0636\u0631 \u0642\u0633\u0645 \u2013 \u0628-<\/td><\/tr><tr><td class=\"has-text-align-center\" data-align=\"center\">08<\/td><td class=\"has-text-align-center\" data-align=\"center\">\u0643\u0645\u0627\u0644 \u0628\u0644\u0639\u0633\u0644<\/td><td class=\"has-text-align-center\" data-align=\"center\">\u0623\u0633\u062a\u0627\u0630 \u0645\u062d\u0627\u0636\u0631 \u0642\u0633\u0645 \u2013 \u0628-<\/td><\/tr><tr><td class=\"has-text-align-center\" data-align=\"center\">09<\/td><td class=\"has-text-align-center\" data-align=\"center\">\u00a0\u062d\u062c\u064a\u062c \u0622\u0645\u0627\u0644<\/td><td class=\"has-text-align-center\" data-align=\"center\">\u0623\u0633\u062a\u0627\u0630 \u0645\u0633\u0627\u0639\u062f \u0642\u0633\u0645- \u0623-<\/td><\/tr><tr><td class=\"has-text-align-center\" data-align=\"center\">10<\/td><td class=\"has-text-align-center\" data-align=\"center\">\u00a0\u062f\u0631\u064a\u0643\u0634 \u0646\u062c\u064a\u0645<\/td><td class=\"has-text-align-center\" data-align=\"center\">\u0623\u0633\u062a\u0627\u0630 \u0645\u0633\u0627\u0639\u062f \u0642\u0633\u0645- \u0623-<\/td><\/tr><tr><td class=\"has-text-align-center\" data-align=\"center\">10<\/td><td class=\"has-text-align-center\" data-align=\"center\">\u0645\u0631\u064a\u0645 \u062f\u0645\u0627\u063a<\/td><td class=\"has-text-align-center\" data-align=\"center\">\u0623\u0633\u062a\u0627\u0630 \u0645\u0633\u0627\u0639\u062f \u0642\u0633\u0645- \u0623-<\/td><\/tr><tr><td class=\"has-text-align-center\" data-align=\"center\">11<\/td><td class=\"has-text-align-center\" data-align=\"center\">\u00a0\u0645\u0631\u0627\u064a\u0633\u064a \u0623\u0633\u0645\u0627\u0621<\/td><td class=\"has-text-align-center\" data-align=\"center\">\u0623\u0633\u062a\u0627\u0630 \u0645\u0633\u0627\u0639\u062f \u0642\u0633\u0645- \u0623-<\/td><\/tr><\/tbody><\/table>                    <\/div>\n\t\t                    <\/div>\n        <\/div>\n\t\t\t\t<\/div>\n\t\t\t\t<\/div>\n\t\t\t\t\t<\/div>\n\t\t<\/div>\n\t\t\t\t\t<\/div>\n\t\t<\/section>\n\t\t\t\t<\/div>\n\t\t","protected":false},"excerpt":{"rendered":"<p>D\/ Mhazem Abd El Malek T\u00e9l\u00e9phone\/Fax : 032563138Email professionnel : flps.headpsd@univ-oeb.dz Vice President of Department in charge of Pedagogy Vice-pr\u00e9sident du d\u00e9partement charg\u00e9 de la p\u00e9dagogie Liste des professeurs Vice President of Department in charge of PedagogyDr.Kamal BelaselE-mail professionnel : kamel.belacel@univ-oeb.dz Vice-pr\u00e9sident du d\u00e9partement charg\u00e9 de la p\u00e9dagogie N\u00b0Nom et pr\u00e9nomDegr\u00e901\u0645\u0628\u0631\u0648\u0643 \u0633\u0627\u062d\u0644\u064a\u0623\u0633\u062a\u0627\u063002\u0637\u0627\u0631\u0642 \u0631\u062f\u0627\u0641\u0623\u0633\u062a\u0627\u0630 \u0645\u062d\u0627\u0636\u0631 \u0642\u0633\u0645 \u2013 \u0623-03\u0639\u0628\u062f \u0627\u0644\u0645\u0627\u0644\u0643 \u0645\u062d\u0632\u0645\u0623\u0633\u062a\u0627\u0630 \u0645\u062d\u0627\u0636\u0631 \u0642\u0633\u0645 \u2013 \u0623-04\u00a0\u0627\u062f\u0631\u064a \u0635\u0641\u064a\u0629\u0623\u0633\u062a\u0627\u0630 \u0645\u062d\u0627\u0636\u0631 \u0642\u0633\u0645 \u2013 \u0623-05\u00a0\u0642\u0648\u0627\u062f\u0631\u0629 \u062d\u0633\u064a\u0646\u0623\u0633\u062a\u0627\u0630 \u0645\u062d\u0627\u0636\u0631 \u0642\u0633\u0645 \u2013 \u0623-06\u062d\u0644\u064a\u0645\u0629 \u0628\u0648\u0645\u0632\u0628\u0631\u0623\u0633\u062a\u0627\u0630 \u0645\u062d\u0627\u0636\u0631 \u0642\u0633\u0645 \u2013 \u0628-07\u00a0\u063a\u0631\u0627\u0641 \u0639\u0628\u062f \u0627\u0644\u0631\u0632\u0627\u0642\u0623\u0633\u062a\u0627\u0630 \u0645\u062d\u0627\u0636\u0631 \u0642\u0633\u0645 \u2013 \u0628-08\u0643\u0645\u0627\u0644 \u0628\u0644\u0639\u0633\u0644\u0623\u0633\u062a\u0627\u0630 \u0645\u062d\u0627\u0636\u0631 \u0642\u0633\u0645 \u2013 \u0628-09\u00a0\u062d\u062c\u064a\u062c \u0622\u0645\u0627\u0644\u0623\u0633\u062a\u0627\u0630 \u0645\u0633\u0627\u0639\u062f \u0642\u0633\u0645- \u0623-10\u00a0\u062f\u0631\u064a\u0643\u0634 \u0646\u062c\u064a\u0645\u0623\u0633\u062a\u0627\u0630 \u0645\u0633\u0627\u0639\u062f \u0642\u0633\u0645- \u0623-10\u0645\u0631\u064a\u0645 \u062f\u0645\u0627\u063a\u0623\u0633\u062a\u0627\u0630 \u0645\u0633\u0627\u0639\u062f \u0642\u0633\u0645- \u0623-11\u00a0\u0645\u0631\u0627\u064a\u0633\u064a \u0623\u0633\u0645\u0627\u0621\u0623\u0633\u062a\u0627\u0630 \u0645\u0633\u0627\u0639\u062f \u0642\u0633\u0645- \u0623-<\/p>\n","protected":false},"author":1,"featured_media":0,"parent":0,"menu_order":0,"comment_status":"closed","ping_status":"closed","template":"","meta":{"footnotes":""},"class_list":["post-10534","page","type-page","status-publish","hentry"],"_links":{"self":[{"href":"https:\/\/www.univ-oeb.dz\/fdsp\/wp-json\/wp\/v2\/pages\/10534","targetHints":{"allow":["GET"]}}],"collection":[{"href":"https:\/\/www.univ-oeb.dz\/fdsp\/wp-json\/wp\/v2\/pages"}],"about":[{"href":"https:\/\/www.univ-oeb.dz\/fdsp\/wp-json\/wp\/v2\/types\/page"}],"author":[{"embeddable":true,"href":"https:\/\/www.univ-oeb.dz\/fdsp\/wp-json\/wp\/v2\/users\/1"}],"replies":[{"embeddable":true,"href":"https:\/\/www.univ-oeb.dz\/fdsp\/wp-json\/wp\/v2\/comments?post=10534"}],"version-history":[{"count":4,"href":"https:\/\/www.univ-oeb.dz\/fdsp\/wp-json\/wp\/v2\/pages\/10534\/revisions"}],"predecessor-version":[{"id":10538,"href":"https:\/\/www.univ-oeb.dz\/fdsp\/wp-json\/wp\/v2\/pages\/10534\/revisions\/10538"}],"wp:attachment":[{"href":"https:\/\/www.univ-oeb.dz\/fdsp\/wp-json\/wp\/v2\/media?parent=10534"}],"curies":[{"name":"wp","href":"https:\/\/api.w.org\/{rel}","templated":true}]}}