{"id":24,"date":"2023-11-12T14:30:13","date_gmt":"2023-11-12T13:30:13","guid":{"rendered":"http:\/\/www.univ-oeb.dz\/declic\/?page_id=24"},"modified":"2023-11-15T11:52:10","modified_gmt":"2023-11-15T10:52:10","slug":"contact","status":"publish","type":"page","link":"https:\/\/www.univ-oeb.dz\/declic\/contact\/","title":{"rendered":"Contact"},"content":{"rendered":"\n<figure class=\"wp-block-image size-full\"><img loading=\"lazy\" decoding=\"async\" width=\"1024\" height=\"683\" src=\"http:\/\/www.univ-oeb.dz\/declic\/wp-content\/uploads\/2023\/11\/contact.jpg\" alt=\"\" class=\"wp-image-151\" srcset=\"https:\/\/www.univ-oeb.dz\/declic\/wp-content\/uploads\/2023\/11\/contact.jpg 1024w, https:\/\/www.univ-oeb.dz\/declic\/wp-content\/uploads\/2023\/11\/contact-300x200.jpg 300w, https:\/\/www.univ-oeb.dz\/declic\/wp-content\/uploads\/2023\/11\/contact-768x512.jpg 768w\" sizes=\"(max-width: 1024px) 100vw, 1024px\" \/><\/figure>\n\n\n\n<h2 class=\"wp-block-heading has-x-large-font-size\">O\u00f9 sommes-nous ?<\/h2>\n\n\n\n<h2 class=\"wp-block-heading\">D\u00c9CLIC<\/h2>\n\n\n\n<h2 class=\"wp-block-heading\">Laboratoire Didactique, \u00c9nonciation, Corpus, Linguistique, Interaction Culturelle<\/h2>\n\n\n\n<figure class=\"wp-block-image size-large is-resized\"><img loading=\"lazy\" decoding=\"async\" width=\"1024\" height=\"508\" src=\"http:\/\/www.univ-oeb.dz\/declic\/wp-content\/uploads\/2023\/11\/ff-1024x508.png\" alt=\"\" class=\"wp-image-582\" style=\"width:809px;height:auto\" srcset=\"https:\/\/www.univ-oeb.dz\/declic\/wp-content\/uploads\/2023\/11\/ff-1024x508.png 1024w, https:\/\/www.univ-oeb.dz\/declic\/wp-content\/uploads\/2023\/11\/ff-300x149.png 300w, https:\/\/www.univ-oeb.dz\/declic\/wp-content\/uploads\/2023\/11\/ff-768x381.png 768w, https:\/\/www.univ-oeb.dz\/declic\/wp-content\/uploads\/2023\/11\/ff.png 1295w\" sizes=\"(max-width: 1024px) 100vw, 1024px\" \/><\/figure>\n\n\n\n<p class=\"has-medium-font-size\">Courriel : labo_declic @univ-oeb.dz<br>T\u00e9l\u00e9phone Fax: 032.56.34.81<br>T\u00e9l\u00e9phone actif&nbsp;: 032.56.34.81<br>Adresse postale&nbsp;<br>Universit\u00e9 Larbi ben M&rsquo;Hidi, Bloc I, 1 er \u00e9tage, B. P 358, route de Constantine, 04000,<br>Alg\u00e9rie.<\/p>\n","protected":false},"excerpt":{"rendered":"<p>O\u00f9 sommes-nous ? D\u00c9CLIC Laboratoire Didactique, \u00c9nonciation, Corpus, Linguistique, Interaction Culturelle Courriel : labo_declic @univ-oeb.dzT\u00e9l\u00e9phone Fax: 032.56.34.81T\u00e9l\u00e9phone actif&nbsp;: 032.56.34.81Adresse postale&nbsp;Universit\u00e9 Larbi ben M&rsquo;Hidi, Bloc I, 1 er \u00e9tage, B. P 358, route de Constantine, 04000,Alg\u00e9rie.<\/p>\n","protected":false},"author":1,"featured_media":0,"parent":0,"menu_order":0,"comment_status":"closed","ping_status":"closed","template":"","meta":{"footnotes":""},"_links":{"self":[{"href":"https:\/\/www.univ-oeb.dz\/declic\/wp-json\/wp\/v2\/pages\/24"}],"collection":[{"href":"https:\/\/www.univ-oeb.dz\/declic\/wp-json\/wp\/v2\/pages"}],"about":[{"href":"https:\/\/www.univ-oeb.dz\/declic\/wp-json\/wp\/v2\/types\/page"}],"author":[{"embeddable":true,"href":"https:\/\/www.univ-oeb.dz\/declic\/wp-json\/wp\/v2\/users\/1"}],"replies":[{"embeddable":true,"href":"https:\/\/www.univ-oeb.dz\/declic\/wp-json\/wp\/v2\/comments?post=24"}],"version-history":[{"count":23,"href":"https:\/\/www.univ-oeb.dz\/declic\/wp-json\/wp\/v2\/pages\/24\/revisions"}],"predecessor-version":[{"id":583,"href":"https:\/\/www.univ-oeb.dz\/declic\/wp-json\/wp\/v2\/pages\/24\/revisions\/583"}],"wp:attachment":[{"href":"https:\/\/www.univ-oeb.dz\/declic\/wp-json\/wp\/v2\/media?parent=24"}],"curies":[{"name":"wp","href":"https:\/\/api.w.org\/{rel}","templated":true}]}}