{"id":119,"date":"2023-11-13T13:37:45","date_gmt":"2023-11-13T12:37:45","guid":{"rendered":"http:\/\/www.univ-oeb.dz\/declic\/?page_id=119"},"modified":"2023-11-13T13:54:15","modified_gmt":"2023-11-13T12:54:15","slug":"la-directrice","status":"publish","type":"page","link":"https:\/\/www.univ-oeb.dz\/declic\/la-directrice\/","title":{"rendered":"La Directrice"},"content":{"rendered":"\n<figure data-wp-context=\"{ &quot;core&quot;:\n\t\t\t\t{ &quot;image&quot;:\n\t\t\t\t\t{   &quot;imageLoaded&quot;: false,\n\t\t\t\t\t\t&quot;initialized&quot;: false,\n\t\t\t\t\t\t&quot;lightboxEnabled&quot;: false,\n\t\t\t\t\t\t&quot;hideAnimationEnabled&quot;: false,\n\t\t\t\t\t\t&quot;preloadInitialized&quot;: false,\n\t\t\t\t\t\t&quot;lightboxAnimation&quot;: &quot;zoom&quot;,\n\t\t\t\t\t\t&quot;imageUploadedSrc&quot;: &quot;https:\/\/www.univ-oeb.dz\/declic\/wp-content\/uploads\/2023\/11\/Directrice-du-labo-1.jpg&quot;,\n\t\t\t\t\t\t&quot;imageCurrentSrc&quot;: &quot;&quot;,\n\t\t\t\t\t\t&quot;targetWidth&quot;: &quot;2199&quot;,\n\t\t\t\t\t\t&quot;targetHeight&quot;: &quot;1460&quot;,\n\t\t\t\t\t\t&quot;scaleAttr&quot;: &quot;&quot;,\n\t\t\t\t\t\t&quot;dialogLabel&quot;: &quot;Image agrandie&quot;\n\t\t\t\t\t}\n\t\t\t\t}\n\t\t\t}\" data-wp-interactive class=\"wp-block-image size-large wp-lightbox-container\"><img loading=\"lazy\" decoding=\"async\" width=\"1024\" height=\"680\" data-wp-effect--setStylesOnResize=\"effects.core.image.setStylesOnResize\" data-wp-effect=\"effects.core.image.setButtonStyles\" data-wp-init=\"effects.core.image.initOriginImage\" data-wp-on--click=\"actions.core.image.showLightbox\" data-wp-on--load=\"actions.core.image.handleLoad\" src=\"http:\/\/www.univ-oeb.dz\/declic\/wp-content\/uploads\/2023\/11\/Directrice-du-labo-1-1024x680.jpg\" alt=\"Cursus universitaire \nDre BENTOUNSI Ikram Aya\n\" class=\"wp-image-137\" srcset=\"https:\/\/www.univ-oeb.dz\/declic\/wp-content\/uploads\/2023\/11\/Directrice-du-labo-1-1024x680.jpg 1024w, https:\/\/www.univ-oeb.dz\/declic\/wp-content\/uploads\/2023\/11\/Directrice-du-labo-1-300x199.jpg 300w, https:\/\/www.univ-oeb.dz\/declic\/wp-content\/uploads\/2023\/11\/Directrice-du-labo-1-768x510.jpg 768w, https:\/\/www.univ-oeb.dz\/declic\/wp-content\/uploads\/2023\/11\/Directrice-du-labo-1-1536x1020.jpg 1536w, https:\/\/www.univ-oeb.dz\/declic\/wp-content\/uploads\/2023\/11\/Directrice-du-labo-1-2048x1360.jpg 2048w\" sizes=\"(max-width: 1024px) 100vw, 1024px\" \/><button\n\t\t\tclass=\"lightbox-trigger\"\n\t\t\ttype=\"button\"\n\t\t\taria-haspopup=\"dialog\"\n\t\t\taria-label=\"Agrandir l\u2019image\u00a0: Cursus universitaire \nDre BENTOUNSI Ikram Aya\"\n\t\t\tdata-wp-on--click=\"actions.core.image.showLightbox\"\n\t\t\tdata-wp-style--right=\"context.core.image.imageButtonRight\"\n\t\t\tdata-wp-style--top=\"context.core.image.imageButtonTop\"\n\t\t>\n\t\t\t<svg xmlns=\"http:\/\/www.w3.org\/2000\/svg\" width=\"12\" height=\"12\" fill=\"none\" viewBox=\"0 0 12 12\">\n\t\t\t\t<path fill=\"#fff\" d=\"M2 0a2 2 0 0 0-2 2v2h1.5V2a.5.5 0 0 1 .5-.5h2V0H2Zm2 10.5H2a.5.5 0 0 1-.5-.5V8H0v2a2 2 0 0 0 2 2h2v-1.5ZM8 12v-1.5h2a.5.5 0 0 0 .5-.5V8H12v2a2 2 0 0 1-2 2H8Zm2-12a2 2 0 0 1 2 2v2h-1.5V2a.5.5 0 0 0-.5-.5H8V0h2Z\" \/>\n\t\t\t<\/svg>\n\t\t<\/button>        <div data-wp-body=\"\" class=\"wp-lightbox-overlay zoom\"\n            data-wp-bind--role=\"selectors.core.image.roleAttribute\"\n            data-wp-bind--aria-label=\"selectors.core.image.dialogLabel\"\n            data-wp-class--initialized=\"context.core.image.initialized\"\n            data-wp-class--active=\"context.core.image.lightboxEnabled\"\n            data-wp-class--hideAnimationEnabled=\"context.core.image.hideAnimationEnabled\"\n            data-wp-bind--aria-modal=\"selectors.core.image.ariaModal\"\n            data-wp-effect=\"effects.core.image.initLightbox\"\n            data-wp-on--keydown=\"actions.core.image.handleKeydown\"\n            data-wp-on--touchstart=\"actions.core.image.handleTouchStart\"\n            data-wp-on--touchmove=\"actions.core.image.handleTouchMove\"\n            data-wp-on--touchend=\"actions.core.image.handleTouchEnd\"\n            data-wp-on--click=\"actions.core.image.hideLightbox\"\n            tabindex=\"-1\"\n            >\n                <button type=\"button\" aria-label=\"Fermer\" style=\"fill: #000\" class=\"close-button\" data-wp-on--click=\"actions.core.image.hideLightbox\">\n                    <svg xmlns=\"http:\/\/www.w3.org\/2000\/svg\" viewBox=\"0 0 24 24\" width=\"20\" height=\"20\" aria-hidden=\"true\" focusable=\"false\"><path d=\"M13 11.8l6.1-6.3-1-1-6.1 6.2-6.1-6.2-1 1 6.1 6.3-6.5 6.7 1 1 6.5-6.6 6.5 6.6 1-1z\"><\/path><\/svg>\n                <\/button>\n                <div class=\"lightbox-image-container\">\n<figure class=\"wp-block-image size-large responsive-image\"><img decoding=\"async\" data-wp-bind--src=\"context.core.image.imageCurrentSrc\" data-wp-style--object-fit=\"selectors.core.image.lightboxObjectFit\" src=\"\" alt=\"Cursus universitaire \nDre BENTOUNSI Ikram Aya\n\" class=\"wp-image-137\"\/><\/figure>\n<\/div>\n                <div class=\"lightbox-image-container\">\n<figure class=\"wp-block-image size-large enlarged-image\"><img decoding=\"async\" data-wp-bind--src=\"selectors.core.image.enlargedImgSrc\" data-wp-style--object-fit=\"selectors.core.image.lightboxObjectFit\" src=\"\" alt=\"Cursus universitaire \nDre BENTOUNSI Ikram Aya\n\" class=\"wp-image-137\"\/><\/figure>\n<\/div>\n                <div class=\"scrim\" style=\"background-color: #fff\" aria-hidden=\"true\"><\/div>\n        <\/div><\/figure>\n\n\n\n<h2 class=\"wp-block-heading has-small-font-size\">Dre BENTOUNSI Ikram Aya<\/h2>\n\n\n\n<div style=\"height:100px\" aria-hidden=\"true\" class=\"wp-block-spacer\"><\/div>\n\n\n\n<h2 class=\"wp-block-heading has-text-align-center\">Cursus universitaire<\/h2>\n\n\n\n<div class=\"wp-block-cp-timeline-content-timeline Cool-Content-Timeline\"><div class=\"cool-timeline-block-b25910cd-2b43-4e82-9a4e-290868ec0d5e\"><style>.cool-timeline-block-b25910cd-2b43-4e82-9a4e-290868ec0d5e .cool-vertical-timeline-body .story-time p{color: #333;}.cool-timeline-block-b25910cd-2b43-4e82-9a4e-290868ec0d5e .cool-vertical-timeline-body::before{background: linear-gradient(to bottom, rgba(230, 230, 230, 0) 0%, #D91B3E 10%, #D91B3E 90%, rgba(230, 230, 230, 0) 100%);}.cool-timeline-block-b25910cd-2b43-4e82-9a4e-290868ec0d5e .cool-vertical-timeline-body .timeline-content::before{background: #D91B3E;}.cool-timeline-block-b25910cd-2b43-4e82-9a4e-290868ec0d5e .cool-vertical-timeline-body.left .story-details::after{background: #D91B3E;}.cool-timeline-block-b25910cd-2b43-4e82-9a4e-290868ec0d5e .cool-vertical-timeline-body.right .story-time::after{background: #D91B3E;}.cool-timeline-block-b25910cd-2b43-4e82-9a4e-290868ec0d5e .cool-vertical-timeline-body .timeline-content.icon-true .timeline-block-icon{background: #D91B3E;}.cool-timeline-block-b25910cd-2b43-4e82-9a4e-290868ec0d5e .cool-vertical-timeline-body .timeline-content.icon-false .timeline-block-icon{background: transparent;}.cool-timeline-block-b25910cd-2b43-4e82-9a4e-290868ec0d5e .cool-vertical-timeline-body .timeline-content.icon-false .timeline-block-icon svg{fill: #D91B3E;}.cool-timeline-block-b25910cd-2b43-4e82-9a4e-290868ec0d5e .cool-vertical-timeline-body.both-sided .timeline-content .position-right .story-details::before{border-right-color: #D91B3E !important;}.cool-timeline-block-b25910cd-2b43-4e82-9a4e-290868ec0d5e .cool-vertical-timeline-body.both-sided .timeline-content .position-left  .story-details::before{border-left-color: #D91B3E;}.cool-timeline-block-b25910cd-2b43-4e82-9a4e-290868ec0d5e .cool-vertical-timeline-body.one-sided.left .timeline-content  .story-details::before{border-right-color: #D91B3E;}.cool-timeline-block-b25910cd-2b43-4e82-9a4e-290868ec0d5e .cool-vertical-timeline-body.one-sided.right .timeline-content  .story-details::before{border-left-color: #D91B3E;}.cool-timeline-block-b25910cd-2b43-4e82-9a4e-290868ec0d5e .cool-vertical-timeline-body .timeline-content  .story-details{border-color: #D91B3E !important;}.cool-timeline-block-b25910cd-2b43-4e82-9a4e-290868ec0d5e .cool-vertical-timeline-body .timeline-content  .timeline-block-icon{border-color: #D91B3EFF !important;}.cool-timeline-block-b25910cd-2b43-4e82-9a4e-290868ec0d5e .icon-true .timeline-block-icon span.timeline-block-render-icon svg{fill: white;}<\/style><div class=\"cool-vertical-timeline-body both-sided left\"><div class=\"cool-timeline-block-list\">\n<div class=\"wp-block-cp-timeline-content-timeline-child swiper-slide\"><div class=\"timeline-content icon-false \"><div class=\"timeline-block-timeline ctl-row  position-right\"><div class=\"ctl-6 timeline-block-time\"><div class=\"story-time\"><p>D\u00e9cembre 2019<\/p><\/div><\/div><div class=\"timeline-block-icon\"><svg stroke=\"currentColor\" fill=\"currentColor\" stroke-width=\"0\" viewBox=\"0 0 512 512\" height=\"1em\" width=\"1em\" xmlns=\"http:\/\/www.w3.org\/2000\/svg\"><path d=\"M256 8C119 8 8 119 8 256s111 248 248 248 248-111 248-248S393 8 256 8z\"><\/path><\/svg><\/div><div class=\"ctl-6 timeline-block-detail\"><div class=\"story-details\"><div class=\"story-content\"><h3 class=\"timeline-block_title\">Habilitation Universitaire<\/h3><div class=\"timeline-block_desc\"><p>Universit\u00e9 Mohamed KHIDER, Biskra, Alg\u00e9rie<\/p><\/div><\/div><\/div><\/div><\/div><\/div><\/div>\n\n\n\n<div class=\"wp-block-cp-timeline-content-timeline-child swiper-slide\"><div class=\"timeline-content icon-false \"><div class=\"timeline-block-timeline ctl-row  position-left\"><div class=\"ctl-6 timeline-block-time\"><div class=\"story-time\"><p>Mars 2016<\/p><\/div><\/div><div class=\"timeline-block-icon\"><svg stroke=\"currentColor\" fill=\"currentColor\" stroke-width=\"0\" viewBox=\"0 0 512 512\" height=\"1em\" width=\"1em\" xmlns=\"http:\/\/www.w3.org\/2000\/svg\"><path d=\"M256 8C119 8 8 119 8 256s111 248 248 248 248-111 248-248S393 8 256 8z\"><\/path><\/svg><\/div><div class=\"ctl-6 timeline-block-detail\"><div class=\"story-details\"><div class=\"story-content\"><h3 class=\"timeline-block_title\">Doctorat en Sciences du Langage<\/h3><div class=\"timeline-block_desc\"><p>Universit\u00e9 Fr\u00e8res Mentouri Constantine 1, Alg\u00e9rie<\/p><\/div><\/div><\/div><\/div><\/div><\/div><\/div>\n\n\n\n<div class=\"wp-block-cp-timeline-content-timeline-child swiper-slide\"><div class=\"timeline-content icon-false \"><div class=\"timeline-block-timeline ctl-row  position-right\"><div class=\"ctl-6 timeline-block-time\"><div class=\"story-time\"><p>Juin 2011<\/p><\/div><\/div><div class=\"timeline-block-icon\"><svg stroke=\"currentColor\" fill=\"currentColor\" stroke-width=\"0\" viewBox=\"0 0 512 512\" height=\"1em\" width=\"1em\" xmlns=\"http:\/\/www.w3.org\/2000\/svg\"><path d=\"M256 8C119 8 8 119 8 256s111 248 248 248 248-111 248-248S393 8 256 8z\"><\/path><\/svg><\/div><div class=\"ctl-6 timeline-block-detail\"><div class=\"story-details\"><div class=\"story-content\"><h3 class=\"timeline-block_title\">Master en Sciences du Langage<\/h3><div class=\"timeline-block_desc\"><p>Universit\u00e9 Fr\u00e8res Mentouri Constantine 1, Alg\u00e9rie<\/p><\/div><\/div><\/div><\/div><\/div><\/div><\/div>\n\n\n\n<div class=\"wp-block-cp-timeline-content-timeline-child swiper-slide\"><div class=\"timeline-content icon-false \"><div class=\"timeline-block-timeline ctl-row  position-left\"><div class=\"ctl-6 timeline-block-time\"><div class=\"story-time\"><p>Juin 2009<\/p><\/div><\/div><div class=\"timeline-block-icon\"><svg stroke=\"currentColor\" fill=\"currentColor\" stroke-width=\"0\" viewBox=\"0 0 512 512\" height=\"1em\" width=\"1em\" xmlns=\"http:\/\/www.w3.org\/2000\/svg\"><path d=\"M256 8C119 8 8 119 8 256s111 248 248 248 248-111 248-248S393 8 256 8z\"><\/path><\/svg><\/div><div class=\"ctl-6 timeline-block-detail\"><div class=\"story-details\"><div class=\"story-content\"><h3 class=\"timeline-block_title\">Licence en Langue et Litt\u00e9rature Fran\u00e7aises<\/h3><div class=\"timeline-block_desc\"><p>Universit\u00e9 Fr\u00e8res Mentouri Constantine 1, Alg\u00e9rie<br><\/p><\/div><\/div><\/div><\/div><\/div><\/div><\/div>\n\n\n\n<div class=\"wp-block-cp-timeline-content-timeline-child swiper-slide\"><div class=\"timeline-content icon-false \"><div class=\"timeline-block-timeline ctl-row  position-right\"><div class=\"ctl-6 timeline-block-time\"><div class=\"story-time\"><p>Juillet 2005<\/p><\/div><\/div><div class=\"timeline-block-icon\"><svg stroke=\"currentColor\" fill=\"currentColor\" stroke-width=\"0\" viewBox=\"0 0 512 512\" height=\"1em\" width=\"1em\" xmlns=\"http:\/\/www.w3.org\/2000\/svg\"><path d=\"M256 8C119 8 8 119 8 256s111 248 248 248 248-111 248-248S393 8 256 8z\"><\/path><\/svg><\/div><div class=\"ctl-6 timeline-block-detail\"><div class=\"story-details\"><div class=\"story-content\"><h3 class=\"timeline-block_title\">Baccalaur\u00e9at en Sciences de la nature et de la vie<\/h3><div class=\"timeline-block_desc\"><p><\/p><\/div><\/div><\/div><\/div><\/div><\/div><\/div>\n<\/div><\/div><\/div><\/div>\n","protected":false},"excerpt":{"rendered":"<p>Dre BENTOUNSI Ikram Aya Cursus universitaire D\u00e9cembre 2019Habilitation UniversitaireUniversit\u00e9 Mohamed KHIDER, Biskra, Alg\u00e9rie Mars 2016Doctorat en Sciences du LangageUniversit\u00e9 Fr\u00e8res Mentouri Constantine 1, Alg\u00e9rie Juin 2011Master en Sciences du LangageUniversit\u00e9 Fr\u00e8res Mentouri Constantine 1, Alg\u00e9rie Juin 2009Licence en Langue et Litt\u00e9rature Fran\u00e7aisesUniversit\u00e9 Fr\u00e8res Mentouri Constantine 1, Alg\u00e9rie Juillet 2005Baccalaur\u00e9at en Sciences de la nature et &hellip;<\/p>\n","protected":false},"author":1,"featured_media":0,"parent":0,"menu_order":0,"comment_status":"closed","ping_status":"closed","template":"","meta":{"footnotes":""},"_links":{"self":[{"href":"https:\/\/www.univ-oeb.dz\/declic\/wp-json\/wp\/v2\/pages\/119"}],"collection":[{"href":"https:\/\/www.univ-oeb.dz\/declic\/wp-json\/wp\/v2\/pages"}],"about":[{"href":"https:\/\/www.univ-oeb.dz\/declic\/wp-json\/wp\/v2\/types\/page"}],"author":[{"embeddable":true,"href":"https:\/\/www.univ-oeb.dz\/declic\/wp-json\/wp\/v2\/users\/1"}],"replies":[{"embeddable":true,"href":"https:\/\/www.univ-oeb.dz\/declic\/wp-json\/wp\/v2\/comments?post=119"}],"version-history":[{"count":22,"href":"https:\/\/www.univ-oeb.dz\/declic\/wp-json\/wp\/v2\/pages\/119\/revisions"}],"predecessor-version":[{"id":589,"href":"https:\/\/www.univ-oeb.dz\/declic\/wp-json\/wp\/v2\/pages\/119\/revisions\/589"}],"wp:attachment":[{"href":"https:\/\/www.univ-oeb.dz\/declic\/wp-json\/wp\/v2\/media?parent=119"}],"curies":[{"name":"wp","href":"https:\/\/api.w.org\/{rel}","templated":true}]}}