{"id":3603,"date":"2023-06-10T14:17:23","date_gmt":"2023-06-10T12:17:23","guid":{"rendered":"http:\/\/www.univ-oeb.dz\/dacs\/?page_id=3603"},"modified":"2023-06-11T16:03:17","modified_gmt":"2023-06-11T14:03:17","slug":"accueil","status":"publish","type":"page","link":"https:\/\/www.univ-oeb.dz\/dacs\/accueil\/","title":{"rendered":"Accueil"},"content":{"rendered":"\t\t<div class=\"elementor elementor-3603\">\n\t\t\t<div class=\"elementor-inner\">\n\t\t\t\t<div class=\"elementor-section-wrap\">\n\t\t\t\t\t\t\t<section data-id=\"191ce2f\" class=\"elementor-element elementor-element-191ce2f elementor-section-full_width elementor-section-height-default elementor-section-height-default elementor-section elementor-top-section\" data-settings=\"{&quot;background_background&quot;:&quot;classic&quot;}\" data-element_type=\"section\">\n\t\t\t\t\t\t<div class=\"elementor-container elementor-column-gap-default\">\n\t\t\t\t<div class=\"elementor-row\">\n\t\t\t\t<div data-id=\"6235f1d\" class=\"elementor-element elementor-element-6235f1d elementor-column elementor-col-100 elementor-top-column\" data-element_type=\"column\">\n\t\t\t<div class=\"elementor-column-wrap\">\n\t\t\t\t\t<div class=\"elementor-widget-wrap\">\n\t\t\t\t\t\t<\/div>\n\t\t\t<\/div>\n\t\t<\/div>\n\t\t\t\t\t\t<\/div>\n\t\t\t<\/div>\n\t\t<\/section>\n\t\t\t\t<section data-id=\"83666d9\" class=\"elementor-element elementor-element-83666d9 elementor-section-stretched elementor-section-boxed elementor-section-height-default elementor-section-height-default elementor-section elementor-top-section\" data-settings=\"{&quot;stretch_section&quot;:&quot;section-stretched&quot;}\" data-element_type=\"section\">\n\t\t\t\t\t\t<div class=\"elementor-container elementor-column-gap-default\">\n\t\t\t\t<div class=\"elementor-row\">\n\t\t\t\t<div data-id=\"2a9d30f\" class=\"elementor-element elementor-element-2a9d30f elementor-column elementor-col-100 elementor-top-column\" data-element_type=\"column\">\n\t\t\t<div class=\"elementor-column-wrap elementor-element-populated\">\n\t\t\t\t\t<div class=\"elementor-widget-wrap\">\n\t\t\t\t<div data-id=\"a6146c1\" class=\"elementor-element elementor-element-a6146c1 animated bounceInRight animated-slow elementor-invisible elementor-widget elementor-widget-heading\" data-settings=\"{&quot;_animation&quot;:&quot;bounceInRight&quot;}\" data-element_type=\"heading.default\">\n\t\t\t\t<div class=\"elementor-widget-container\">\n\t\t\t<h1 class=\"elementor-heading-title elementor-size-default\">Annonces<\/h1>\t\t<\/div>\n\t\t\t\t<\/div>\n\t\t\t\t\t\t<\/div>\n\t\t\t<\/div>\n\t\t<\/div>\n\t\t\t\t\t\t<\/div>\n\t\t\t<\/div>\n\t\t<\/section>\n\t\t\t\t<section data-id=\"9f608b6\" class=\"elementor-element elementor-element-9f608b6 elementor-section-full_width elementor-section-height-default elementor-section-height-default elementor-section elementor-top-section\" data-element_type=\"section\">\n\t\t\t\t\t\t<div class=\"elementor-container elementor-column-gap-default\">\n\t\t\t\t<div class=\"elementor-row\">\n\t\t\t\t<div data-id=\"6743db8\" class=\"elementor-element elementor-element-6743db8 elementor-column elementor-col-100 elementor-top-column\" data-element_type=\"column\">\n\t\t\t<div class=\"elementor-column-wrap elementor-element-populated\">\n\t\t\t\t\t<div class=\"elementor-widget-wrap\">\n\t\t\t\t<div data-id=\"38d0228\" class=\"elementor-element elementor-element-38d0228 elementor-widget elementor-widget-eael-post-grid\" data-element_type=\"eael-post-grid.default\">\n\t\t\t\t<div class=\"elementor-widget-container\">\n\t\t\t\t\t<div id=\"eael-post-grid-38d0228\" class=\"eael-post-grid-container eael-col-4\">\n\t\t    <div class=\"eael-post-grid eael-post-appender-38d0228\">\n\t\t\t\n\n    <article class=\"eael-grid-post eael-post-grid-column\">\n        <div class=\"eael-grid-post-holder\">\n            <div class=\"eael-grid-post-holder-inner\">\n                                <div class=\"eael-entry-medianone\">\n\n                                        <div class=\"eael-entry-overlay slide-up\">\n                                                    <i class=\"fa fa-hand-pointer-o\" aria-hidden=\"true\"><\/i>\n                                                <a href=\"https:\/\/www.univ-oeb.dz\/dacs\/aid-el-fitr-2\/\"><\/a>\n                    <\/div>\n                    \n                                            <div class=\"eael-entry-thumbnail\">\n                            <img decoding=\"async\" src=\"https:\/\/www.univ-oeb.dz\/dacs\/wp-content\/uploads\/2023\/06\/342517054_247104907773019_2132665651520489974_n-788x1024.jpg\">\n                        <\/div>\n                    \n                <\/div>\n                \n                                <div class=\"eael-entry-wrapper\">\n                    <header class=\"eael-entry-header\">\n                                                <h2 class=\"eael-entry-title\"><a class=\"eael-grid-post-link\" href=\"https:\/\/www.univ-oeb.dz\/dacs\/aid-el-fitr-2\/\" title=\"A\u00efd el-Fitr\">A\u00efd el-Fitr<\/a><\/h2>\n                        \n                                            <\/header>\n\n                                    <\/div>\n\n                            <\/div>\n            \n        <\/div>\n    <\/article>\n\n\n\n\n    <article class=\"eael-grid-post eael-post-grid-column\">\n        <div class=\"eael-grid-post-holder\">\n            <div class=\"eael-grid-post-holder-inner\">\n                                <div class=\"eael-entry-medianone\">\n\n                                        <div class=\"eael-entry-overlay slide-up\">\n                                                    <i class=\"fa fa-hand-pointer-o\" aria-hidden=\"true\"><\/i>\n                                                <a href=\"https:\/\/www.univ-oeb.dz\/dacs\/aid-el-fitr\/\"><\/a>\n                    <\/div>\n                    \n                                            <div class=\"eael-entry-thumbnail\">\n                            <img decoding=\"async\" src=\"https:\/\/www.univ-oeb.dz\/dacs\/wp-content\/uploads\/2023\/06\/342517054_247104907773019_2132665651520489974_n-788x1024.jpg\">\n                        <\/div>\n                    \n                <\/div>\n                \n                                <div class=\"eael-entry-wrapper\">\n                    <header class=\"eael-entry-header\">\n                                                <h2 class=\"eael-entry-title\"><a class=\"eael-grid-post-link\" href=\"https:\/\/www.univ-oeb.dz\/dacs\/aid-el-fitr\/\" title=\"A\u00efd el-Fitr\">A\u00efd el-Fitr<\/a><\/h2>\n                        \n                                            <\/header>\n\n                                    <\/div>\n\n                            <\/div>\n            \n        <\/div>\n    <\/article>\n\n\n\n\n    <article class=\"eael-grid-post eael-post-grid-column\">\n        <div class=\"eael-grid-post-holder\">\n            <div class=\"eael-grid-post-holder-inner\">\n                                <div class=\"eael-entry-medianone\">\n\n                                        <div class=\"eael-entry-overlay slide-up\">\n                                                    <i class=\"fa fa-hand-pointer-o\" aria-hidden=\"true\"><\/i>\n                                                <a href=\"https:\/\/www.univ-oeb.dz\/dacs\/national-student-author-competition\/\"><\/a>\n                    <\/div>\n                    \n                                            <div class=\"eael-entry-thumbnail\">\n                            <img decoding=\"async\" src=\"https:\/\/www.univ-oeb.dz\/dacs\/wp-content\/uploads\/2023\/06\/345915993_1080900796632539_1668688143130607818_n-724x1024.jpg\">\n                        <\/div>\n                    \n                <\/div>\n                \n                                <div class=\"eael-entry-wrapper\">\n                    <header class=\"eael-entry-header\">\n                                                <h2 class=\"eael-entry-title\"><a class=\"eael-grid-post-link\" href=\"https:\/\/www.univ-oeb.dz\/dacs\/national-student-author-competition\/\" title=\"National Student author competition\">National Student author competition<\/a><\/h2>\n                        \n                                            <\/header>\n\n                                    <\/div>\n\n                            <\/div>\n            \n        <\/div>\n    <\/article>\n\n\n\n\n    <article class=\"eael-grid-post eael-post-grid-column\">\n        <div class=\"eael-grid-post-holder\">\n            <div class=\"eael-grid-post-holder-inner\">\n                                <div class=\"eael-entry-medianone\">\n\n                                        <div class=\"eael-entry-overlay slide-up\">\n                                                    <i class=\"fa fa-hand-pointer-o\" aria-hidden=\"true\"><\/i>\n                                                <a href=\"https:\/\/www.univ-oeb.dz\/dacs\/concours-national-dauteurs-etudiants\/\"><\/a>\n                    <\/div>\n                    \n                                            <div class=\"eael-entry-thumbnail\">\n                            <img decoding=\"async\" src=\"https:\/\/www.univ-oeb.dz\/dacs\/wp-content\/uploads\/2023\/06\/345915993_1080900796632539_1668688143130607818_n-724x1024.jpg\">\n                        <\/div>\n                    \n                <\/div>\n                \n                                <div class=\"eael-entry-wrapper\">\n                    <header class=\"eael-entry-header\">\n                                                <h2 class=\"eael-entry-title\"><a class=\"eael-grid-post-link\" href=\"https:\/\/www.univ-oeb.dz\/dacs\/concours-national-dauteurs-etudiants\/\" title=\"Concours national d&rsquo;auteurs \u00e9tudiants\">Concours national d&rsquo;auteurs \u00e9tudiants<\/a><\/h2>\n                        \n                                            <\/header>\n\n                                    <\/div>\n\n                            <\/div>\n            \n        <\/div>\n    <\/article>\n\n\n\t\t    <\/div>\n\t\t    <div class=\"clearfix\"><\/div>\n\t\t<\/div>\n\t\t\t\t<\/div>\n\t\t\t\t<\/div>\n\t\t\t\t\t\t<\/div>\n\t\t\t<\/div>\n\t\t<\/div>\n\t\t\t\t\t\t<\/div>\n\t\t\t<\/div>\n\t\t<\/section>\n\t\t\t\t<section data-id=\"e6425ce\" class=\"elementor-element elementor-element-e6425ce elementor-section-stretched elementor-section-boxed elementor-section-height-default elementor-section-height-default elementor-section elementor-top-section\" data-settings=\"{&quot;stretch_section&quot;:&quot;section-stretched&quot;}\" data-element_type=\"section\">\n\t\t\t\t\t\t<div class=\"elementor-container elementor-column-gap-default\">\n\t\t\t\t<div class=\"elementor-row\">\n\t\t\t\t<div data-id=\"f5f8da0\" class=\"elementor-element elementor-element-f5f8da0 elementor-column elementor-col-100 elementor-top-column\" data-element_type=\"column\">\n\t\t\t<div class=\"elementor-column-wrap elementor-element-populated\">\n\t\t\t\t\t<div class=\"elementor-widget-wrap\">\n\t\t\t\t<div data-id=\"2b702a2\" class=\"elementor-element elementor-element-2b702a2 animated bounceInRight animated-slow elementor-invisible elementor-widget elementor-widget-heading\" data-settings=\"{&quot;_animation&quot;:&quot;bounceInRight&quot;}\" data-element_type=\"heading.default\">\n\t\t\t\t<div class=\"elementor-widget-container\">\n\t\t\t<h1 class=\"elementor-heading-title elementor-size-default\">Derni\u00e8res activit\u00e9s<\/h1>\t\t<\/div>\n\t\t\t\t<\/div>\n\t\t\t\t\t\t<\/div>\n\t\t\t<\/div>\n\t\t<\/div>\n\t\t\t\t\t\t<\/div>\n\t\t\t<\/div>\n\t\t<\/section>\n\t\t\t\t<section data-id=\"7de1200\" class=\"elementor-element elementor-element-7de1200 elementor-section-full_width elementor-section-height-default elementor-section-height-default elementor-section elementor-top-section\" data-element_type=\"section\">\n\t\t\t\t\t\t<div class=\"elementor-container elementor-column-gap-no\">\n\t\t\t\t<div class=\"elementor-row\">\n\t\t\t\t<div data-id=\"fc0cb39\" class=\"elementor-element elementor-element-fc0cb39 elementor-column elementor-col-100 elementor-top-column\" data-element_type=\"column\">\n\t\t\t<div class=\"elementor-column-wrap elementor-element-populated\">\n\t\t\t\t\t<div class=\"elementor-widget-wrap\">\n\t\t\t\t<div data-id=\"19e93ec\" class=\"elementor-element elementor-element-19e93ec elementor-widget elementor-widget-shortcode\" data-element_type=\"shortcode.default\">\n\t\t\t\t<div class=\"elementor-widget-container\">\n\t\t\t\t\t<div class=\"elementor-shortcode\"><style type=\"text\/css\">#post-grid-3648 .element_0{display: block;font-size: 21px;line-height: normal;padding: 5px 10px;text-align: center;}#post-grid-3648 .element_1{display: block;font-size: 12px;padding: 5px 10px;text-align: center;}#post-grid-3648 .element_2{display: block;font-size: 12px;font-weight: bold;padding: 0 10px;text-align: center;}#post-grid-3648 .element_3{font-size:12px;display:block;padding:10px;}#post-grid-3648 .element_0:hover{}#post-grid-3648 .element_1:hover{}#post-grid-3648 .element_2:hover{}#post-grid-3648 .element_3:hover{}#post-grid-3648 .item{\r\n\t\t\tbackground:#fff;\r\n\t\r\n\t\t\t}<\/style><style type=\"text\/css\">\/*Write your CSS code here*\/<\/style><style type=\"text\/css\">#post-grid-3648 {\r\n\t\t\tpadding:10px;\r\n\t\t\tbackground: #fff url() repeat scroll 0 0;\r\n\t\t}#post-grid-3648 .item .layer-media{overflow: hidden;\r\n\t\t}@media only screen and (min-width: 1024px ) {#post-grid-3648 .item .layer-media{height:220px;}}\r\n\t\t\r\n\t\t@media only screen and ( min-width: 768px ) and ( max-width: 1023px ) {#post-grid-3648 .item .layer-media{height:auto}}\r\n\t\t\r\n\t\t@media only screen and ( min-width: 320px ) and ( max-width: 767px ) {#post-grid-3648 .item .layer-media{height:auto}}#post-grid-3648 .item{\r\n\t\tmargin:10px;}@media only screen and (min-width: 1024px ) {#post-grid-3648 .item{height:auto;}}\r\n\t\r\n\t@media only screen and ( min-width: 768px ) and ( max-width: 1023px ) {#post-grid-3648 .item{height:auto}}\r\n\t\r\n\t@media only screen and ( min-width: 320px ) and ( max-width: 767px ) {#post-grid-3648 .item{height:auto}}\r\n\t@media only screen and (min-width: 1024px ) {\r\n\t#post-grid-3648 .item{width:320px}\r\n\t\r\n\t}\r\n\t\r\n\t@media only screen and ( min-width: 768px ) and ( max-width: 1023px ) {\r\n\t#post-grid-3648 .item{width:280px}\r\n\t}\r\n\t\r\n\t@media only screen and ( min-width: 320px ) and ( max-width: 767px ) {\r\n\t#post-grid-3648 .item{width:90%}\r\n\t}<\/style><div id=\"post-grid-3648\" class=\"post-grid grid\"><div class=\"grid-nav-top\"><\/div><div class=\"grid-items \" id=\"\"><div  class=\"item mix skin even flat non-classe-fr fr pll_6485d2cd720a8 \"><div class=\"layer-media\"><a href=\"https:\/\/www.univ-oeb.dz\/dacs\/aid-el-fitr-2\/\"><img decoding=\"async\" alt=\"\" src=\"https:\/\/www.univ-oeb.dz\/dacs\/wp-content\/uploads\/2023\/06\/342517054_247104907773019_2132665651520489974_n-788x1024.jpg\" \/><\/a><\/div><div class=\"layer-content\"><div class=\"element element_0 title\"  >A\u00efd el-Fitr<\/div><div class=\"element element_1 excerpt\"  ><\/div><a target=\"\" class=\"element element_2 read_more\"  href=\"https:\/\/www.univ-oeb.dz\/dacs\/aid-el-fitr-2\/\">Read more.<\/a><div class=\"element element_3 share_button\"  >\r\n\t\t\t<span class=\"fb\">\r\n\t\t\t\t<a target=\"_blank\" href=\"https:\/\/www.facebook.com\/sharer\/sharer.php?u=https:\/\/www.univ-oeb.dz\/dacs\/aid-el-fitr-2\/\"> <\/a>\r\n\t\t\t<\/span>\r\n\t\t\t<span class=\"twitter\">\r\n\t\t\t\t<a target=\"_blank\" href=\"https:\/\/twitter.com\/intent\/tweet?url=https:\/\/www.univ-oeb.dz\/dacs\/aid-el-fitr-2\/&text=A\u00efd el-Fitr\"><\/a>\r\n\t\t\t<\/span>\r\n\t\t\t<span class=\"gplus\">\r\n\t\t\t\t<a target=\"_blank\" href=\"https:\/\/plus.google.com\/share?url=https:\/\/www.univ-oeb.dz\/dacs\/aid-el-fitr-2\/\"><\/a>\r\n\t\t\t<\/span><\/div><\/div><\/div><div  class=\"item mix skin odd flat annonces-fr non-classe-fr fr pll_6485cb3447694 \"><div class=\"layer-media\"><a href=\"https:\/\/www.univ-oeb.dz\/dacs\/concours-national-dauteurs-etudiants\/\"><img decoding=\"async\" alt=\"\" src=\"https:\/\/www.univ-oeb.dz\/dacs\/wp-content\/uploads\/2023\/06\/345915993_1080900796632539_1668688143130607818_n-724x1024.jpg\" \/><\/a><\/div><div class=\"layer-content\"><div class=\"element element_0 title\"  >Concours national d&rsquo;auteurs \u00e9tudiants<\/div><div class=\"element element_1 excerpt\"  >Concours national d&rsquo;auteurs \u00e9tudiants<\/div><a target=\"\" class=\"element element_2 read_more\"  href=\"https:\/\/www.univ-oeb.dz\/dacs\/concours-national-dauteurs-etudiants\/\">Read more.<\/a><div class=\"element element_3 share_button\"  >\r\n\t\t\t<span class=\"fb\">\r\n\t\t\t\t<a target=\"_blank\" href=\"https:\/\/www.facebook.com\/sharer\/sharer.php?u=https:\/\/www.univ-oeb.dz\/dacs\/concours-national-dauteurs-etudiants\/\"> <\/a>\r\n\t\t\t<\/span>\r\n\t\t\t<span class=\"twitter\">\r\n\t\t\t\t<a target=\"_blank\" href=\"https:\/\/twitter.com\/intent\/tweet?url=https:\/\/www.univ-oeb.dz\/dacs\/concours-national-dauteurs-etudiants\/&text=Concours national d&rsquo;auteurs \u00e9tudiants\"><\/a>\r\n\t\t\t<\/span>\r\n\t\t\t<span class=\"gplus\">\r\n\t\t\t\t<a target=\"_blank\" href=\"https:\/\/plus.google.com\/share?url=https:\/\/www.univ-oeb.dz\/dacs\/concours-national-dauteurs-etudiants\/\"><\/a>\r\n\t\t\t<\/span><\/div><\/div><\/div><div  class=\"item mix skin even flat non-classe-fr fr pll_6485c8dcc78fd \"><div class=\"layer-media\"><a href=\"https:\/\/www.univ-oeb.dz\/dacs\/propriete-industrielle-et-brevets\/\"><img decoding=\"async\" alt=\"\" src=\"https:\/\/www.univ-oeb.dz\/dacs\/wp-content\/uploads\/2023\/06\/348911821_953535239220041_7885787320619029296_n-1.jpg\" \/><\/a><\/div><div class=\"layer-content\"><div class=\"element element_0 title\"  >Propri\u00e9t\u00e9 industrielle et brevets<\/div><div class=\"element element_1 excerpt\"  >Propri\u00e9t\u00e9 industrielle et brevets<\/div><a target=\"\" class=\"element element_2 read_more\"  href=\"https:\/\/www.univ-oeb.dz\/dacs\/propriete-industrielle-et-brevets\/\">Read more.<\/a><div class=\"element element_3 share_button\"  >\r\n\t\t\t<span class=\"fb\">\r\n\t\t\t\t<a target=\"_blank\" href=\"https:\/\/www.facebook.com\/sharer\/sharer.php?u=https:\/\/www.univ-oeb.dz\/dacs\/propriete-industrielle-et-brevets\/\"> <\/a>\r\n\t\t\t<\/span>\r\n\t\t\t<span class=\"twitter\">\r\n\t\t\t\t<a target=\"_blank\" href=\"https:\/\/twitter.com\/intent\/tweet?url=https:\/\/www.univ-oeb.dz\/dacs\/propriete-industrielle-et-brevets\/&text=Propri\u00e9t\u00e9 industrielle et brevets\"><\/a>\r\n\t\t\t<\/span>\r\n\t\t\t<span class=\"gplus\">\r\n\t\t\t\t<a target=\"_blank\" href=\"https:\/\/plus.google.com\/share?url=https:\/\/www.univ-oeb.dz\/dacs\/propriete-industrielle-et-brevets\/\"><\/a>\r\n\t\t\t<\/span><\/div><\/div><\/div><div  class=\"item mix skin odd flat non-classe-fr fr pll_6485c78f3b79a \"><div class=\"layer-media\"><a href=\"https:\/\/www.univ-oeb.dz\/dacs\/journee-mondiale-du-donneur-de-sang\/\"><img decoding=\"async\" alt=\"\" src=\"https:\/\/www.univ-oeb.dz\/dacs\/wp-content\/uploads\/2023\/06\/352211998_190137557338812_4498147516636274369_n.jpg\" \/><\/a><\/div><div class=\"layer-content\"><div class=\"element element_0 title\"  >Journ\u00e9e Mondiale du Donneur de Sang<\/div><div class=\"element element_1 excerpt\"  >Journ\u00e9e Mondiale du Donneur de Sang<\/div><a target=\"\" class=\"element element_2 read_more\"  href=\"https:\/\/www.univ-oeb.dz\/dacs\/journee-mondiale-du-donneur-de-sang\/\">Read more.<\/a><div class=\"element element_3 share_button\"  >\r\n\t\t\t<span class=\"fb\">\r\n\t\t\t\t<a target=\"_blank\" href=\"https:\/\/www.facebook.com\/sharer\/sharer.php?u=https:\/\/www.univ-oeb.dz\/dacs\/journee-mondiale-du-donneur-de-sang\/\"> <\/a>\r\n\t\t\t<\/span>\r\n\t\t\t<span class=\"twitter\">\r\n\t\t\t\t<a target=\"_blank\" href=\"https:\/\/twitter.com\/intent\/tweet?url=https:\/\/www.univ-oeb.dz\/dacs\/journee-mondiale-du-donneur-de-sang\/&text=Journ\u00e9e Mondiale du Donneur de Sang\"><\/a>\r\n\t\t\t<\/span>\r\n\t\t\t<span class=\"gplus\">\r\n\t\t\t\t<a target=\"_blank\" href=\"https:\/\/plus.google.com\/share?url=https:\/\/www.univ-oeb.dz\/dacs\/journee-mondiale-du-donneur-de-sang\/\"><\/a>\r\n\t\t\t<\/span><\/div><\/div><\/div><div  class=\"item mix skin even flat non-classe-fr fr pll_6484899f86059 \"><div class=\"layer-media\"><a href=\"https:\/\/www.univ-oeb.dz\/dacs\/une-journee-dinitiation-aux-disciplines-existantes-au-niveau-du-departement-des-sciences-de-la-nature-et-du-et-de-la-vie\/\"><img decoding=\"async\" alt=\"\" src=\"https:\/\/www.univ-oeb.dz\/dacs\/wp-content\/uploads\/2023\/06\/348572452_644496740350040_3830152331286525052_n-1-1024x683.jpg\" \/><\/a><\/div><div class=\"layer-content\"><div class=\"element element_0 title\"  >Une journ\u00e9e d&rsquo;initiation aux disciplines existantes au niveau du D\u00e9partement des sciences de la nature et de la vie<\/div><div class=\"element element_1 excerpt\"  >\u062a\u062d\u062a \u0625\u0634\u0631\u0627\u0641 \u0627\u0644\u0645\u062f\u064a\u0631\u064a\u0629 \u0627\u0644\u0641\u0631\u0639\u064a\u0629 \u0644\u0644\u0646\u0634\u0627\u0637\u0627\u062a \u0627\u0644\u0639\u0644\u0645\u064a\u0629 \u0648\u0627\u0644\u062b\u0642\u0627\u0641\u064a\u0629 \u0648\u0627\u0644\u0631\u064a\u0627\u0636\u064a\u0629\u060c \u0646\u0638\u0645 \u0627\u0644\u0646\u0627\u062f\u064a<\/div><a target=\"\" class=\"element element_2 read_more\"  href=\"https:\/\/www.univ-oeb.dz\/dacs\/une-journee-dinitiation-aux-disciplines-existantes-au-niveau-du-departement-des-sciences-de-la-nature-et-du-et-de-la-vie\/\">Read more.<\/a><div class=\"element element_3 share_button\"  >\r\n\t\t\t<span class=\"fb\">\r\n\t\t\t\t<a target=\"_blank\" href=\"https:\/\/www.facebook.com\/sharer\/sharer.php?u=https:\/\/www.univ-oeb.dz\/dacs\/une-journee-dinitiation-aux-disciplines-existantes-au-niveau-du-departement-des-sciences-de-la-nature-et-du-et-de-la-vie\/\"> <\/a>\r\n\t\t\t<\/span>\r\n\t\t\t<span class=\"twitter\">\r\n\t\t\t\t<a target=\"_blank\" href=\"https:\/\/twitter.com\/intent\/tweet?url=https:\/\/www.univ-oeb.dz\/dacs\/une-journee-dinitiation-aux-disciplines-existantes-au-niveau-du-departement-des-sciences-de-la-nature-et-du-et-de-la-vie\/&text=Une journ\u00e9e d&rsquo;initiation aux disciplines existantes au niveau du D\u00e9partement des sciences de la nature et de la vie\"><\/a>\r\n\t\t\t<\/span>\r\n\t\t\t<span class=\"gplus\">\r\n\t\t\t\t<a target=\"_blank\" href=\"https:\/\/plus.google.com\/share?url=https:\/\/www.univ-oeb.dz\/dacs\/une-journee-dinitiation-aux-disciplines-existantes-au-niveau-du-departement-des-sciences-de-la-nature-et-du-et-de-la-vie\/\"><\/a>\r\n\t\t\t<\/span><\/div><\/div><\/div><div  class=\"item mix skin odd flat non-classe-fr fr pll_64847df05c8d3 \"><div class=\"layer-media\"><a href=\"https:\/\/www.univ-oeb.dz\/dacs\/journee-nationale-des-scouts-islamiques-algeriens\/\"><img decoding=\"async\" alt=\"\" src=\"https:\/\/www.univ-oeb.dz\/dacs\/wp-content\/uploads\/2023\/06\/349154326_238602908799433_6506894631301082440_n-717x1024.jpg\" \/><\/a><\/div><div class=\"layer-content\"><div class=\"element element_0 title\"  >Journ\u00e9e nationale des Scouts Islamiques alg\u00e9riens<\/div><div class=\"element element_1 excerpt\"  >Journ\u00e9e nationale des Scouts Islamiques alg\u00e9riens \u0628\u0645\u0646\u0627\u0633\u0628\u0629 \u0627\u0644\u064a\u0648\u0645 \u0627\u0644\u0648\u0637\u0646\u064a \u0644\u0644\u0643\u0634\u0627\u0641<\/div><a target=\"\" class=\"element element_2 read_more\"  href=\"https:\/\/www.univ-oeb.dz\/dacs\/journee-nationale-des-scouts-islamiques-algeriens\/\">Read more.<\/a><div class=\"element element_3 share_button\"  >\r\n\t\t\t<span class=\"fb\">\r\n\t\t\t\t<a target=\"_blank\" href=\"https:\/\/www.facebook.com\/sharer\/sharer.php?u=https:\/\/www.univ-oeb.dz\/dacs\/journee-nationale-des-scouts-islamiques-algeriens\/\"> <\/a>\r\n\t\t\t<\/span>\r\n\t\t\t<span class=\"twitter\">\r\n\t\t\t\t<a target=\"_blank\" href=\"https:\/\/twitter.com\/intent\/tweet?url=https:\/\/www.univ-oeb.dz\/dacs\/journee-nationale-des-scouts-islamiques-algeriens\/&text=Journ\u00e9e nationale des Scouts Islamiques alg\u00e9riens\"><\/a>\r\n\t\t\t<\/span>\r\n\t\t\t<span class=\"gplus\">\r\n\t\t\t\t<a target=\"_blank\" href=\"https:\/\/plus.google.com\/share?url=https:\/\/www.univ-oeb.dz\/dacs\/journee-nationale-des-scouts-islamiques-algeriens\/\"><\/a>\r\n\t\t\t<\/span><\/div><\/div><\/div><\/div><div class=\"grid-nav-bottom\"><div class=\"pagination dark\"><div class=\"paginate\"><span aria-current=\"page\" class=\"page-numbers current\">1<\/span>\n<a class=\"page-numbers\" href=\"https:\/\/www.univ-oeb.dz\/dacs\/wp-json\/wp\/v2\/pages\/3603\/page\/2\/\">2<\/a>\n<a class=\"next page-numbers\" href=\"https:\/\/www.univ-oeb.dz\/dacs\/wp-json\/wp\/v2\/pages\/3603\/page\/2\/\">Next \u00bb<\/a><\/div ><\/div ><\/div><script>\r\n\t\tjQuery(document).ready(function($)\r\n\t\t{\r\n\t\t\t$(\"#post-grid-3648 .layer-media .gallery\").owlCarousel({\r\n\t\t\t\t\r\n\t\t\t\titems : 1,\r\n\r\n\t\t\t\tnavText : [\"\",\"\"],\r\n\t\t\t\tautoplay: true,\r\n\t\t\t\tloop: true,\r\n\t\t\t\tautoHeight : true,\t\r\n\t\t\t\tnav : false,\t\r\n\t\t\t\tdots : false,\t\t\t\t\t\r\n\t\t\t\t\t\t\t\t\t\t\t\r\n\t\t\t\t\t\t\t\t\r\n\t\t\t\t});\r\n\t\t\r\n\t\t});<\/script><\/div><\/div>\n\t\t\t\t<\/div>\n\t\t\t\t<\/div>\n\t\t\t\t\t\t<\/div>\n\t\t\t<\/div>\n\t\t<\/div>\n\t\t\t\t\t\t<\/div>\n\t\t\t<\/div>\n\t\t<\/section>\n\t\t\t\t\t\t<\/div>\n\t\t\t<\/div>\n\t\t<\/div>\n\t\t","protected":false},"excerpt":{"rendered":"<p>Annonces A\u00efd el-Fitr Concours national d&rsquo;auteurs \u00e9tudiants Journ\u00e9e Mondiale du Donneur de Sang Journ\u00e9e nationale des Scouts Islamiques alg\u00e9riens Derni\u00e8res activit\u00e9s<\/p>\n","protected":false},"author":1,"featured_media":0,"parent":0,"menu_order":0,"comment_status":"closed","ping_status":"closed","template":"elementor_header_footer","meta":[],"_links":{"self":[{"href":"https:\/\/www.univ-oeb.dz\/dacs\/wp-json\/wp\/v2\/pages\/3603"}],"collection":[{"href":"https:\/\/www.univ-oeb.dz\/dacs\/wp-json\/wp\/v2\/pages"}],"about":[{"href":"https:\/\/www.univ-oeb.dz\/dacs\/wp-json\/wp\/v2\/types\/page"}],"author":[{"embeddable":true,"href":"https:\/\/www.univ-oeb.dz\/dacs\/wp-json\/wp\/v2\/users\/1"}],"replies":[{"embeddable":true,"href":"https:\/\/www.univ-oeb.dz\/dacs\/wp-json\/wp\/v2\/comments?post=3603"}],"version-history":[{"count":5,"href":"https:\/\/www.univ-oeb.dz\/dacs\/wp-json\/wp\/v2\/pages\/3603\/revisions"}],"predecessor-version":[{"id":3874,"href":"https:\/\/www.univ-oeb.dz\/dacs\/wp-json\/wp\/v2\/pages\/3603\/revisions\/3874"}],"wp:attachment":[{"href":"https:\/\/www.univ-oeb.dz\/dacs\/wp-json\/wp\/v2\/media?parent=3603"}],"curies":[{"name":"wp","href":"https:\/\/api.w.org\/{rel}","templated":true}]}}