{"id":1127,"date":"2023-03-29T14:10:26","date_gmt":"2023-03-29T12:10:26","guid":{"rendered":"http:\/\/www.univ-oeb.dz\/LEQUAEB\/?page_id=1127"},"modified":"2023-10-03T19:47:59","modified_gmt":"2023-10-03T17:47:59","slug":"equipe-4","status":"publish","type":"page","link":"https:\/\/www.univ-oeb.dz\/LEQUAEB\/equipe-4\/","title":{"rendered":"Equipe 4: Am\u00e9nagement urbain, \u00c9talement et Durabilit\u00e9; Chef d&rsquo;\u00e9quipe: Dr Said CHOUAI"},"content":{"rendered":"<p>L\u2019accent sera mis sur le processus de l\u2019\u00e9talement urbain et les mutations spatiales que subit la ville alg\u00e9rienne. En Alg\u00e9rie, la priorit\u00e9 accord\u00e9e au d\u00e9veloppement urbain (extension des zones d&rsquo;habitat et des infrastructures de transport ou d&rsquo;activit\u00e9s \u00e9conomiques) a eu pour cons\u00e9quences une extension d\u00e9mesur\u00e9e du p\u00e9rim\u00e8tre urbain. Le plan directeur de l\u2019urbanisme et d\u2019am\u00e9nagement (PDAU) de la majorit\u00e9 des communes nous a r\u00e9v\u00e9l\u00e9 que les extensions futures vont se faire en dehors de la dynamique globale de la ville m\u00e8re et en faisant abstraction de toute ma\u00eetrise de l\u2019\u00e9talement urbain. Les mesures prises par les pouvoirs publics n&rsquo;ont pas pu emp\u00eacher l\u2019important mitage de l&rsquo;espace agricole par l\u2019extension rapide et multiforme du cadre b\u00e2ti et les diverses activit\u00e9s.<br \/>\nCes constats rendent urgent la mise en place d&rsquo;une nouvelle d\u00e9marche pour l&rsquo;instauration d&rsquo;un d\u00e9veloppement durable, dont la pierre angulaire est la pr\u00e9servation des ressources naturelles. Les objectifs majeurs de cette \u00e9tude sont d\u2019une part d\u2019essayer de mettre en lumi\u00e8re les processus de l\u2019\u00e9talement urbain, et d\u2019autre part les cons\u00e9quences en mati\u00e8re de mobilit\u00e9, de transport, d\u2018infrastructures de base. On s\u2019interrogera notamment sur les menaces pesant sur les espaces agricoles p\u00e9riurbains, mais aussi sur les outils, les acteurs et les enjeux d\u2019une politique (fonci\u00e8re et urbaine) \u00e0 mettre en \u0153uvre pour ma\u00eetriser ce ph\u00e9nom\u00e8ne de l\u2019\u00e9talement urbain.<\/p>\n<p><strong>Membres de l&rsquo;\u00e9quipe:<\/strong><\/p>\n<table width=\"573\">\n<tbody>\n<tr>\n<td width=\"135\"><strong>CHOUAI Said<\/strong><\/td>\n<td width=\"90\">Habilitation<\/td>\n<td width=\"47\">MCA<\/td>\n<td width=\"193\">Sciences de la Terre et des Plan\u00e8tes<\/td>\n<td width=\"108\">U. Oum El Bouaghi<\/td>\n<\/tr>\n<tr>\n<td width=\"135\">BOUMERDAS Moufida<\/td>\n<td width=\"90\">Magister<\/td>\n<td width=\"47\">MAA<\/td>\n<td width=\"193\">Ing\u00e9nierie<\/td>\n<td width=\"108\">U. Oum El Bouaghi<\/td>\n<\/tr>\n<tr>\n<td width=\"135\">MAARGAB Rafik<\/td>\n<td width=\"90\">Doctorat<\/td>\n<td width=\"47\">MCB<\/td>\n<td width=\"193\">Sciences de la Terre et des Plan\u00e8tes<\/td>\n<td width=\"108\">U. Oum El Bouaghi<\/td>\n<\/tr>\n<tr>\n<td width=\"135\">BOULKAIBET Aissa<\/td>\n<td width=\"90\">Doctorat<\/td>\n<td width=\"47\">MCA<\/td>\n<td width=\"193\">Sciences de la Terre et des Plan\u00e8tes<\/td>\n<td width=\"108\">U. Oum El Bouaghi<\/td>\n<\/tr>\n<tr>\n<td width=\"135\">HADJELA Ali<\/td>\n<td width=\"90\">Magister<\/td>\n<td width=\"47\">MAA<\/td>\n<td width=\"193\">Sciences de la Terre et des Plan\u00e8tes<\/td>\n<td width=\"108\">U. Oum El Bouaghi<\/td>\n<\/tr>\n<\/tbody>\n<\/table>\n","protected":false},"excerpt":{"rendered":"<p>L\u2019accent sera mis sur le processus de l\u2019\u00e9talement urbain et les mutations spatiales que subit la ville alg\u00e9rienne. En Alg\u00e9rie, la priorit\u00e9 accord\u00e9e au d\u00e9veloppement urbain (extension des zones d&rsquo;habitat et des infrastructures de transport ou d&rsquo;activit\u00e9s \u00e9conomiques) a eu pour cons\u00e9quences une extension d\u00e9mesur\u00e9e du p\u00e9rim\u00e8tre urbain. Le plan&hellip;<\/p>\n","protected":false},"author":1,"featured_media":1128,"parent":0,"menu_order":0,"comment_status":"closed","ping_status":"closed","template":"","meta":{"footnotes":""},"_links":{"self":[{"href":"https:\/\/www.univ-oeb.dz\/LEQUAEB\/wp-json\/wp\/v2\/pages\/1127"}],"collection":[{"href":"https:\/\/www.univ-oeb.dz\/LEQUAEB\/wp-json\/wp\/v2\/pages"}],"about":[{"href":"https:\/\/www.univ-oeb.dz\/LEQUAEB\/wp-json\/wp\/v2\/types\/page"}],"author":[{"embeddable":true,"href":"https:\/\/www.univ-oeb.dz\/LEQUAEB\/wp-json\/wp\/v2\/users\/1"}],"replies":[{"embeddable":true,"href":"https:\/\/www.univ-oeb.dz\/LEQUAEB\/wp-json\/wp\/v2\/comments?post=1127"}],"version-history":[{"count":4,"href":"https:\/\/www.univ-oeb.dz\/LEQUAEB\/wp-json\/wp\/v2\/pages\/1127\/revisions"}],"predecessor-version":[{"id":1181,"href":"https:\/\/www.univ-oeb.dz\/LEQUAEB\/wp-json\/wp\/v2\/pages\/1127\/revisions\/1181"}],"wp:featuredmedia":[{"embeddable":true,"href":"https:\/\/www.univ-oeb.dz\/LEQUAEB\/wp-json\/wp\/v2\/media\/1128"}],"wp:attachment":[{"href":"https:\/\/www.univ-oeb.dz\/LEQUAEB\/wp-json\/wp\/v2\/media?parent=1127"}],"curies":[{"name":"wp","href":"https:\/\/api.w.org\/{rel}","templated":true}]}}