{"id":1124,"date":"2023-03-29T14:07:00","date_gmt":"2023-03-29T12:07:00","guid":{"rendered":"http:\/\/www.univ-oeb.dz\/LEQUAEB\/?page_id=1124"},"modified":"2023-10-04T12:42:30","modified_gmt":"2023-10-04T10:42:30","slug":"equipe-3","status":"publish","type":"page","link":"https:\/\/www.univ-oeb.dz\/LEQUAEB\/equipe-3\/","title":{"rendered":"Equipe 3: Projet Urbain, pratiques et gouvernance; Chef d&rsquo;\u00e9quipe: Pr Foued BENGHADBANE"},"content":{"rendered":"<p>Les concepts traditionnels de plan et de planification sont renouvel\u00e9s, dans un premier temps, par ceux du \u00ab Design urbain \u00bb, concept invent\u00e9 par les anglais et qui repr\u00e9sente le maillon faible, souvent d\u00e9laiss\u00e9 entre l\u2019architecture et l\u2019urbanisme \u00e0 l\u2019\u00e9chelle de la ville, et remis au gout du jour par ceux du \u00ab projet urbain \u00bb et du D\u00e9veloppement durable. Au niveau des instruments, ce maillon correspond au POS en Alg\u00e9rie et poss\u00e8de sa propre grille de lecture. Cette derni\u00e8re se base sur l\u2019exp\u00e9rience cognitive de l\u2019usager et d\u00e9veloppe les concepts d\u2019image, de connexion, de lisibilit\u00e9, d\u2019accessibilit\u00e9. Les r\u00e9f\u00e9rentiels existent, d\u00e9velopp\u00e9s essentiellement dans le monde anglo-saxon et gagneraient a \u00eatre analys\u00e9s, critiqu\u00e9s, contextualis\u00e9s et adapt\u00e9s. C\u2019est dans cet esprit que sera d\u00e9velopp\u00e9 ce travail de recherche, qui a pour objectif principal le d\u00e9veloppement, et la mise en \u0153uvre des m\u00e9thodes d&rsquo;\u00e9valuation des espaces publics et des espaces interm\u00e9diaires \u00e0 l\u2019\u00e9chelle micro-urbaine.<\/p>\n<p><strong>Membres de l&rsquo;\u00e9quipe:<\/strong><\/p>\n<table width=\"590\">\n<tbody>\n<tr>\n<td width=\"135\"><strong>BENGHADHBANE Fouad<\/strong><\/td>\n<td width=\"90\">Habilitation<\/td>\n<td width=\"64\">Pr.<\/td>\n<td width=\"193\">Sciences de la Terre et des Plan\u00e8tes<\/td>\n<td width=\"108\">U. Oum El Bouaghi<\/td>\n<\/tr>\n<tr>\n<td width=\"135\">GUEMINI Nassira<\/td>\n<td width=\"90\">Magister<\/td>\n<td width=\"64\">MAA<\/td>\n<td width=\"193\">Sciences de la Terre et des Plan\u00e8tes<\/td>\n<td width=\"108\">U. Oum El Bouaghi<\/td>\n<\/tr>\n<tr>\n<td width=\"135\">ZEGHICHI Hadjer<\/td>\n<td width=\"90\">Magister<\/td>\n<td width=\"64\">MAA<\/td>\n<td width=\"193\">Sciences de la Terre et des Plan\u00e8tes<\/td>\n<td width=\"108\">U. Oum El Bouaghi<\/td>\n<\/tr>\n<tr>\n<td width=\"135\">BERKANI Fatima Zohra<\/td>\n<td width=\"90\">Magister<\/td>\n<td width=\"64\">MAA<\/td>\n<td width=\"193\">Sciences de la Terre et des Plan\u00e8tes<\/td>\n<td width=\"108\">U. Oum El Bouaghi<\/td>\n<\/tr>\n<tr>\n<td width=\"135\">MAZOUZ Toufik<\/td>\n<td width=\"90\">Habilitation<\/td>\n<td width=\"64\">MCA<\/td>\n<td width=\"193\">Sciences de la Terre et des Plan\u00e8tes<\/td>\n<td width=\"108\">U. Oum El Bouaghi<\/td>\n<\/tr>\n<\/tbody>\n<\/table>\n","protected":false},"excerpt":{"rendered":"<p>Les concepts traditionnels de plan et de planification sont renouvel\u00e9s, dans un premier temps, par ceux du \u00ab Design urbain \u00bb, concept invent\u00e9 par les anglais et qui repr\u00e9sente le maillon faible, souvent d\u00e9laiss\u00e9 entre l\u2019architecture et l\u2019urbanisme \u00e0 l\u2019\u00e9chelle de la ville, et remis au gout du jour par&hellip;<\/p>\n","protected":false},"author":1,"featured_media":1125,"parent":0,"menu_order":0,"comment_status":"closed","ping_status":"closed","template":"","meta":{"footnotes":""},"_links":{"self":[{"href":"https:\/\/www.univ-oeb.dz\/LEQUAEB\/wp-json\/wp\/v2\/pages\/1124"}],"collection":[{"href":"https:\/\/www.univ-oeb.dz\/LEQUAEB\/wp-json\/wp\/v2\/pages"}],"about":[{"href":"https:\/\/www.univ-oeb.dz\/LEQUAEB\/wp-json\/wp\/v2\/types\/page"}],"author":[{"embeddable":true,"href":"https:\/\/www.univ-oeb.dz\/LEQUAEB\/wp-json\/wp\/v2\/users\/1"}],"replies":[{"embeddable":true,"href":"https:\/\/www.univ-oeb.dz\/LEQUAEB\/wp-json\/wp\/v2\/comments?post=1124"}],"version-history":[{"count":5,"href":"https:\/\/www.univ-oeb.dz\/LEQUAEB\/wp-json\/wp\/v2\/pages\/1124\/revisions"}],"predecessor-version":[{"id":1190,"href":"https:\/\/www.univ-oeb.dz\/LEQUAEB\/wp-json\/wp\/v2\/pages\/1124\/revisions\/1190"}],"wp:featuredmedia":[{"embeddable":true,"href":"https:\/\/www.univ-oeb.dz\/LEQUAEB\/wp-json\/wp\/v2\/media\/1125"}],"wp:attachment":[{"href":"https:\/\/www.univ-oeb.dz\/LEQUAEB\/wp-json\/wp\/v2\/media?parent=1124"}],"curies":[{"name":"wp","href":"https:\/\/api.w.org\/{rel}","templated":true}]}}