{"id":1121,"date":"2023-03-29T14:05:54","date_gmt":"2023-03-29T12:05:54","guid":{"rendered":"http:\/\/www.univ-oeb.dz\/LCMASMTF\/?page_id=1121"},"modified":"2023-05-30T07:20:10","modified_gmt":"2023-05-30T05:20:10","slug":"equipe-2","status":"publish","type":"page","link":"https:\/\/www.univ-oeb.dz\/LCMASMTF\/equipe-2\/","title":{"rendered":"Equipe 2: M\u00e9canique Num\u00e9rique, Mod\u00e9lisation et Optimisation des proc\u00e9d\u00e9s et Syst\u00e8mes"},"content":{"rendered":"<p style=\"text-align: right;\"><span style=\"color: #000000;\"><strong><span style=\"color: #0000ff;\">\u0631\u0626\u064a\u0633 \u0627\u0644\u0641\u0631\u0642\u0629<\/span> : \u0628\u0648\u0644\u062d\u064a\u0629 \u0639\u0644\u0627\u0648\u0629\u00a0\u00a0\u00a0\u00a0\u00a0\u00a0\u00a0\u00a0\u00a0\u00a0\u00a0\u00a0\u00a0\u00a0\u00a0\u00a0\u00a0 \u0623\u0633\u062a\u0627\u0630 \u0645\u062d\u0627\u0636\u0631 \u0623<\/strong><\/span><\/p>\n<p style=\"text-align: right;\"><span style=\"color: #000000;\"><strong><u><span style=\"color: #0000ff;\">\u0623\u0639\u0636\u0627\u0621 \u0627\u0644\u0641\u0631\u0642\u0629<\/span>:<\/u><\/strong><\/span><\/p>\n<p style=\"text-align: right;\"><span style=\"color: #000000;\"><strong>&#8211; \u0628\u0648\u0632\u064a\u062f \u0633\u0647\u0627\u0645 \u00a0\u00a0\u00a0\u00a0\u00a0\u00a0\u00a0\u00a0\u00a0\u00a0\u00a0\u00a0 \u00a0\u00a0\u0623\u0633\u062a\u0627\u0630 \u0645\u062d\u0627\u0636\u0631 \u0623<\/strong><\/span><\/p>\n<p style=\"text-align: right;\"><span style=\"color: #000000;\"><strong>&#8211; \u0628\u0646 \u062f\u0627\u062f\u0629 \u0627\u0644\u0639\u0631\u0628\u064a \u00a0\u00a0\u00a0\u00a0\u00a0\u00a0\u00a0\u00a0 \u00a0\u00a0\u0623\u0633\u062a\u0627\u0630 \u0645\u0633\u0627\u0639\u062f \u0623<\/strong><\/span><\/p>\n<p style=\"text-align: right;\"><span style=\"color: #000000;\"><strong>&#8211; \u0645\u062d\u0644\u0639\u064a\u0646 \u0639\u0628\u062f \u0627\u0644\u0641\u062a\u0627\u062d \u00a0\u00a0\u00a0\u00a0 \u00a0\u00a0\u0637\u0627\u0644\u0628 \u062f\u0643\u062a\u0648\u0631\u0627\u0647<\/strong><\/span><\/p>\n<p style=\"text-align: right;\"><span style=\"color: #000000;\"><strong>&#8211; \u0632\u0627\u064a\u062f\u064a \u0627\u0633\u0645\u0627\u0639\u064a\u0644 \u00a0\u00a0\u00a0\u00a0\u00a0\u00a0\u00a0 \u00a0\u00a0\u0637\u0627\u0644\u0628 \u062f\u0643\u062a\u0648\u0631\u0627\u0647<\/strong><\/span><\/p>\n<p style=\"text-align: right;\"><strong><span style=\"color: #000000;\">&#8211; \u0644\u0639\u0627\u064a\u0634 \u0639\u0627\u0637\u0641\u00a0\u00a0\u00a0\u00a0\u00a0\u00a0 \u00a0\u00a0\u00a0\u00a0\u00a0\u0637\u0627\u0644\u0628 \u062f\u0643\u062a\u0648\u0631\u0627<\/span>\u0647<\/strong><\/p>\n<p>&nbsp;<br \/>\na-\tObjectifs d\u2019ensemble<br \/>\nLa majeure M\u00e9canique Num\u00e9rique et Mod\u00e9lisation est fond\u00e9e sur la mod\u00e9lisation et la simulation num\u00e9rique permettant la compr\u00e9hension de la cha\u00eene compl\u00e8te pour la conception num\u00e9rique : interaction avec l\u2019environnement, mod\u00e9lisation et outils num\u00e9riques, les comportements de structures, optimisation dynamique, approches multi &#8211; physiques ,  la conception des produits et des syst\u00e8mes complexes et les  ph\u00e9nom\u00e8nes vibratoires lors de l\u2019usinage qui affectent l\u2019\u00e9tat de surface des pi\u00e8ces tel que le broutage  et  le talonnage ( c.\u00e0.d.  focalisation sur la mod\u00e9lisation de l&rsquo;interaction outil\/pi\u00e8ce en pr\u00e9sence de vibrations).  Son impact  s\u2019inscrit dans les secteurs d\u2019activit\u00e9s li\u00e9s \u00e0 l\u2019\u00e9nergie,  l\u2019industrie et plus particuli\u00e8rement dans l\u2019a\u00e9ronautique, l\u2019automobile et les transports. Et qui englobe syst\u00e9matiquement les th\u00e8mes de recherche li\u00e9s aussi aux : Mat\u00e9riaux composites et endommagement, M\u00e9canique des fluides et turbulence, A\u00e9rodynamique num\u00e9rique et Optimisation multidisciplinaire et fiabilit\u00e9. Les syst\u00e8mes est les proc\u00e9d\u00e9s m\u00e9caniques sont particuli\u00e8rement difficiles \u00e0 concevoir \u00e9tant donn\u00e9 qu&rsquo;ils requi\u00e8rent des connaissances dans toutes les disciplines concern\u00e9es. Les domaines de recherche propos\u00e9s   s&rsquo;inscrivent dans une d\u00e9marche conceptuelle et investigatrice afin de pouvoir optimiser d\u2019une mani\u00e8re multidisciplinaire a la fois la topologie (la structure) d&rsquo;un syst\u00e8me m\u00e9canique, ainsi que ses param\u00e8tres<\/p>\n<p>b-\tFondements Scientifiques<br \/>\n&#8211;\tMod\u00e9liser et simuler les comportements structuraux.<br \/>\n&#8211;\tMod\u00e9liser des syst\u00e8mes complexes multi-physiques et multidisciplinaires.<br \/>\n&#8211;\tA\u00e9rodynamique num\u00e9rique, m\u00e9canique de vol et a\u00e9ro\u00e9lasticit\u00e9.<br \/>\n&#8211;\tEtude et optimisation des ph\u00e9nom\u00e8nes issus de l\u2019Interaction fluide\/ structure dans les \u00e9coulements internes ; application aux turbomachines.<br \/>\n&#8211;\tMod\u00e9lisation et optimisation des ph\u00e9nom\u00e8nes vibratoires pr\u00e9sents lors de l&rsquo;usinage.<br \/>\n&#8211;\tComportement m\u00e9canique et thermique \u00e0 la fatigue des aubages  (turbomachines).<br \/>\n&#8211;\tMod\u00e9lisation  en usinage : mod\u00e8le pr\u00e9dictifs de la coupe.<br \/>\n&#8211;\tMa\u00eetriser la simulation scientifique et les logiciels industriels<br \/>\nc-\tMots-Cl\u00e9s : m\u00e9canique num\u00e9rique, mod\u00e9lisation, optimisation, fiabilit\u00e9,  mat\u00e9riaux, usinage, a\u00e9ro\u00e9lasticit\u00e9, dynamique des structure, transfert de chaleur, m\u00e9canique des fluides, vibrations et ondes, turbomachines, logiciels industriels.<\/p>\n","protected":false},"excerpt":{"rendered":"<p>\u0631\u0626\u064a\u0633 \u0627\u0644\u0641\u0631\u0642\u0629 : \u0628\u0648\u0644\u062d\u064a\u0629 \u0639\u0644\u0627\u0648\u0629\u00a0\u00a0\u00a0\u00a0\u00a0\u00a0\u00a0\u00a0\u00a0\u00a0\u00a0\u00a0\u00a0\u00a0\u00a0\u00a0\u00a0 \u0623\u0633\u062a\u0627\u0630 \u0645\u062d\u0627\u0636\u0631 \u0623 \u0623\u0639\u0636\u0627\u0621 \u0627\u0644\u0641\u0631\u0642\u0629: &#8211; \u0628\u0648\u0632\u064a\u062f \u0633\u0647\u0627\u0645 \u00a0\u00a0\u00a0\u00a0\u00a0\u00a0\u00a0\u00a0\u00a0\u00a0\u00a0\u00a0 \u00a0\u00a0\u0623\u0633\u062a\u0627\u0630 \u0645\u062d\u0627\u0636\u0631 \u0623 &#8211; \u0628\u0646 \u062f\u0627\u062f\u0629 \u0627\u0644\u0639\u0631\u0628\u064a \u00a0\u00a0\u00a0\u00a0\u00a0\u00a0\u00a0\u00a0 \u00a0\u00a0\u0623\u0633\u062a\u0627\u0630 \u0645\u0633\u0627\u0639\u062f \u0623 &#8211; \u0645\u062d\u0644\u0639\u064a\u0646 \u0639\u0628\u062f \u0627\u0644\u0641\u062a\u0627\u062d \u00a0\u00a0\u00a0\u00a0 \u00a0\u00a0\u0637\u0627\u0644\u0628 \u062f\u0643\u062a\u0648\u0631\u0627\u0647 &#8211; \u0632\u0627\u064a\u062f\u064a \u0627\u0633\u0645\u0627\u0639\u064a\u0644 \u00a0\u00a0\u00a0\u00a0\u00a0\u00a0\u00a0 \u00a0\u00a0\u0637\u0627\u0644\u0628 \u062f\u0643\u062a\u0648\u0631\u0627\u0647 &#8211; \u0644\u0639\u0627\u064a\u0634 \u0639\u0627\u0637\u0641\u00a0\u00a0\u00a0\u00a0\u00a0\u00a0 \u00a0\u00a0\u00a0\u00a0\u00a0\u0637\u0627\u0644\u0628 \u062f\u0643\u062a\u0648\u0631\u0627\u0647 &nbsp; a- Objectifs d\u2019ensemble La majeure M\u00e9canique&hellip;<\/p>\n","protected":false},"author":1,"featured_media":1122,"parent":0,"menu_order":0,"comment_status":"closed","ping_status":"closed","template":"","meta":{"footnotes":""},"_links":{"self":[{"href":"https:\/\/www.univ-oeb.dz\/LCMASMTF\/wp-json\/wp\/v2\/pages\/1121"}],"collection":[{"href":"https:\/\/www.univ-oeb.dz\/LCMASMTF\/wp-json\/wp\/v2\/pages"}],"about":[{"href":"https:\/\/www.univ-oeb.dz\/LCMASMTF\/wp-json\/wp\/v2\/types\/page"}],"author":[{"embeddable":true,"href":"https:\/\/www.univ-oeb.dz\/LCMASMTF\/wp-json\/wp\/v2\/users\/1"}],"replies":[{"embeddable":true,"href":"https:\/\/www.univ-oeb.dz\/LCMASMTF\/wp-json\/wp\/v2\/comments?post=1121"}],"version-history":[{"count":4,"href":"https:\/\/www.univ-oeb.dz\/LCMASMTF\/wp-json\/wp\/v2\/pages\/1121\/revisions"}],"predecessor-version":[{"id":1183,"href":"https:\/\/www.univ-oeb.dz\/LCMASMTF\/wp-json\/wp\/v2\/pages\/1121\/revisions\/1183"}],"wp:featuredmedia":[{"embeddable":true,"href":"https:\/\/www.univ-oeb.dz\/LCMASMTF\/wp-json\/wp\/v2\/media\/1122"}],"wp:attachment":[{"href":"https:\/\/www.univ-oeb.dz\/LCMASMTF\/wp-json\/wp\/v2\/media?parent=1121"}],"curies":[{"name":"wp","href":"https:\/\/api.w.org\/{rel}","templated":true}]}}