{"id":4357,"date":"2024-05-22T14:24:18","date_gmt":"2024-05-22T13:24:18","guid":{"rendered":"https:\/\/www.univ-oeb.dz\/FSTA\/?page_id=4357"},"modified":"2026-01-29T13:44:00","modified_gmt":"2026-01-29T12:44:00","slug":"4357-2","status":"publish","type":"page","link":"https:\/\/www.univ-oeb.dz\/FSTA\/4357-2\/","title":{"rendered":"\u0646\u0642\u0627\u0637 \u0627\u0644\u0633\u0646\u0629 \u0627\u0644\u062b\u0627\u0644\u062b\u0629 \u0644\u064a\u0633\u0627\u0646\u0633 \u062c\u064a\u0648\u0644\u0648\u062c\u064a\u0627 \u0627\u0644\u0633\u062f\u0627\u0633\u064a \u0627\u0644\u0627\u0648\u0644 2025-2026"},"content":{"rendered":"\t\t<div data-elementor-type=\"wp-page\" data-elementor-id=\"4357\" class=\"elementor elementor-4357\">\n\t\t\t\t\t\t<section class=\"elementor-section elementor-top-section elementor-element elementor-element-6079e45b elementor-section-boxed elementor-section-height-default elementor-section-height-default wpr-particle-no wpr-jarallax-no wpr-parallax-no wpr-sticky-section-no\" data-id=\"6079e45b\" data-element_type=\"section\">\n\t\t\t\t\t\t<div class=\"elementor-container elementor-column-gap-default\">\n\t\t\t\t\t<div class=\"elementor-column elementor-col-100 elementor-top-column elementor-element elementor-element-71a97728\" data-id=\"71a97728\" data-element_type=\"column\">\n\t\t\t<div class=\"elementor-widget-wrap elementor-element-populated\">\n\t\t\t\t\t\t<div class=\"elementor-element elementor-element-1289cd65 elementor-widget elementor-widget-text-editor\" data-id=\"1289cd65\" data-element_type=\"widget\" data-widget_type=\"text-editor.default\">\n\t\t\t\t<div class=\"elementor-widget-container\">\n\t\t\t\t\t\t\t<!-- wp:paragraph -->\n<p>\u0646\u0642\u0627\u0637 \u0627\u0644\u0633\u0646\u0629 \u0627\u0644\u062b\u0627\u0644\u062b\u0629<\/p>\n<!-- \/wp:paragraph --><!-- wp:table -->\n<figure class=\"wp-block-table\">\n<table>\n<tbody>\n<tr>\n<td>\u0627\u0644\u0645\u0648\u0627\u062f<\/td>\n<td><strong>\u0627\u0644\u0639\u0644\u0627\u0645\u0629<\/strong><\/td>\n<td><strong>\u0627\u0644\u0627\u062c\u0627\u0628\u0629 \u0627\u0644\u0646\u0645\u0648\u0630\u062c\u064a\u0629<\/strong><\/td>\n<\/tr>\n<tr>\n<td>G\u00e9ostatistique<\/td>\n<td><a href=\"https:\/\/www.univ-oeb.dz\/FSTA\/wp-content\/uploads\/2026\/01\/notes_examne_S5_GEOSTATISTIQUE_SECTION-1GROUPE-1.xlsx\">notes_examne_S5_GEOSTATISTIQUE_SECTION 1GROUPE 1<\/a><\/td>\n<td><a href=\"https:\/\/www.univ-oeb.dz\/FSTA\/wp-content\/uploads\/2026\/01\/Corrige-type-Examen-Geostatistique-L3S5-Dr-CHERIET-1.docx\">Corrig\u00e9 type Examen Geostatistique L3S5 Dr CHERIET<\/a><\/td>\n<\/tr>\n<tr>\n<td>G\u00e9ologie r\u00e9gionale<\/td>\n<td><a href=\"https:\/\/www.univ-oeb.dz\/FSTA\/wp-content\/uploads\/2026\/01\/L3S1.pdf\">L3S1<\/a><\/td>\n<td><a href=\"https:\/\/www.univ-oeb.dz\/FSTA\/wp-content\/uploads\/2026\/01\/Corrige-type-Geologie-Regionale-Examen-S5-2026.pdf\">Corrig\u00e9 type G\u00e9ologie R\u00e9gionale Examen S5 2026<\/a><\/td>\n<\/tr>\n<tr>\n<td>G\u00e9ophysique<\/td>\n<td><a href=\"https:\/\/www.univ-oeb.dz\/FSTA\/wp-content\/uploads\/2026\/01\/Geophysique_SECTION-10.pdf\">G\u00e9ophysique_SECTION 10<\/a><\/td>\n<td><a href=\"https:\/\/www.univ-oeb.dz\/FSTA\/wp-content\/uploads\/2026\/01\/GEOLOGIE_Corige-type-Geophysique_3L_S1_2026.pdf\">GEOLOGIE_Corig\u00e9 type G\u00e9ophysique_3L_S1_2026<\/a><\/td>\n<\/tr>\n<tr>\n<td>G\u00e9ologie historique<\/td>\n<td><a href=\"https:\/\/www.univ-oeb.dz\/FSTA\/wp-content\/uploads\/2026\/01\/Dpt_Geologie_Notes-Controle-Geologie_historique-L3.pdf\">Dpt_G\u00e9ologie_Notes Controle G\u00e9ologie_historique L3<\/a><\/td>\n<td><a href=\"https:\/\/www.univ-oeb.dz\/FSTA\/wp-content\/uploads\/2026\/01\/Dpt-Geologie_Corrige-type_Controle-Geologie-historique-L3.pdf\">Dpt G\u00e9ologie_Corrig\u00e9 type_Controle G\u00e9ologie historique L3<\/a><\/td>\n<\/tr>\n<tr>\n<td>P R M\u00e9tamorphiques<\/td>\n<td>\u00a0<\/td>\n<td>\u00a0<\/td>\n<\/tr>\n<tr>\n<td>S\u00e9dimentologie<\/td>\n<td><a href=\"https:\/\/www.univ-oeb.dz\/FSTA\/wp-content\/uploads\/2026\/01\/Sedimentologie_SECTION-1-1.pdf\">S\u00e9dimentologie_SECTION 1 (1)<\/a><\/td>\n<td><a href=\"https:\/\/www.univ-oeb.dz\/FSTA\/wp-content\/uploads\/2026\/01\/CORRIGE-TYPE-SEDIM-2025-L3.docx\">CORRIG\u00c9 TYPE SEDIM 2025 L3<\/a><\/td>\n<\/tr>\n<tr>\n<td>Anglais technique<\/td>\n<td><a href=\"https:\/\/www.univ-oeb.dz\/FSTA\/wp-content\/uploads\/2026\/01\/Exam-notes-for-third-year-geology-students.docx\">Exam notes for third year geology students<\/a><\/td>\n<td><a href=\"https:\/\/www.univ-oeb.dz\/FSTA\/wp-content\/uploads\/2026\/01\/Exam-notes-for-third-year-geology-students.docx\">Exam notes for third year geology students<\/a><\/td>\n<\/tr>\n<tr>\n<td>\u00a0<\/td>\n<td>\u00a0<\/td>\n<td>\u00a0<\/td>\n<\/tr>\n<\/tbody>\n<\/table>\n<\/figure>\n<!-- \/wp:table --><!-- wp:file {\"id\":4439,\"href\":\"https:\/\/www.univ-oeb.dz\/FSTA\/wp-content\/uploads\/2024\/05\/CORRIGE-TYPE-Examen-Petrologie-Geochimie.-S2.-21.05.2024.-3eme-Annee-Licence.-Dr-ZEDAM-Rabah-Geologie.docx\"} -->\n<div class=\"wp-block-file\"><a class=\"wp-block-file__button wp-element-button\" href=\"https:\/\/www.univ-oeb.dz\/FSTA\/wp-content\/uploads\/2024\/05\/CORRIGE-TYPE-Examen-Petrologie-Geochimie.-S2.-21.05.2024.-3eme-Annee-Licence.-Dr-ZEDAM-Rabah-Geologie.docx\" download=\"\">T\u00e9l\u00e9charger<\/a><\/div>\n<!-- \/wp:file -->\t\t\t\t\t\t<\/div>\n\t\t\t\t<\/div>\n\t\t\t\t\t<\/div>\n\t\t<\/div>\n\t\t\t\t\t<\/div>\n\t\t<\/section>\n\t\t\t\t<\/div>\n\t\t","protected":false},"excerpt":{"rendered":"<p>\u0646\u0642\u0627\u0637 \u0627\u0644\u0633\u0646\u0629 \u0627\u0644\u062b\u0627\u0644\u062b\u0629 \u0627\u0644\u0645\u0648\u0627\u062f \u0627\u0644\u0639\u0644\u0627\u0645\u0629 \u0627\u0644\u0627\u062c\u0627\u0628\u0629 \u0627\u0644\u0646\u0645\u0648\u0630\u062c\u064a\u0629 G\u00e9ostatistique notes_examne_S5_GEOSTATISTIQUE_SECTION 1GROUPE 1 Corrig\u00e9 type Examen Geostatistique L3S5 Dr CHERIET G\u00e9ologie r\u00e9gionale L3S1 Corrig\u00e9 type G\u00e9ologie R\u00e9gionale Examen S5 2026 G\u00e9ophysique G\u00e9ophysique_SECTION 10 GEOLOGIE_Corig\u00e9 type G\u00e9ophysique_3L_S1_2026 G\u00e9ologie historique Dpt_G\u00e9ologie_Notes Controle G\u00e9ologie_historique L3 Dpt G\u00e9ologie_Corrig\u00e9 type_Controle G\u00e9ologie historique L3 P R M\u00e9tamorphiques \u00a0 \u00a0 S\u00e9dimentologie S\u00e9dimentologie_SECTION 1 (1) CORRIG\u00c9 TYPE SEDIM 2025 L3 Anglais technique Exam notes for third year geology students Exam notes for third year geology students \u00a0 \u00a0 \u00a0 T\u00e9l\u00e9charger<\/p>\n","protected":false},"author":1,"featured_media":0,"parent":0,"menu_order":0,"comment_status":"closed","ping_status":"closed","template":"","meta":{"footnotes":""},"class_list":["post-4357","page","type-page","status-publish","hentry"],"_links":{"self":[{"href":"https:\/\/www.univ-oeb.dz\/FSTA\/wp-json\/wp\/v2\/pages\/4357","targetHints":{"allow":["GET"]}}],"collection":[{"href":"https:\/\/www.univ-oeb.dz\/FSTA\/wp-json\/wp\/v2\/pages"}],"about":[{"href":"https:\/\/www.univ-oeb.dz\/FSTA\/wp-json\/wp\/v2\/types\/page"}],"author":[{"embeddable":true,"href":"https:\/\/www.univ-oeb.dz\/FSTA\/wp-json\/wp\/v2\/users\/1"}],"replies":[{"embeddable":true,"href":"https:\/\/www.univ-oeb.dz\/FSTA\/wp-json\/wp\/v2\/comments?post=4357"}],"version-history":[{"count":93,"href":"https:\/\/www.univ-oeb.dz\/FSTA\/wp-json\/wp\/v2\/pages\/4357\/revisions"}],"predecessor-version":[{"id":11024,"href":"https:\/\/www.univ-oeb.dz\/FSTA\/wp-json\/wp\/v2\/pages\/4357\/revisions\/11024"}],"wp:attachment":[{"href":"https:\/\/www.univ-oeb.dz\/FSTA\/wp-json\/wp\/v2\/media?parent=4357"}],"curies":[{"name":"wp","href":"https:\/\/api.w.org\/{rel}","templated":true}]}}