{"id":7520,"date":"2023-04-29T13:47:48","date_gmt":"2023-04-29T10:47:48","guid":{"rendered":"http:\/\/www.univ-oeb.dz\/FLLE\/?page_id=7520"},"modified":"2023-06-17T22:16:52","modified_gmt":"2023-06-17T19:16:52","slug":"langue-et-litterature-arabes","status":"publish","type":"page","link":"https:\/\/www.univ-oeb.dz\/FLLE\/?page_id=7520","title":{"rendered":"Langue et Litt\u00e9rature Arabes"},"content":{"rendered":"\n<h2 class=\"has-text-align-left has-vivid-cyan-blue-color has-text-color has-medium-font-size wp-block-heading\"><strong>Licence<\/strong><\/h2>\n\n\n\n<figure class=\"wp-block-table\"><table class=\"has-fixed-layout\"><thead><tr><th class=\"has-text-align-left\" data-align=\"left\"><strong><strong>Sp\u00e9cialit\u00e9<\/strong><\/strong><\/th><th class=\"has-text-align-center\" data-align=\"center\"><strong><strong>Les offres de formation<\/strong><\/strong><\/th><\/tr><\/thead><tbody><tr><td class=\"has-text-align-left\" data-align=\"left\"><strong>Licence en litt\u00e9rature arabe<\/strong><\/td><td class=\"has-text-align-center\" data-align=\"center\"><a href=\"http:\/\/www.univ-oeb.dz\/FLLE\/?p=9888&amp;lang=fr\" data-type=\"URL\" data-id=\"http:\/\/www.univ-oeb.dz\/FLLE\/?p=9888&amp;lang=fr\" target=\"_blank\" rel=\"noreferrer noopener\"><img decoding=\"async\" width=\"48\" height=\"48\" class=\"wp-image-8656\" style=\"width: 48px;\" src=\"http:\/\/www.univ-oeb.dz\/FLLE\/wp-content\/uploads\/2023\/05\/315004_document_html_file_icon1.png\" alt=\"\"><\/a><\/td><\/tr><tr><td class=\"has-text-align-left\" data-align=\"left\"><strong>Licence en critique et m\u00e9thodes <\/strong><\/td><td class=\"has-text-align-center\" data-align=\"center\"><a href=\"http:\/\/www.univ-oeb.dz\/FLLE\/?p=9925&amp;lang=fr\" data-type=\"URL\" data-id=\"http:\/\/www.univ-oeb.dz\/FLLE\/?p=9925&amp;lang=fr\" target=\"_blank\" rel=\"noreferrer noopener\"><img decoding=\"async\" width=\"48\" height=\"48\" class=\"wp-image-8656\" style=\"width: 48px;\" src=\"http:\/\/www.univ-oeb.dz\/FLLE\/wp-content\/uploads\/2023\/05\/315004_document_html_file_icon1.png\" alt=\"\"><\/a><\/td><\/tr><tr><td class=\"has-text-align-left\" data-align=\"left\"><strong>Licence en linguistique g\u00e9n\u00e9rale <\/strong><\/td><td class=\"has-text-align-center\" data-align=\"center\"><a href=\"http:\/\/www.univ-oeb.dz\/FLLE\/?p=9907&amp;lang=fr\" data-type=\"URL\" data-id=\"http:\/\/www.univ-oeb.dz\/FLLE\/?p=9907&amp;lang=fr\" target=\"_blank\" rel=\"noreferrer noopener\"><img decoding=\"async\" width=\"48\" height=\"48\" class=\"wp-image-8656\" style=\"width: 48px;\" src=\"http:\/\/www.univ-oeb.dz\/FLLE\/wp-content\/uploads\/2023\/05\/315004_document_html_file_icon1.png\" alt=\"\"><\/a><\/td><\/tr><\/tbody><\/table><\/figure>\n\n\n\n<h2 class=\"has-text-align-left has-vivid-cyan-blue-color has-text-color has-medium-font-size wp-block-heading\">Master<\/h2>\n\n\n\n<figure class=\"wp-block-table\"><table class=\"has-fixed-layout\"><thead><tr><th class=\"has-text-align-left\" data-align=\"left\"><strong><strong>Sp\u00e9cialit\u00e9<\/strong><\/strong><\/th><th class=\"has-text-align-center\" data-align=\"center\"><strong><strong>Les offres de formation<\/strong><\/strong><\/th><\/tr><\/thead><tbody><tr><td class=\"has-text-align-left\" data-align=\"left\"><strong>Master de litt\u00e9rature arabe moderne et contemporaine<\/strong><\/td><td class=\"has-text-align-center\" data-align=\"center\"><a href=\"http:\/\/www.univ-oeb.dz\/FLLE\/?p=8361&amp;lang=fr\" data-type=\"URL\" data-id=\"http:\/\/www.univ-oeb.dz\/FLLE\/?p=8361&amp;lang=fr\" target=\"_blank\" rel=\"noreferrer noopener\"><img decoding=\"async\" width=\"48\" height=\"48\" class=\"wp-image-8656\" style=\"width: 48px;\" src=\"http:\/\/www.univ-oeb.dz\/FLLE\/wp-content\/uploads\/2023\/05\/315004_document_html_file_icon1.png\" alt=\"\"><\/a><\/td><\/tr><tr><td class=\"has-text-align-left\" data-align=\"left\"><strong>Master en litt\u00e9rature arabe ancienne<\/strong><\/td><td class=\"has-text-align-center\" data-align=\"center\"><a href=\"http:\/\/www.univ-oeb.dz\/FLLE\/?p=9874&amp;lang=fr\" data-type=\"URL\" data-id=\"http:\/\/www.univ-oeb.dz\/FLLE\/?p=9874&amp;lang=fr\" target=\"_blank\" rel=\"noreferrer noopener\"><img decoding=\"async\" width=\"48\" height=\"48\" class=\"wp-image-8656\" style=\"width: 48px;\" src=\"http:\/\/www.univ-oeb.dz\/FLLE\/wp-content\/uploads\/2023\/05\/315004_document_html_file_icon1.png\" alt=\"\"><\/a><\/td><\/tr><tr><td class=\"has-text-align-left\" data-align=\"left\"><strong>Master en linguistique arabe<\/strong><\/td><td class=\"has-text-align-center\" data-align=\"center\"><a href=\"http:\/\/www.univ-oeb.dz\/FLLE\/?p=9813&amp;lang=fr\" data-type=\"URL\" data-id=\"http:\/\/www.univ-oeb.dz\/FLLE\/?p=9813&amp;lang=fr\" target=\"_blank\" rel=\"noreferrer noopener\"><img decoding=\"async\" width=\"48\" height=\"48\" class=\"wp-image-8656\" style=\"width: 48px;\" src=\"http:\/\/www.univ-oeb.dz\/FLLE\/wp-content\/uploads\/2023\/05\/315004_document_html_file_icon1.png\" alt=\"\"><\/a><\/td><\/tr><tr><td class=\"has-text-align-left\" data-align=\"left\"><strong>Master en critique moderne et contemporaine<\/strong><\/td><td class=\"has-text-align-center\" data-align=\"center\"><a href=\"http:\/\/www.univ-oeb.dz\/FLLE\/?p=9880&amp;lang=fr\" data-type=\"URL\" data-id=\"http:\/\/www.univ-oeb.dz\/FLLE\/?p=9880&amp;lang=fr\" target=\"_blank\" rel=\"noreferrer noopener\"><img decoding=\"async\" width=\"48\" height=\"48\" class=\"wp-image-8656\" style=\"width: 48px;\" src=\"http:\/\/www.univ-oeb.dz\/FLLE\/wp-content\/uploads\/2023\/05\/315004_document_html_file_icon1.png\" alt=\"\"><\/a><\/td><\/tr><\/tbody><\/table><\/figure>\n\n\n\n<div style=\"height:500px\" aria-hidden=\"true\" class=\"wp-block-spacer\"><\/div>\n","protected":false},"excerpt":{"rendered":"<p>Licence Sp\u00e9cialit\u00e9Les offres de formationLicence en litt\u00e9rature arabeLicence en critique et m\u00e9thodes Licence en linguistique g\u00e9n\u00e9rale Master Sp\u00e9cialit\u00e9Les offres de formationMaster de litt\u00e9rature arabe moderne et contemporaineMaster en litt\u00e9rature arabe ancienneMaster en linguistique arabeMaster en critique moderne et contemporaine<\/p>\n","protected":false},"author":1,"featured_media":0,"parent":0,"menu_order":0,"comment_status":"closed","ping_status":"closed","template":"","meta":{"footnotes":""},"class_list":["post-7520","page","type-page","status-publish","hentry"],"_links":{"self":[{"href":"https:\/\/www.univ-oeb.dz\/FLLE\/index.php?rest_route=\/wp\/v2\/pages\/7520","targetHints":{"allow":["GET"]}}],"collection":[{"href":"https:\/\/www.univ-oeb.dz\/FLLE\/index.php?rest_route=\/wp\/v2\/pages"}],"about":[{"href":"https:\/\/www.univ-oeb.dz\/FLLE\/index.php?rest_route=\/wp\/v2\/types\/page"}],"author":[{"embeddable":true,"href":"https:\/\/www.univ-oeb.dz\/FLLE\/index.php?rest_route=\/wp\/v2\/users\/1"}],"replies":[{"embeddable":true,"href":"https:\/\/www.univ-oeb.dz\/FLLE\/index.php?rest_route=%2Fwp%2Fv2%2Fcomments&post=7520"}],"version-history":[{"count":24,"href":"https:\/\/www.univ-oeb.dz\/FLLE\/index.php?rest_route=\/wp\/v2\/pages\/7520\/revisions"}],"predecessor-version":[{"id":11481,"href":"https:\/\/www.univ-oeb.dz\/FLLE\/index.php?rest_route=\/wp\/v2\/pages\/7520\/revisions\/11481"}],"wp:attachment":[{"href":"https:\/\/www.univ-oeb.dz\/FLLE\/index.php?rest_route=%2Fwp%2Fv2%2Fmedia&parent=7520"}],"curies":[{"name":"wp","href":"https:\/\/api.w.org\/{rel}","templated":true}]}}