{"id":3659,"date":"2024-05-19T12:31:53","date_gmt":"2024-05-19T09:31:53","guid":{"rendered":"https:\/\/www.univ-oeb.dz\/CEIL\/?page_id=3659"},"modified":"2024-05-19T12:31:55","modified_gmt":"2024-05-19T09:31:55","slug":"objectifs-du-centre","status":"publish","type":"page","link":"https:\/\/www.univ-oeb.dz\/CEIL\/fr\/objectifs-du-centre\/","title":{"rendered":"Objectifs du centre"},"content":{"rendered":"\n<p dir=\"ltr\"><strong>1- Fournir un soutien linguistique aux \u00e9tudiants<\/strong><\/p>\n\n\n\n<p dir=\"ltr\"><strong>2- Initier les \u00e9tudiants \u00e0 la langue de sp\u00e9cialisation<\/strong><\/p>\n\n\n\n<p dir=\"ltr\"><strong>3- Am\u00e9liorer et d\u00e9velopper ses comp\u00e9tences r\u00e9dactionnelles \u00e0 des fins de recherche (recherche bibliographique, r\u00e9daction de th\u00e8se, etc.)<\/strong><\/p>\n\n\n\n<p dir=\"ltr\"><strong>4- D\u00e9finition des \u00e9trangers en arabe<\/strong><\/p>\n","protected":false},"excerpt":{"rendered":"<p>1- Fournir un soutien linguistique aux \u00e9tudiants 2- Initier les \u00e9tudiants \u00e0 la langue de sp\u00e9cialisation 3- Am\u00e9liorer et d\u00e9velopper ses comp\u00e9tences r\u00e9dactionnelles \u00e0 des fins de recherche (recherche bibliographique, r\u00e9daction de th\u00e8se, etc.) 4- D\u00e9finition des \u00e9trangers en arabe<\/p>\n","protected":false},"author":3,"featured_media":2231,"parent":0,"menu_order":0,"comment_status":"closed","ping_status":"closed","template":"","meta":{"footnotes":""},"class_list":["post-3659","page","type-page","status-publish","has-post-thumbnail","hentry"],"_links":{"self":[{"href":"https:\/\/www.univ-oeb.dz\/CEIL\/wp-json\/wp\/v2\/pages\/3659","targetHints":{"allow":["GET"]}}],"collection":[{"href":"https:\/\/www.univ-oeb.dz\/CEIL\/wp-json\/wp\/v2\/pages"}],"about":[{"href":"https:\/\/www.univ-oeb.dz\/CEIL\/wp-json\/wp\/v2\/types\/page"}],"author":[{"embeddable":true,"href":"https:\/\/www.univ-oeb.dz\/CEIL\/wp-json\/wp\/v2\/users\/3"}],"replies":[{"embeddable":true,"href":"https:\/\/www.univ-oeb.dz\/CEIL\/wp-json\/wp\/v2\/comments?post=3659"}],"version-history":[{"count":1,"href":"https:\/\/www.univ-oeb.dz\/CEIL\/wp-json\/wp\/v2\/pages\/3659\/revisions"}],"predecessor-version":[{"id":3660,"href":"https:\/\/www.univ-oeb.dz\/CEIL\/wp-json\/wp\/v2\/pages\/3659\/revisions\/3660"}],"wp:featuredmedia":[{"embeddable":true,"href":"https:\/\/www.univ-oeb.dz\/CEIL\/wp-json\/wp\/v2\/media\/2231"}],"wp:attachment":[{"href":"https:\/\/www.univ-oeb.dz\/CEIL\/wp-json\/wp\/v2\/media?parent=3659"}],"curies":[{"name":"wp","href":"https:\/\/api.w.org\/{rel}","templated":true}]}}