{"id":3656,"date":"2024-05-19T12:26:49","date_gmt":"2024-05-19T09:26:49","guid":{"rendered":"https:\/\/www.univ-oeb.dz\/CEIL\/?page_id=3656"},"modified":"2024-05-19T12:26:50","modified_gmt":"2024-05-19T09:26:50","slug":"droit-interne-du-centre","status":"publish","type":"page","link":"https:\/\/www.univ-oeb.dz\/CEIL\/fr\/droit-interne-du-centre\/","title":{"rendered":"Droit interne du centre"},"content":{"rendered":"\n<p class=\"has-vivid-cyan-blue-color has-text-color has-large-font-size\" dir=\"ltr\">R\u00e8glement interne<\/p>\n\n\n\n<p class=\"has-vivid-red-color has-text-color has-medium-font-size\" dir=\"ltr\"><strong>G\u00e9n\u00e9ralit\u00e9s<\/strong><\/p>\n\n\n\n<p dir=\"ltr\"><strong>Article 01 :<\/strong>&nbsp;Les droits d\u2019inscription ne peuvent \u00eatre ni rembours\u00e9s ni report\u00e9s quel qu\u2019en soit le motif.<\/p>\n\n\n\n<p dir=\"ltr\"><strong>Article 02 :<\/strong>&nbsp;Tout changement d\u2019horaire, de groupe ou de niveau doit avoir l\u2019aval de l\u2019administration du CEIL.<\/p>\n\n\n\n<p dir=\"ltr\"><strong>Article 03 :<\/strong>&nbsp;L\u2019administration du CEIL se r\u00e9serve le droit, en fonction de la demande de changement de groupe, de la disponibilit\u00e9 des contraintes des locaux et des enseignants, afin d\u2019attribuer \u00e0 l\u2019apprenant un horaire autre que celui qu\u2019il aura choisi.<\/p>\n\n\n\n<p dir=\"ltr\"><strong>Article 04 :<\/strong>&nbsp;L\u2019apprenant peut choisir de s\u2019inscrire pour l\u2019apprentissage de deux langues.<\/p>\n\n\n\n<p dir=\"ltr\"><strong>Article 05 :<\/strong>&nbsp;Les apprenants doivent consulter les affiches et le site web du Centre afin de s\u2019informer sur les dates des examens et sur l\u2019actualit\u00e9 du CEIL en g\u00e9n\u00e9ral.<\/p>\n\n\n\n<p class=\"has-vivid-red-color has-text-color has-medium-font-size\" dir=\"ltr\"><strong>Discipline et assiduit\u00e9<\/strong><\/p>\n\n\n\n<p dir=\"ltr\"><strong>Article 01 :<\/strong>&nbsp;Les apprenants ayant totalis\u00e9s trois absences successives sans motif valable n\u2019auront pas le droit de passer l\u2019examen.<\/p>\n\n\n\n<p dir=\"ltr\"><strong>Article 02 :<\/strong>&nbsp;Les apprenants ayant rempli les conditions d\u2019admission au CEIL se verront remettre une carte de filiation au CEIL.<\/p>\n\n\n\n<p dir=\"ltr\"><strong>Article 03 :<\/strong>&nbsp;L\u2019administration du CEIL se r\u00e9serve le droit de v\u00e9rifier l\u2019identit\u00e9 des apprenants \u00e0 n\u2019importe quel moment et \u00e0 n\u2019importe quel endroit du centre.<\/p>\n\n\n\n<p dir=\"ltr\"><strong>Article 04 :<\/strong>&nbsp;L\u2019administration du CEIL accorde une grande importance au comportement des apprenants \u00e0 l\u2019int\u00e9rieur du centre. Tout acte d\u2019indiscipline, ou de comportement jug\u00e9 incorrect vis-\u00e0-vis d\u2019autrui est susceptible de subir des mesures disciplinaires \u00e0 son encontre conform\u00e9ment aux r\u00e8glements en vigueur.<\/p>\n\n\n\n<p dir=\"ltr\"><strong>Article 05 :<\/strong>&nbsp;Le renvoi pour indiscipline ne donne droit \u00e0 aucun remboursement des droits d\u2019inscription.<\/p>\n\n\n\n<p dir=\"ltr\"><strong>Article 06 :<\/strong>&nbsp;L\u2019administration du CEIL rappelle aux apprenants qu\u2019il est interdit de fumer dans les locaux du centre, de manger et d\u2019utiliser les t\u00e9l\u00e9phones portables pendant les s\u00e9ances de cours.<\/p>\n\n\n\n<p dir=\"ltr\"><strong>Article 07 :<\/strong>&nbsp;Une attestation de maitrise de niveau reconnue est d\u00e9livr\u00e9e aux apprenants ayant r\u00e9ussi les deux sessions de formation.<\/p>\n","protected":false},"excerpt":{"rendered":"<p>R\u00e8glement interne G\u00e9n\u00e9ralit\u00e9s Article 01 :&nbsp;Les droits d\u2019inscription ne peuvent \u00eatre ni rembours\u00e9s ni report\u00e9s quel qu\u2019en soit le motif. Article 02 :&nbsp;Tout changement d\u2019horaire, de groupe ou de niveau doit avoir l\u2019aval de l\u2019administration du CEIL. Article 03 :&nbsp;L\u2019administration du CEIL se r\u00e9serve le droit, en fonction de la demande de changement de groupe, de la disponibilit\u00e9 des contraintes des locaux et des enseignants, afin d\u2019attribuer \u00e0 l\u2019apprenant un horaire autre que celui qu\u2019il aura choisi. Article 04 :&nbsp;L\u2019apprenant peut choisir de s\u2019inscrire pour l\u2019apprentissage de deux langues. Article 05 :&nbsp;Les apprenants doivent consulter les affiches et le site web du Centre afin de s\u2019informer sur les dates des examens et sur l\u2019actualit\u00e9 du CEIL en g\u00e9n\u00e9ral. Discipline et assiduit\u00e9 Article 01 :&nbsp;Les apprenants ayant totalis\u00e9s trois absences successives sans motif valable n\u2019auront pas le droit de passer l\u2019examen. Article 02 :&nbsp;Les apprenants ayant rempli les conditions d\u2019admission au CEIL se verront remettre une carte de filiation au CEIL. Article 03 :&nbsp;L\u2019administration du CEIL se r\u00e9serve le droit de v\u00e9rifier l\u2019identit\u00e9 des apprenants \u00e0 n\u2019importe quel moment et \u00e0 n\u2019importe quel endroit du centre. Article 04 :&nbsp;L\u2019administration du CEIL accorde une grande importance au comportement des apprenants \u00e0 l\u2019int\u00e9rieur du centre. Tout acte d\u2019indiscipline, ou de comportement jug\u00e9 incorrect vis-\u00e0-vis d\u2019autrui est susceptible de subir des mesures disciplinaires \u00e0 son encontre conform\u00e9ment aux r\u00e8glements en vigueur. Article 05 :&nbsp;Le renvoi pour indiscipline ne donne droit \u00e0 aucun remboursement des droits d\u2019inscription. Article 06 :&nbsp;L\u2019administration du CEIL rappelle aux apprenants qu\u2019il est interdit de fumer dans les locaux du centre, de manger et d\u2019utiliser les t\u00e9l\u00e9phones portables pendant les s\u00e9ances de cours. Article 07 :&nbsp;Une attestation de maitrise de niveau reconnue est d\u00e9livr\u00e9e aux apprenants ayant r\u00e9ussi les deux sessions de formation.<\/p>\n","protected":false},"author":3,"featured_media":0,"parent":0,"menu_order":0,"comment_status":"closed","ping_status":"closed","template":"","meta":{"footnotes":""},"class_list":["post-3656","page","type-page","status-publish","hentry"],"_links":{"self":[{"href":"https:\/\/www.univ-oeb.dz\/CEIL\/wp-json\/wp\/v2\/pages\/3656","targetHints":{"allow":["GET"]}}],"collection":[{"href":"https:\/\/www.univ-oeb.dz\/CEIL\/wp-json\/wp\/v2\/pages"}],"about":[{"href":"https:\/\/www.univ-oeb.dz\/CEIL\/wp-json\/wp\/v2\/types\/page"}],"author":[{"embeddable":true,"href":"https:\/\/www.univ-oeb.dz\/CEIL\/wp-json\/wp\/v2\/users\/3"}],"replies":[{"embeddable":true,"href":"https:\/\/www.univ-oeb.dz\/CEIL\/wp-json\/wp\/v2\/comments?post=3656"}],"version-history":[{"count":1,"href":"https:\/\/www.univ-oeb.dz\/CEIL\/wp-json\/wp\/v2\/pages\/3656\/revisions"}],"predecessor-version":[{"id":3657,"href":"https:\/\/www.univ-oeb.dz\/CEIL\/wp-json\/wp\/v2\/pages\/3656\/revisions\/3657"}],"wp:attachment":[{"href":"https:\/\/www.univ-oeb.dz\/CEIL\/wp-json\/wp\/v2\/media?parent=3656"}],"curies":[{"name":"wp","href":"https:\/\/api.w.org\/{rel}","templated":true}]}}