{"id":7741,"date":"2023-09-18T10:39:13","date_gmt":"2023-09-18T09:39:13","guid":{"rendered":"http:\/\/www.univ-oeb.dz\/Bibliotheque\/?page_id=7741"},"modified":"2023-09-18T10:41:41","modified_gmt":"2023-09-18T09:41:41","slug":"le-service-dacquisition","status":"publish","type":"page","link":"https:\/\/www.univ-oeb.dz\/Bibliotheque\/fr\/le-service-dacquisition\/","title":{"rendered":"Le service d&#8217;acquisition"},"content":{"rendered":"\t\t<div data-elementor-type=\"wp-page\" data-elementor-id=\"7741\" class=\"elementor elementor-7741\">\n\t\t\t\t\t\t<section class=\"elementor-section elementor-top-section elementor-element elementor-element-2526661 elementor-section-boxed elementor-section-height-default elementor-section-height-default wpr-particle-no wpr-jarallax-no wpr-parallax-no wpr-sticky-section-no\" data-id=\"2526661\" data-element_type=\"section\">\n\t\t\t\t\t\t<div class=\"elementor-container elementor-column-gap-default\">\n\t\t\t\t\t<div class=\"elementor-column elementor-col-100 elementor-top-column elementor-element elementor-element-b5c66e5\" data-id=\"b5c66e5\" data-element_type=\"column\">\n\t\t\t<div class=\"elementor-widget-wrap elementor-element-populated\">\n\t\t\t\t\t\t<div class=\"elementor-element elementor-element-fe08bf9 elementor-widget elementor-widget-text-editor\" data-id=\"fe08bf9\" data-element_type=\"widget\" data-widget_type=\"text-editor.default\">\n\t\t\t\t<div class=\"elementor-widget-container\">\n\t\t\t<style>\/*! elementor - v3.21.0 - 26-05-2024 *\/\n.elementor-widget-text-editor.elementor-drop-cap-view-stacked .elementor-drop-cap{background-color:#69727d;color:#fff}.elementor-widget-text-editor.elementor-drop-cap-view-framed .elementor-drop-cap{color:#69727d;border:3px solid;background-color:transparent}.elementor-widget-text-editor:not(.elementor-drop-cap-view-default) .elementor-drop-cap{margin-top:8px}.elementor-widget-text-editor:not(.elementor-drop-cap-view-default) .elementor-drop-cap-letter{width:1em;height:1em}.elementor-widget-text-editor .elementor-drop-cap{float:left;text-align:center;line-height:1;font-size:50px}.elementor-widget-text-editor .elementor-drop-cap-letter{display:inline-block}<\/style>\t\t\t\t<p><span style=\"font-size: 14pt;\">\u00a0 Le service d&#8217;acquisition est charg\u00e9 du processus d&#8217;acquisition, de la s\u00e9lection initiale des livres \u00e0 leur r\u00e9ception et \u00e0 leur catalogage. Dans ce contexte, le r\u00f4le de ce service consiste \u00e0 suivre les tendances de la production litt\u00e9raire et \u00e9ditoriale en examinant en permanence les nouvelles publications propos\u00e9es par les \u00e9diteurs, qui serviront les sp\u00e9cialit\u00e9s actuelles et futures de l&#8217;universit\u00e9. Il \u00e9labore des listes de livres \u00e0 acqu\u00e9rir chaque ann\u00e9e par le biais d&#8217;un comit\u00e9 de s\u00e9lection, examine les demandes des lecteurs et g\u00e8re de mani\u00e8re syst\u00e9matique l&#8217;enregistrement et le catalogage des acquisitions nouvelles.<\/span><\/p>\t\t\t\t\t\t<\/div>\n\t\t\t\t<\/div>\n\t\t\t\t\t<\/div>\n\t\t<\/div>\n\t\t\t\t\t<\/div>\n\t\t<\/section>\n\t\t\t\t<section class=\"elementor-section elementor-top-section elementor-element elementor-element-95026a7 elementor-section-boxed elementor-section-height-default elementor-section-height-default wpr-particle-no wpr-jarallax-no wpr-parallax-no wpr-sticky-section-no\" data-id=\"95026a7\" data-element_type=\"section\">\n\t\t\t\t\t\t<div class=\"elementor-container elementor-column-gap-default\">\n\t\t\t\t\t<div class=\"elementor-column elementor-col-100 elementor-top-column elementor-element elementor-element-73092bf\" data-id=\"73092bf\" data-element_type=\"column\">\n\t\t\t<div class=\"elementor-widget-wrap elementor-element-populated\">\n\t\t\t\t\t\t<div class=\"elementor-element elementor-element-6cad7c7 elementor-widget elementor-widget-text-editor\" data-id=\"6cad7c7\" data-element_type=\"widget\" data-widget_type=\"text-editor.default\">\n\t\t\t\t<div class=\"elementor-widget-container\">\n\t\t\t\t\t\t\t<p>Par cons\u00e9quent, ce service est responsable de :<\/p><ol><li><p>\u00c9tablir les crit\u00e8res de s\u00e9lection et d&#8217;acquisition en fonction de conditions sp\u00e9cifiques, tout en respectant le budget de la biblioth\u00e8que. La politique d&#8217;acquisition doit \u00eatre clairement d\u00e9finie et document\u00e9e.<\/p><\/li><li><p>Inventorier et \u00e9tiqueter toutes les acquisitions de la biblioth\u00e8que (livres, revues, encyclop\u00e9dies, etc.) avec un sceau d&#8217;inventaire officiel de la biblioth\u00e8que centrale.<\/p><\/li><li><p>\u00c9laborer des listes de titres de livres \u00e0 acqu\u00e9rir.<\/p><\/li><li><p>Recevoir les documents acquis et les surveiller conform\u00e9ment aux sp\u00e9cifications du cahier des charges ou aux conditions de l&#8217;appel d&#8217;offres.<\/p><\/li><li><p>Attribuer des num\u00e9ros d&#8217;inventaire aux livres en fonction de la facture et de la date d&#8217;acquisition.<\/p><\/li><li><p>Recevoir les dons de livres.<\/p><\/li><li><p>Restaurer et relier les livres endommag\u00e9s, en particulier ceux qui sont rares.<\/p><\/li><\/ol>\t\t\t\t\t\t<\/div>\n\t\t\t\t<\/div>\n\t\t\t\t\t<\/div>\n\t\t<\/div>\n\t\t\t\t\t<\/div>\n\t\t<\/section>\n\t\t\t\t<\/div>\n\t\t","protected":false},"excerpt":{"rendered":"<p>&nbsp; Le service d&#8217;acquisition est charg\u00e9 du processus d&#8217;acquisition, de la s\u00e9lection initiale des livres \u00e0 leur r\u00e9ception et \u00e0 leur catalogage. Dans ce contexte, le r\u00f4le de ce service consiste \u00e0 suivre les tendances de la production litt\u00e9raire et \u00e9ditoriale en examinant en permanence les nouvelles publications propos\u00e9es par les \u00e9diteurs, qui serviront les sp\u00e9cialit\u00e9s actuelles et futures de l&#8217;universit\u00e9. Il \u00e9labore des listes de livres \u00e0 acqu\u00e9rir chaque ann\u00e9e par le biais d&#8217;un comit\u00e9 de s\u00e9lection, examine les demandes des lecteurs et g\u00e8re de mani\u00e8re syst\u00e9matique l&#8217;enregistrement et le catalogage des acquisitions nouvelles. Par cons\u00e9quent, ce service est responsable de : \u00c9tablir les crit\u00e8res de s\u00e9lection et d&#8217;acquisition en fonction de conditions sp\u00e9cifiques, tout en respectant le budget de la biblioth\u00e8que. La politique d&#8217;acquisition doit \u00eatre clairement d\u00e9finie et document\u00e9e. Inventorier et \u00e9tiqueter toutes les acquisitions de la biblioth\u00e8que (livres, revues, encyclop\u00e9dies, etc.) avec un sceau d&#8217;inventaire officiel de la biblioth\u00e8que centrale. \u00c9laborer des listes de titres de livres \u00e0 acqu\u00e9rir. Recevoir les documents acquis et les surveiller conform\u00e9ment aux sp\u00e9cifications du cahier des charges ou aux conditions de l&#8217;appel d&#8217;offres. Attribuer des num\u00e9ros d&#8217;inventaire aux livres en fonction de la facture et de la date d&#8217;acquisition. Recevoir les dons de livres. Restaurer et relier les livres endommag\u00e9s, en particulier ceux qui sont rares.<\/p>\n","protected":false},"author":1,"featured_media":0,"parent":0,"menu_order":0,"comment_status":"closed","ping_status":"closed","template":"","meta":{"footnotes":""},"_links":{"self":[{"href":"https:\/\/www.univ-oeb.dz\/Bibliotheque\/wp-json\/wp\/v2\/pages\/7741"}],"collection":[{"href":"https:\/\/www.univ-oeb.dz\/Bibliotheque\/wp-json\/wp\/v2\/pages"}],"about":[{"href":"https:\/\/www.univ-oeb.dz\/Bibliotheque\/wp-json\/wp\/v2\/types\/page"}],"author":[{"embeddable":true,"href":"https:\/\/www.univ-oeb.dz\/Bibliotheque\/wp-json\/wp\/v2\/users\/1"}],"replies":[{"embeddable":true,"href":"https:\/\/www.univ-oeb.dz\/Bibliotheque\/wp-json\/wp\/v2\/comments?post=7741"}],"version-history":[{"count":5,"href":"https:\/\/www.univ-oeb.dz\/Bibliotheque\/wp-json\/wp\/v2\/pages\/7741\/revisions"}],"predecessor-version":[{"id":7746,"href":"https:\/\/www.univ-oeb.dz\/Bibliotheque\/wp-json\/wp\/v2\/pages\/7741\/revisions\/7746"}],"wp:attachment":[{"href":"https:\/\/www.univ-oeb.dz\/Bibliotheque\/wp-json\/wp\/v2\/media?parent=7741"}],"curies":[{"name":"wp","href":"https:\/\/api.w.org\/{rel}","templated":true}]}}